000
CXHW50 PHFO 291250
CF6JRF
PRELIMINARY LOCAL CLIMATOLOGICAL DATA (WS FORM: F-6)

                                          STATION:   KALAELOA ARPT/OAHU HI
                                          MONTH:     SEPTEMBER
                                          YEAR:      2016
                                          LATITUDE:   21 19 N
                                          LONGITUDE: 158  4 W

  TEMPERATURE IN F:       :PCPN:    SNOW:  WIND      :SUNSHINE: SKY     :PK WND
================================================================================
1   2   3   4   5  6A  6B    7    8   9   10  11  12  13   14  15   16   17  18
                                     12Z  AVG MX 2MIN
DY MAX MIN AVG DEP HDD CDD  WTR  SNW DPTH SPD SPD DIR MIN PSBL S-S WX    SPD DR
================================================================================

 1  91  79  85   5   0  20    T  0.0    0 10.3 20  80   M    M   3        32  80
 2  89  76  83   3   0  18    T  0.0    0  8.8 18  50   M    M   3        29  50
 3  89  75  82   2   0  17    T  0.0    0  6.2 13  40   M    M   6        22  30
 4  90  75  83   3   0  18    T  0.0    0  6.4 13 150   M    M   3        18 130
 5  91  74  83   3   0  18 0.00  0.0    0  7.3 16  50   M    M   2        23  60
 6  90  73  82   2   0  17    T  0.0    0  6.6 14  60   M    M   3        21  80
 7  89  73  81   1   0  16    T  0.0    0  7.9 15  70   M    M   4        24  50
 8  90  74  82   2   0  17    T  0.0    0  7.5 15  60   M    M   2        25  60
 9  91  75  83   3   0  18 0.00  0.0    0  7.5 14  70   M    M   3        23  50
10  88  73  81   1   0  16    T  0.0    0  7.4 15  50   M    M   3        24  50
11  93  72  83   3   0  18 0.00  0.0    0  6.5 13  30   M    M   5        21  30
12  89  76  83   3   0  18 0.23  0.0    0  4.9 15  40   M    M   4 1      21  40
13  89  74  82   2   0  17 0.57  0.0    0  6.5 13  50   M    M   6 1      21  30
14  84  74  79  -1   0  14 0.73  0.0    0  5.5 12 140   M    M   7 1      17  70
15  90  74  82   2   0  17 0.00  0.0    0  6.8 15  60   M    M   1        24 100
16  90  76  83   3   0  18    T  0.0    0  8.1 16  80   M    M   3        25  60
17  89  78  84   4   0  19    T  0.0    0  7.3 15  60   M    M   2        23  50
18  91  75  83   3   0  18 0.00  0.0    0  7.7 15  30   M    M   2        24  80
19  87  73  80   0   0  15 0.00  0.0    0  5.4 13  60   M    M   5        21  60
20  88  73  81   1   0  16    T  0.0    0  7.1 17  40   M    M   6        24  40
21  89  72  81   1   0  16 0.00  0.0    M  7.5 15  60   M    M   3        22  70
22  90  73  82   2   0  17    T  0.0    0  6.7 14  30   M    M   2        21  70
23  91  72  82   2   0  17 0.00  0.0    0  5.8 14  70   M    M   2        22  80
24  85  75  80   0   0  15 0.00  0.0    0  5.0  7  50   M    M   0         M  M
25  90  72  81   1   0  16    T  0.0    0  6.6 15  40   M    M   2        23  60
26  89  72  81   1   0  16    T  0.0    0  7.6 17  60   M    M   3        26  30
27  89  68  79  -1   0  14 0.00  0.0    0  6.7 16  50   M    M   2        23  50
28  89  72  81   1   0  16    T  0.0    0  6.4 13  60   M    M   2        20  50
================================================================================
SM 2500 2068         0 472  1.53     0.0 194.0          M       89
================================================================================
AV 89.3 73.9                               6.9 FASTST   M    M   3    MAX(MPH)
                                 MISC ---->  # 20  80               # 32   80
================================================================================
NOTES:
# LAST OF SEVERAL OCCURRENCES

COLUMN 17 PEAK WIND IN M.P.H.

PRELIMINARY LOCAL CLIMATOLOGICAL DATA (WS FORM: F-6) , PAGE 2

                                          STATION:  KALAELOA ARPT/OAHU HI
                                          MONTH:    SEPTEMBER
                                          YEAR:     2016
                                          LATITUDE:   21 19 N
                                          LONGITUDE: 158  4 W

[TEMPERATURE DATA]      [PRECIPITATION DATA]       SYMBOLS USED IN COLUMN 16

AVERAGE MONTHLY: 81.6   TOTAL FOR MONTH:   1.53    1 = FOG OR MIST
DPTR FM NORMAL:   1.6   DPTR FM NORMAL:    0.77    2 = FOG REDUCING VISIBILITY
HIGHEST:    93 ON 11    GRTST 24HR  1.27 ON 13-14      TO 1/4 MILE OR LESS
LOWEST:     68 ON 27                               3 = THUNDER
                        SNOW, ICE PELLETS, HAIL    4 = ICE PELLETS
                        TOTAL MONTH:   0.0 INCH    5 = HAIL
                        GRTST 24HR     0.0         6 = FREEZING RAIN OR DRIZZLE
                        GRTST DEPTH:   0           7 = DUSTSTORM OR SANDSTORM:
                                                       VSBY 1/2 MILE OR LESS
                                                   8 = SMOKE OR HAZE
[NO. OF DAYS WITH]      [WEATHER - DAYS WITH]      9 = BLOWING SNOW
                                                   X = TORNADO
MAX 32 OR BELOW:   0    0.01 INCH OR MORE:   3
MAX 90 OR ABOVE:  13    0.10 INCH OR MORE:   3
MIN 32 OR BELOW:   0    0.50 INCH OR MORE:   2
MIN  0 OR BELOW:   0    1.00 INCH OR MORE:   0

[HDD (BASE 65) ]
TOTAL THIS MO.     0    CLEAR  (SCALE 0-3)  18
DPTR FM NORMAL     0    PTCLDY (SCALE 4-7)  10
TOTAL FM JUL 1     0    CLOUDY (SCALE 8-10)  0
DPTR FM NORMAL     0

[CDD (BASE 65) ]
TOTAL THIS MO.   472
DPTR FM NORMAL    51    [PRESSURE DATA]
TOTAL FM JAN 1  3498    HIGHEST SLP M ON M
DPTR FM NORMAL   325    LOWEST  SLP 29.91 ON M

[REMARKS]
