000
CXUS54 KFWD 260730
CF6JWY
PRELIMINARY LOCAL CLIMATOLOGICAL DATA (WS FORM: F-6)

                                          STATION:   WAXAHACHIE
                                          MONTH:     SEPTEMBER
                                          YEAR:      2016
                                          LATITUDE:   32 27 N
                                          LONGITUDE:  96 54 W

  TEMPERATURE IN F:       :PCPN:    SNOW:  WIND      :SUNSHINE: SKY     :PK WND
================================================================================
1   2   3   4   5  6A  6B    7    8   9   10  11  12  13   14  15   16   17  18
                                     12Z  AVG MX 2MIN
DY MAX MIN AVG DEP HDD CDD  WTR  SNW DPTH SPD SPD DIR MIN PSBL S-S WX    SPD DR
================================================================================

 1  91  71  81   0   0  16 0.00  0.0    0  4.7 17  60   M    M   3        24  60
 2  88  70  79  -2   0  14 0.00  0.0    0  3.6  8  50   M    M   6 1       M  M
 3  88  67  78  -3   0  13 0.00  0.0    0  2.5  7  90   M    M   2         M  M
 4  91  67  79  -2   0  14 0.00  0.0    0  4.4  9 160   M    M   2         M  M
 5  93  73  83   3   0  18 0.00  0.0    0  8.5 14 170   M    M   4 1      18 170
 6  92  73  83   3   0  18 0.00  0.0    0  7.3 13 160   M    M   6 1      18 170
 7  94  74  84   4   0  19 0.00  0.0    0  8.3 16 190   M    M   4 1      21 190
 8  94  75  85   6   0  20 0.00  0.0    0  9.3 14 160   M    M   1 1      22 160
 9  93  73  83   4   0  18 0.00  0.0    0  9.7 15 190   M    M   1 1      21 170
10  85  68  77  -2   0  12 0.07  0.0    0  9.6 21 360   M    M   3        33 360
11  88  60  74  -4   0   9 0.00  0.0    0  2.2  6 280   M    M   0         M  M
12  91  63  77  -1   0  12 0.00  0.0    0  3.4  8 150   M    M   1 1       M  M
13  92  70  81   3   0  16 0.00  0.0    0  3.3  9 180   M    M   2 1       M  M
14  93  71  82   5   0  17 0.00  0.0    0  2.0  9  60   M    M   2         M  M
15  93  69  81   4   0  16 0.00  0.0    0  2.0  5 130   M    M   1 1       M  M
16  95  70  83   6   0  18 0.00  0.0    0  2.3  9  90   M    M   2        16  90
17  95  72  84   8   0  19 0.00  0.0    0  2.5  8 310   M    M   0         M  M
18  96  73  85   9   0  20 0.00  0.0    0  4.5 15 340   M    M   2        18 340
19  99  73  86  10   0  21 0.00  0.0    0  3.8 10 220   M    M   1         M  M
20  98  72  85  10   0  20 0.00  0.0    0  2.3  8  90   M    M   1         M  M
21  94  69  82   7   0  17 0.00  0.0    0  2.6  8 140   M    M   0 1       M  M
22  93  64  79   5   0  14 0.00  0.0    0  2.4  9 180   M    M   1 1       M  M
23  94  71  83   9   0  18 0.00  0.0    0  6.6 13 180   M    M   4        18 160
24  89  73  81   7   0  16 1.14  0.0    0  5.7 10 130   M    M   6 1      16 220
25  78  72  75   2   0  10 0.49  0.0    0  3.7 10 360   M    M   8 13      M  M
================================================================================
SM 2297 1753         0 405  1.70     0.0 117.2          M       63
================================================================================
AV 91.9 70.1                               4.7 FASTST   M    M   3    MAX(MPH)
                                 MISC ---->    21   M                 33    M
================================================================================
NOTES:
# LAST OF SEVERAL OCCURRENCES

COLUMN 17 PEAK WIND IN M.P.H.

PRELIMINARY LOCAL CLIMATOLOGICAL DATA (WS FORM: F-6) , PAGE 2

                                          STATION:  WAXAHACHIE
                                          MONTH:    SEPTEMBER
                                          YEAR:     2016
                                          LATITUDE:   32 27 N
                                          LONGITUDE:  96 54 W

[TEMPERATURE DATA]      [PRECIPITATION DATA]       SYMBOLS USED IN COLUMN 16

AVERAGE MONTHLY: 81.0   TOTAL FOR MONTH:   1.70    1 = FOG OR MIST
DPTR FM NORMAL:   3.4   DPTR FM NORMAL:   -0.90    2 = FOG REDUCING VISIBILITY
HIGHEST:    99 ON 19    GRTST 24HR  1.14 ON 24-24      TO 1/4 MILE OR LESS
LOWEST:     60 ON 11                               3 = THUNDER
                        SNOW, ICE PELLETS, HAIL    4 = ICE PELLETS
                        TOTAL MONTH:   0.0 INCH    5 = HAIL
                        GRTST 24HR     0.0         6 = FREEZING RAIN OR DRIZZLE
                        GRTST DEPTH:   0           7 = DUSTSTORM OR SANDSTORM:
                                                       VSBY 1/2 MILE OR LESS
                                                   8 = SMOKE OR HAZE
[NO. OF DAYS WITH]      [WEATHER - DAYS WITH]      9 = BLOWING SNOW
                                                   X = TORNADO
MAX 32 OR BELOW:   0    0.01 INCH OR MORE:   3
MAX 90 OR ABOVE:  19    0.10 INCH OR MORE:   2
MIN 32 OR BELOW:   0    0.50 INCH OR MORE:   1
MIN  0 OR BELOW:   0    1.00 INCH OR MORE:   1

[HDD (BASE 65) ]
TOTAL THIS MO.     0    CLEAR  (SCALE 0-3)  17
DPTR FM NORMAL    -1    PTCLDY (SCALE 4-7)   8
TOTAL FM JUL 1     0    CLOUDY (SCALE 8-10)  0
DPTR FM NORMAL    -1

[CDD (BASE 65) ]
TOTAL THIS MO.   405
DPTR FM NORMAL    89    [PRESSURE DATA]
TOTAL FM JAN 1  2381    HIGHEST SLP M ON M
DPTR FM NORMAL   128    LOWEST  SLP M ON M

[REMARKS]
