000
CXUS53 KGRR 291017
CF6JXN
PRELIMINARY LOCAL CLIMATOLOGICAL DATA (WS FORM: F-6)

                                          STATION:   JACKSON MI
                                          MONTH:     MARCH
                                          YEAR:      2015
                                          LATITUDE:   42 16 N
                                          LONGITUDE:  84 28 W

  TEMPERATURE IN F:       :PCPN:    SNOW:  WIND      :SUNSHINE: SKY     :PK WND
================================================================================
1   2   3   4   5  6A  6B    7    8   9   10  11  12  13   14  15   16   17  18
                                     12Z  AVG MX 2MIN
DY MAX MIN AVG DEP HDD CDD  WTR  SNW DPTH SPD SPD DIR MIN PSBL S-S WX    SPD DR
================================================================================

 1  24  13  19 -11  46   0    T    M    M  4.5 15 260   M    M   8 18     18 250
 2  30  13  22  -8  43   0    T    M    M  8.5 17 250   M    M   3 18     21 230
 3  35  20  28  -3  37   0 0.10    M    M 13.4 25 270   M    M  10 1268   37 290
 4  32  13  23  -8  42   0 0.00    M    M 12.9 23 320   M    M   6 8      30 290
 5  17   1   9 -22  56   0 0.00    M    M  5.6 17 290   M    M   0        21 330
 6  23  -3  10 -22  55   0 0.00    M    M 11.1 21 210   M    M   2 18     28 220
 7  42  18  30  -2  35   0 0.00    M    M 11.5 21 250   M    M   2        29 250
 8  40  28  34   2  31   0 0.00    M    M  9.0 15 220   M    M   3 18     19 230
 9  46  22  34   1  31   0 0.00    M    M  6.6 14 240   M    M   0 18     18 240
10  45  28  37   4  28   0 0.00    M    M  7.6 15 230   M    M   6 18     18 220
11  51  31  41   7  24   0 0.00    M    M  5.5 20 260   M    M   0 128    25 250
12  44  27  36   2  29   0 0.00    M    M  8.3 17 130   M    M   0        21 130
13  59  30  45  11  20   0 0.00    M    M  6.5 10 170   M    M   1 12     15 120
14  49  36  43   8  22   0 0.00    M    M 12.1 24 290   M    M   8 128    32 300
15  54  29  42   7  23   0 0.00    M    M  8.3 18 330   M    M   1        25 330
16  69  44  57  21   8   0 0.00    M    M  9.9 17 210   M    M   0 8      22 220
17  55  26  41   5  24   0 0.00    M    M 13.6 25 350   M    M   3        36 360
18  48  22  35  -1  30   0 0.00    M    M  8.7 22 280   M    M   0        26 330
19  40  26  33  -4  32   0 0.00    M    M  6.4 15 120   M    M   3        18 130
20  51  31  41   4  24   0 0.00    M    M  6.4 17 220   M    M   8        21 220
21  51  28  40   2  25   0 0.00    M    M 11.4 22 310   M    M   6 18     29 330
22  37  21  29  -9  36   0 0.00    M    M  6.6 13  40   M    M   3        18 330
23  32  20  26 -12  39   0 0.00    M    M  7.0 14  60   M    M   6        18  60
24  43  14  29 -10  36   0 0.00    M    M  8.1 15 120   M    M   0        22 130
25  49  27  38  -1  27   0 0.22    M    M 13.7 25 260   M    M   8 18     34 250
26  42  30  36  -4  29   0    T    M    M 10.3 21 290   M    M  10        26 290
27  30  16  23 -17  42   0    T    M    M 11.4 18 350   M    M   7        26 340
28  36  11  24 -16  41   0 0.00    M    M  4.4 14 320   M    M   0        19 320
================================================================================
SM 1174  622       915   0  0.32    M    249.3          M      104
================================================================================
AV 41.9 22.2                               8.9 FASTST   M    M   4    MAX(MPH)
                                 MISC ---->  # 25 270               # 37  290
================================================================================
NOTES:
# LAST OF SEVERAL OCCURRENCES

COLUMN 17 PEAK WIND IN M.P.H.

PRELIMINARY LOCAL CLIMATOLOGICAL DATA (WS FORM: F-6) , PAGE 2

                                          STATION:  JACKSON MI
                                          MONTH:    MARCH
                                          YEAR:     2015
                                          LATITUDE:   42 16 N
                                          LONGITUDE:  84 28 W

[TEMPERATURE DATA]      [PRECIPITATION DATA]       SYMBOLS USED IN COLUMN 16

AVERAGE MONTHLY: 32.1   TOTAL FOR MONTH:   0.32    1 = FOG OR MIST
DPTR FM NORMAL:  -3.0   DPTR FM NORMAL:   -1.36    2 = FOG REDUCING VISIBILITY
HIGHEST:    69 ON 16    GRTST 24HR  0.22 ON 25-25      TO 1/4 MILE OR LESS
LOWEST:     -3 ON  6                               3 = THUNDER
                        SNOW, ICE PELLETS, HAIL    4 = ICE PELLETS
                        TOTAL MONTH:    M          5 = HAIL
                        GRTST 24HR    M  ON   M    6 = FREEZING RAIN OR DRIZZLE
                        GRTST DEPTH:  M  ON   M    7 = DUSTSTORM OR SANDSTORM:
                                                       VSBY 1/2 MILE OR LESS
                                                   8 = SMOKE OR HAZE
[NO. OF DAYS WITH]      [WEATHER - DAYS WITH]      9 = BLOWING SNOW
                                                   X = TORNADO
MAX 32 OR BELOW:   7    0.01 INCH OR MORE:   2
MAX 90 OR ABOVE:   0    0.10 INCH OR MORE:   2
MIN 32 OR BELOW:  26    0.50 INCH OR MORE:   0
MIN  0 OR BELOW:   1    1.00 INCH OR MORE:   0

[HDD (BASE 65) ]
TOTAL THIS MO.   915    CLEAR  (SCALE 0-3)  16
DPTR FM NORMAL    76    PTCLDY (SCALE 4-7)   9
TOTAL FM JUL 1  6419    CLOUDY (SCALE 8-10)  3
DPTR FM NORMAL   666

[CDD (BASE 65) ]
TOTAL THIS MO.     0
DPTR FM NORMAL     0    [PRESSURE DATA]
TOTAL FM JAN 1     0    HIGHEST SLP M ON M
DPTR FM NORMAL     0    LOWEST  SLP 29.58 ON  3

[REMARKS]
