000
CXHW53 PHFO 261250
CF6KOA
PRELIMINARY LOCAL CLIMATOLOGICAL DATA (WS FORM: F-6)

                                          STATION:   KONA HI
                                          MONTH:     JUNE
                                          YEAR:      2017
                                          LATITUDE:   19 38 N
                                          LONGITUDE: 156  0 W

  TEMPERATURE IN F:       :PCPN:    SNOW:  WIND      :SUNSHINE: SKY     :PK WND
================================================================================
1   2   3   4   5  6A  6B    7    8   9   10  11  12  13   14  15   16   17  18
                                     12Z  AVG MX 2MIN
DY MAX MIN AVG DEP HDD CDD  WTR  SNW DPTH SPD SPD DIR MIN PSBL S-S WX    SPD DR
================================================================================

 1  86  72  79   0   0  14 0.00  0.0    M  7.4 20  30   M    M   M        24  30
 2  86  74  80   1   0  15 0.00  0.0    M  8.2 25  40   M    M   M        30  40
 3  84  73  79   0   0  14 0.00  0.0    M  7.1 14 130   M    M   M        17 140
 4  86  74  80   1   0  15 0.00  0.0    M  7.4 17 200   M    M   M        23 190
 5  86  75  81   2   0  16 0.00  0.0    M  9.2 17 140   M    M   M        20 150
 6  87  76  82   3   0  17 0.00  0.0    M  8.3 17 190   M    M   M        22 200
 7  86  75  81   2   0  16 0.00  0.0    M  8.1 14  40   M    M   M        18  40
 8  85  73  79   0   0  14 0.00  0.0    M  6.1 12 190   M    M   M        15 240
 9  85  74  80   1   0  15 0.00  0.0    M  6.9 15 230   M    M   M        18 230
10  83  74  79   0   0  14 0.00  0.0    M  7.1 15 200   M    M   M 18     18 210
11  83  74  79   0   0  14 0.01  0.0    M  5.5 13 210   M    M   M 18     16 110
12  84  74  79   0   0  14 0.06  0.0    M  6.0 13 200   M    M   M 18     16 180
13  86  74  80   1   0  15    T  0.0    M  8.2 16 180   M    M   M 1      20 170
14  85  74  80   1   0  15 0.00  0.0    M  6.5 15 140   M    M   M        17 140
15  86  77  82   3   0  17 0.00  0.0    M  9.6 20 170   M    M   M        23 170
16  86  76  81   2   0  16 0.00  0.0    M  7.8 16 180   M    M   M        22 180
17  85  76  81   2   0  16 0.00  0.0    M  7.3 15 240   M    M   M        18 120
18  86  76  81   2   0  16 0.00  0.0    M  8.3 16 240   M    M   M        18 240
19  86  75  81   1   0  16 0.00  0.0    M  8.6 15  70   M    M   M        20  70
20  88  76  82   2   0  17 0.00  0.0    M 11.1 18  40   M    M   M        24  50
21  86  74  80   0   0  15 0.01  0.0    M  8.6 16  50   M    M   M        20  40
22  86  72  79  -1   0  14 0.00  0.0    M  8.4 17 170   M    M   M        21 170
23  86  73  80   0   0  15 0.00  0.0    M  8.2 22  10   M    M   M        26  20
24  84  74  79  -1   0  14 0.00  0.0    M  6.9 15 300   M    M   M        17 300
25  87  72  80   0   0  15 0.00  0.0    M  7.8 16 200   M    M   M        20 200
================================================================================
SM 2138 1857         0 379  0.08     0.0 194.6          M        M
================================================================================
AV 85.5 74.3                               7.8 FASTST   M    M -nan   MAX(MPH)
                                 MISC ---->  # 25  40               # 30   40
================================================================================
NOTES:
# LAST OF SEVERAL OCCURRENCES

COLUMN 17 PEAK WIND IN M.P.H.

PRELIMINARY LOCAL CLIMATOLOGICAL DATA (WS FORM: F-6) , PAGE 2

                                          STATION:  KONA HI
                                          MONTH:    JUNE
                                          YEAR:     2017
                                          LATITUDE:   19 38 N
                                          LONGITUDE: 156  0 W

[TEMPERATURE DATA]      [PRECIPITATION DATA]       SYMBOLS USED IN COLUMN 16

AVERAGE MONTHLY: 79.9   TOTAL FOR MONTH:   0.08    1 = FOG OR MIST
DPTR FM NORMAL:   0.6   DPTR FM NORMAL:   -0.70    2 = FOG REDUCING VISIBILITY
HIGHEST:    88 ON 20    GRTST 24HR  0.06 ON 12-12      TO 1/4 MILE OR LESS
LOWEST:     72 ON 25,22                            3 = THUNDER
                        SNOW, ICE PELLETS, HAIL    4 = ICE PELLETS
                        TOTAL MONTH:   0.0 INCH    5 = HAIL
                        GRTST 24HR     0.0         6 = FREEZING RAIN OR DRIZZLE
                        GRTST DEPTH:  M  ON   M    7 = DUSTSTORM OR SANDSTORM:
                                                       VSBY 1/2 MILE OR LESS
                                                   8 = SMOKE OR HAZE
[NO. OF DAYS WITH]      [WEATHER - DAYS WITH]      9 = BLOWING SNOW
                                                   X = TORNADO
MAX 32 OR BELOW:   0    0.01 INCH OR MORE:   3
MAX 90 OR ABOVE:   0    0.10 INCH OR MORE:   0
MIN 32 OR BELOW:   0    0.50 INCH OR MORE:   0
MIN  0 OR BELOW:   0    1.00 INCH OR MORE:   0

[HDD (BASE 65) ]
TOTAL THIS MO.     0    CLEAR  (SCALE 0-3)   0
DPTR FM NORMAL     0    PTCLDY (SCALE 4-7)   0
TOTAL FM JUL 1     0    CLOUDY (SCALE 8-10)  0
DPTR FM NORMAL     0

[CDD (BASE 65) ]
TOTAL THIS MO.   379
DPTR FM NORMAL    24    [PRESSURE DATA]
TOTAL FM JAN 1  2188    HIGHEST SLP M ON M
DPTR FM NORMAL   170    LOWEST  SLP 29.93 ON 23

[REMARKS]
