000
CXUS55 KCYS 271000
CF6LAR
PRELIMINARY LOCAL CLIMATOLOGICAL DATA (WS FORM: F-6)

                                          STATION:   LARAMIE WYOMING AIRPORT
                                          MONTH:     MARCH
                                          YEAR:      2015
                                          LATITUDE:   41 18 N
                                          LONGITUDE: 105 40 W

  TEMPERATURE IN F:       :PCPN:    SNOW:  WIND      :SUNSHINE: SKY     :PK WND
================================================================================
1   2   3   4   5  6A  6B    7    8   9   10  11  12  13   14  15   16   17  18
                                     12Z  AVG MX 2MIN
DY MAX MIN AVG DEP HDD CDD  WTR  SNW DPTH SPD SPD DIR MIN PSBL S-S WX    SPD DR
================================================================================

 1  21   1  11 -16  54   0    T    M    M  7.6 23 160   M    M   7 1      29 160
 2  44  17  31   4  34   0 0.04    M    M 12.6 33 260   M    M   6 1      43 250
 3  30   3  17 -11  48   0 0.07    M    M 11.8 32 230   M    M   7 1      41 230
 4  13 -10   2 -26  63   0    T    M    M  6.3 20 320   M    M   1        24 320
 5  34   4  19  -9  46   0 0.00    M    M 14.8 28 230   M    M   0        34 230
 6  41  22  32   4  33   0 0.00  0.0    0 11.0 23 260   M    M   1        29 260
 7  45  20  33   4  32   0 0.00    M    M  6.4 14 360   M    M   0        16 360
 8  47  19  33   4  32   0 0.00    M    M  7.0 17 160   M    M   0        20 160
 9  48  20  34   5  31   0 0.00    M    M  7.9 15 240   M    M   0        19 230
10  54  21  38   8  27   0 0.00    M    M  5.4 14 360   M    M   0        17 340
11  56  22  39   9  26   0 0.00    M    M 11.2 26 230   M    M   0        31 220
12  51  33  42  12  23   0 0.00    M    M  7.1 28 330   M    M   5        33 320
13  51  27  39   9  26   0 0.00    M    M  4.0 10 180   M    M   3        14  80
14  60  22  41  10  24   0 0.00    M    M 12.4 23 240   M    M   0        29 230
15  70  39  55  24  10   0 0.00    M    M 13.6 25 230   M    M   0        30 240
16  65  34  50  19  15   0 0.00    M    M 14.9 28 230   M    M   1        32 230
17  51  31  41  10  24   0 0.00    M    M 24.0 35 150   M    M   4 1      40 160
18  58  33  46  14  19   0 0.00    M    M  9.6 24 300   M    M   3        31 270
19  47  22  35   3  30   0    T    M    M  6.8 16 310   M    M   5 1      21 320
20  60  19  40   8  25   0 0.00    M    M  7.0 15 360   M    M   0        20 320
21  62  24  43  11  22   0 0.00    M    M  9.8 21 260   M    M   2        27 250
22  58  29  44  12  21   0 0.00    M    M 12.7 26 160   M    M   2        35 150
23  59  30  45  13  20   0    T    M    M 18.6 40 230   M    M   4 3      49 230
24  45  27  36   3  29   0    T    M    M 19.8 36 250   M    M   5 1      46 250
25  40  22  31  -2  34   0 0.04    M    M 12.3 30 330   M    M   7 128    36 330
26  49  22  36   3  29   0 0.00    M    M 13.1 28 300   M    M   6        37 300
================================================================================
SM 1259  553       777   0  0.15     0.0 287.7          M       69
================================================================================
AV 48.4 21.3                              11.1 FASTST   M    M   3    MAX(MPH)
                                 MISC ---->  # 40 230               # 49  230
================================================================================
NOTES:
# LAST OF SEVERAL OCCURRENCES

COLUMN 17 PEAK WIND IN M.P.H.

PRELIMINARY LOCAL CLIMATOLOGICAL DATA (WS FORM: F-6) , PAGE 2

                                          STATION:  LARAMIE WYOMING AIRPORT
                                          MONTH:    MARCH
                                          YEAR:     2015
                                          LATITUDE:   41 18 N
                                          LONGITUDE: 105 40 W

[TEMPERATURE DATA]      [PRECIPITATION DATA]       SYMBOLS USED IN COLUMN 16

AVERAGE MONTHLY: 34.8   TOTAL FOR MONTH:   0.15    1 = FOG OR MIST
DPTR FM NORMAL:   4.5   DPTR FM NORMAL:   -0.32    2 = FOG REDUCING VISIBILITY
HIGHEST:    70 ON 15    GRTST 24HR  0.07 ON  3- 3      TO 1/4 MILE OR LESS
LOWEST:    -10 ON  4                               3 = THUNDER
                        SNOW, ICE PELLETS, HAIL    4 = ICE PELLETS
                        TOTAL MONTH:   0.0 INCH    5 = HAIL
                        GRTST 24HR     0.0         6 = FREEZING RAIN OR DRIZZLE
                        GRTST DEPTH:   0           7 = DUSTSTORM OR SANDSTORM:
                                                       VSBY 1/2 MILE OR LESS
                                                   8 = SMOKE OR HAZE
[NO. OF DAYS WITH]      [WEATHER - DAYS WITH]      9 = BLOWING SNOW
                                                   X = TORNADO
MAX 32 OR BELOW:   3    0.01 INCH OR MORE:   3
MAX 90 OR ABOVE:   0    0.10 INCH OR MORE:   0
MIN 32 OR BELOW:  22    0.50 INCH OR MORE:   0
MIN  0 OR BELOW:   1    1.00 INCH OR MORE:   0

[HDD (BASE 65) ]
TOTAL THIS MO.   777    CLEAR  (SCALE 0-3)  14
DPTR FM NORMAL  -125    PTCLDY (SCALE 4-7)  12
TOTAL FM JUL 1  6454    CLOUDY (SCALE 8-10)  0
DPTR FM NORMAL  -624

[CDD (BASE 65) ]
TOTAL THIS MO.     0
DPTR FM NORMAL     0    [PRESSURE DATA]
TOTAL FM JAN 1     0    HIGHEST SLP M ON M
DPTR FM NORMAL     0    LOWEST  SLP 29.48 ON M

[REMARKS]
