000
CXUS54 KOUN 010800
CF6LAW
PRELIMINARY LOCAL CLIMATOLOGICAL DATA (WS FORM: F-6)

                                          STATION:   LAWTON MUNICIPAL
                                          MONTH:     OCTOBER
                                          YEAR:      2014
                                          LATITUDE:   34 34 N
                                          LONGITUDE:  98 25 W

  TEMPERATURE IN F:       :PCPN:    SNOW:  WIND      :SUNSHINE: SKY     :PK WND
================================================================================
1   2   3   4   5  6A  6B    7    8   9   10  11  12  13   14  15   16   17  18
                                     12Z  AVG MX 2MIN
DY MAX MIN AVG DEP HDD CDD  WTR  SNW DPTH SPD SPD DIR MIN PSBL S-S WX    SPD DR
================================================================================

 1  96  70  83  14   0  18 0.05  0.0    0 12.2 21 160   M    M   2 38     29 180
 2  85  56  71   2   0   6    T  0.0    0 10.8 25 350   M    M   1 3      35 330
 3  74  43  59  -9   6   0 0.00  0.0    0  8.7 30  10   M    M   0 18     36  10
 4  81  39  60  -8   5   0 0.00  0.0    0  5.5 17 230   M    M   1        22 220
 5  90  47  69   1   0   4 0.00  0.0    0  3.6 15 140   M    M   0        18 140
 6  92  60  76   9   0  11 0.00  0.0    0  6.1 16 190   M    M   1        22 170
 7  99  57  78  11   0  13 0.00  0.0    0  6.0 12 140   M    M   0        18 190
 8  92  59  76   9   0  11 0.00  0.0    0 10.4 20 130   M    M   0        26 140
 9  92  69  81  15   0  16 0.00  0.0    0 11.5 21 170   M    M   1        30 190
10  82  53  68   2   0   3 0.03  0.0    0 15.5 32 360   M    M   7 3      39 360
11  63  48  56 -10   9   0 0.00  0.0    0 10.4 24 360   M    M   9 1      30 360
12  82  43  63  -2   2   0 0.82    M    0 11.8 26 170   M    M   2 123    37 160
13  68  53  61  -4   4   0 0.25  0.0    0 13.7 30 340   M    M   6 13     40 330
14  76  46  61  -3   4   0 0.00  0.0    0  6.9 17 330   M    M   0        25 330
15  80  44  62  -2   3   0 0.00  0.0    0  3.2 10 160   M    M   0 1      15 130
16  92  45  69   5   0   4 0.00  0.0    0  7.3 22 190   M    M   0        28 200
17  82  60  71   8   0   6 0.00  0.0    0 13.6 23  50   M    M   0        29  50
18  76  52  64   1   1   0 0.00  0.0    0  9.8 18  50   M    M   0        23  50
19  74  55  65   2   0   0 0.00  0.0    0  7.4 16 170   M    M   5        20 160
20  84  53  69   7   0   4 0.00  0.0    0  3.1 10 220   M    M   1 1      14 240
21  83  54  69   7   0   4 0.00  0.0    0  4.7 15 160   M    M   0 18     21 150
22  78  52  65   3   0   0 0.03  0.0    0  5.4 17 170   M    M   4 18     22 170
23  81  61  71  10   0   6 0.00  0.0    0  6.7 13 190   M    M   3 1      17 210
24  88  55  72  11   0   7 0.00  0.0    0  6.1 16 190   M    M   0 1      22 170
25  92  53  73  13   0   8 0.00  0.0    0  5.9 15 190   M    M   0 1      19 190
26  91  52  72  12   0   7 0.00  0.0    0 10.9 28 190   M    M   0        35 180
27  88  59  74  14   0   9 0.00  0.0    0 12.0 28  10   M    M   1 3      33 360
28  75  47  61   2   4   0 0.00  0.0    0 13.4 33  20   M    M   1 3      41  20
29  75  37  56  -3   9   0 0.00  0.0    0  3.3 16 130   M    M   0        22 130
30  81  43  62   4   3   0 0.00    M    0  5.6 22  10   M    M   1        26  30
31  63  41  52  -6  13   0    T    M    0 14.6 30  20   M    M   0        35  10
================================================================================
SM 2555 1606        63 137  1.18     0.0 266.1          M       46
================================================================================
AV 82.4 51.8                               8.6 FASTST   M    M   1    MAX(MPH)
                                 MISC ---->  # 33  20               # 41   20
================================================================================
NOTES:
# LAST OF SEVERAL OCCURRENCES

COLUMN 17 PEAK WIND IN M.P.H.

PRELIMINARY LOCAL CLIMATOLOGICAL DATA (WS FORM: F-6) , PAGE 2

                                          STATION:  LAWTON MUNICIPAL
                                          MONTH:    OCTOBER
                                          YEAR:     2014
                                          LATITUDE:   34 34 N
                                          LONGITUDE:  98 25 W

[TEMPERATURE DATA]      [PRECIPITATION DATA]       SYMBOLS USED IN COLUMN 16

AVERAGE MONTHLY: 67.1   TOTAL FOR MONTH:   1.18    1 = FOG OR MIST
DPTR FM NORMAL:   3.4   DPTR FM NORMAL:   -2.48    2 = FOG REDUCING VISIBILITY
HIGHEST:    99 ON  7    GRTST 24HR  1.07 ON 12-13      TO 1/4 MILE OR LESS
LOWEST:     37 ON 29                               3 = THUNDER
                        SNOW, ICE PELLETS, HAIL    4 = ICE PELLETS
                        TOTAL MONTH:   0.0 INCH    5 = HAIL
                        GRTST 24HR     0.0         6 = FREEZING RAIN OR DRIZZLE
                        GRTST DEPTH:   0           7 = DUSTSTORM OR SANDSTORM:
                                                       VSBY 1/2 MILE OR LESS
                                                   8 = SMOKE OR HAZE
[NO. OF DAYS WITH]      [WEATHER - DAYS WITH]      9 = BLOWING SNOW
                                                   X = TORNADO
MAX 32 OR BELOW:   0    0.01 INCH OR MORE:   5
MAX 90 OR ABOVE:   9    0.10 INCH OR MORE:   2
MIN 32 OR BELOW:   0    0.50 INCH OR MORE:   1
MIN  0 OR BELOW:   0    1.00 INCH OR MORE:   0

[HDD (BASE 65) ]
TOTAL THIS MO.    63    CLEAR  (SCALE 0-3)  25
DPTR FM NORMAL   -62    PTCLDY (SCALE 4-7)   5
TOTAL FM JUL 1    71    CLOUDY (SCALE 8-10)  1
DPTR FM NORMAL   -65

[CDD (BASE 65) ]
TOTAL THIS MO.   137
DPTR FM NORMAL    52    [PRESSURE DATA]
TOTAL FM JAN 1  2432    HIGHEST SLP M ON M
DPTR FM NORMAL   118    LOWEST  SLP 28.99 ON 31

[REMARKS]
#FINAL-10-14#
