000
CXUS54 KOUN 280700
CF6LAW
PRELIMINARY LOCAL CLIMATOLOGICAL DATA (WS FORM: F-6)

                                          STATION:   LAWTON MUNICIPAL
                                          MONTH:     JUNE
                                          YEAR:      2017
                                          LATITUDE:   34 34 N
                                          LONGITUDE:  98 25 W

  TEMPERATURE IN F:       :PCPN:    SNOW:  WIND      :SUNSHINE: SKY     :PK WND
================================================================================
1   2   3   4   5  6A  6B    7    8   9   10  11  12  13   14  15   16   17  18
                                     12Z  AVG MX 2MIN
DY MAX MIN AVG DEP HDD CDD  WTR  SNW DPTH SPD SPD DIR MIN PSBL S-S WX    SPD DR
================================================================================

 1  86  64  75  -1   0  10 0.14  0.0    0  6.1 26 100   M    M   3 13     34 100
 2  73  66  70  -7   0   5 3.39  0.0    0  6.1 13 110   M    M   6 13     17 110
 3  81  67  74  -3   0   9 0.00  0.0    0  3.9 12 130   M    M   7 1      16 130
 4  82  64  73  -4   0   8 0.08  0.0    0  3.1 12 290   M    M   4 13     16 300
 5  89  68  79   2   0  14 0.00  0.0    0  9.0 17  20   M    M   3        22 360
 6  93  67  80   2   0  15 0.00  0.0    0  5.6 12 360   M    M   1        20 360
 7  86  64  75  -3   0  10 0.03  0.0    0  7.2 23 350   M    M   3 3      31 350
 8  85  60  73  -5   0   8 0.03  0.0    0  4.9 13 110   M    M   1 13     17 110
 9  82  67  75  -3   0  10 0.53  0.0    0 11.2 23 140   M    M   7 138    29 140
10  89  69  79   0   0  14 0.00  0.0    0 14.7 24 160   M    M   4 1      31 170
11  90  71  81   2   0  16 0.00  0.0    0 14.7 25 150   M    M   1        33 160
12  91  71  81   2   0  16 0.00  0.0    0 13.2 23 160   M    M   0        30 160
13  91  74  83   4   0  18 0.00  0.0    0 14.2 24 160   M    M   0        32 160
14  94  75  85   6   0  20    T  0.0    0 13.0 23 180   M    M   3        30 170
15  96  72  84   4   0  19 0.00  0.0    0 10.8 22 140   M    M   0        29 140
16  98  73  86   6   0  21 0.00  0.0    0 11.5 24 170   M    M   0        28 170
17  96  76  86   6   0  21 0.00  0.0    0 12.3 23 160   M    M   0        30 180
18  80  72  76  -4   0  11 0.04  0.0    0 13.0 25  30   M    M   7 1      31  30
19  92  69  81   1   0  16    T  0.0    0  7.2 14 100   M    M   4 8      17 100
20  94  67  81   1   0  16 0.00  0.0    0  6.0 15 120   M    M   2        18 160
21  94  66  80  -1   0  15 0.00  0.0    0  7.1 18 120   M    M   0        23 120
22  95  63  79  -2   0  14 0.00  0.0    0  3.6 13 140   M    M   0        16 120
23 100  70  85   4   0  20 0.00  0.0    0  9.4 25  30   M    M   0        31  30
24  86  65  76  -5   0  11 0.62  0.0    0  9.1 32  10   M    M   6 3      38  20
25  86  64  75  -6   0  10 0.00  0.0    0  5.5 14 100   M    M   2        17 120
26  87  68  78  -4   0  13 0.00  0.0    0  5.7 13 110   M    M   6        15 110
27  93  68  81  -1   0  16 0.00  0.0    0  9.0 18 130   M    M   2        23 130
================================================================================
SM 2409 1840         0 376  4.86     0.0 237.1          M       72
================================================================================
AV 89.2 68.2                               8.8 FASTST   M    M   3    MAX(MPH)
                                 MISC ---->  # 32  10               # 38   20
================================================================================
NOTES:
# LAST OF SEVERAL OCCURRENCES

COLUMN 17 PEAK WIND IN M.P.H.

PRELIMINARY LOCAL CLIMATOLOGICAL DATA (WS FORM: F-6) , PAGE 2

                                          STATION:  LAWTON MUNICIPAL
                                          MONTH:    JUNE
                                          YEAR:     2017
                                          LATITUDE:   34 34 N
                                          LONGITUDE:  98 25 W

[TEMPERATURE DATA]      [PRECIPITATION DATA]       SYMBOLS USED IN COLUMN 16

AVERAGE MONTHLY: 78.7   TOTAL FOR MONTH:   4.86    1 = FOG OR MIST
DPTR FM NORMAL:  -0.6   DPTR FM NORMAL:    1.30    2 = FOG REDUCING VISIBILITY
HIGHEST:   100 ON 23    GRTST 24HR  3.39 ON  2- 2      TO 1/4 MILE OR LESS
LOWEST:     60 ON  8                               3 = THUNDER
                        SNOW, ICE PELLETS, HAIL    4 = ICE PELLETS
                        TOTAL MONTH:   0.0 INCH    5 = HAIL
                        GRTST 24HR     0.0         6 = FREEZING RAIN OR DRIZZLE
                        GRTST DEPTH:   0           7 = DUSTSTORM OR SANDSTORM:
                                                       VSBY 1/2 MILE OR LESS
                                                   8 = SMOKE OR HAZE
[NO. OF DAYS WITH]      [WEATHER - DAYS WITH]      9 = BLOWING SNOW
                                                   X = TORNADO
MAX 32 OR BELOW:   0    0.01 INCH OR MORE:   8
MAX 90 OR ABOVE:  14    0.10 INCH OR MORE:   4
MIN 32 OR BELOW:   0    0.50 INCH OR MORE:   3
MIN  0 OR BELOW:   0    1.00 INCH OR MORE:   1

[HDD (BASE 65) ]
TOTAL THIS MO.     0    CLEAR  (SCALE 0-3)  15
DPTR FM NORMAL     0    PTCLDY (SCALE 4-7)  12
TOTAL FM JUL 1  2462    CLOUDY (SCALE 8-10)  0
DPTR FM NORMAL  -688

[CDD (BASE 65) ]
TOTAL THIS MO.   376
DPTR FM NORMAL   -10    [PRESSURE DATA]
TOTAL FM JAN 1   654    HIGHEST SLP M ON M
DPTR FM NORMAL   -25    LOWEST  SLP 29.56 ON 17

[REMARKS]
