000
CXUS54 KLUB 240755
CF6LBB
PRELIMINARY LOCAL CLIMATOLOGICAL DATA (WS FORM: F-6)

                                          STATION:   LUBBOCK
                                          MONTH:     MAY
                                          YEAR:      2017
                                          LATITUDE:   33 39 N
                                          LONGITUDE: 101 49 W

  TEMPERATURE IN F:       :PCPN:    SNOW:  WIND      :SUNSHINE: SKY     :PK WND
================================================================================
1   2   3   4   5  6A  6B    7    8   9   10  11  12  13   14  15   16   17  18
                                     12Z  AVG MX 2MIN
DY MAX MIN AVG DEP HDD CDD  WTR  SNW DPTH SPD SPD DIR MIN PSBL S-S WX    SPD DR
================================================================================

 1  79  40  60  -5   5   0 0.00  0.0    0  8.6 17  80   M    M   1        25  60
 2  93  48  71   5   0   6 0.00  0.0    0 16.2 29 200   M    M   2        37 220
 3  73  51  62  -4   3   0 0.00  0.0    0 19.7 33  20   M    M   5        42  20
 4  75  43  59  -7   6   0 0.00  0.0    0 11.5 22  20   M    M   1        27  10
 5  84  45  65  -2   0   0 0.00  0.0    0  7.4 15 150   M    M   1        18 190
 6  91  49  70   3   0   5 0.00  0.0    0 13.8 23 180   M    M   5        32 170
 7  89  55  72   5   0   7 0.00  0.0    0 18.3 32 160   M    M   3        40 150
 8  78  57  68   0   0   3 0.00  0.0    0 18.2 30 160   M    M   7        37 160
 9  80  63  72   4   0   7    T  0.0    0 17.8 30 130   M    M   9 1      37 130
10  83  59  71   3   0   6 0.45  0.0    0 13.5 36 250   M    M   6 138    43 250
11  77  52  65  -3   0   0 0.00  0.0    0 15.9 29 280   M    M   5        35 330
12  79  49  64  -5   1   0 0.00  0.0    0 11.0 20  10   M    M   0        25  10
13  87  50  69   0   0   4 0.00  0.0    0 11.4 21 160   M    M   2        25 170
14  97  58  78   9   0  13 0.02  0.0    0 15.0 28  10   M    M   4 3      33 110
15  94  62  78   8   0  13 0.00  0.0    0 19.5 32 180   M    M   4        39 180
16  93  60  77   7   0  12    T  0.0    0 20.4 41 290   M    M   6 18     51 290
17  86  57  72   2   0   7 0.00  0.0    0 19.0 37 270   M    M   2 8      44 270
18  91  63  77   7   0  12 0.00  0.0    0 17.4 33 220   M    M   3        44 210
19  82  53  68  -3   0   3    T  0.0    0 12.3 26  20   M    M   3 3      35  20
20  78  46  62  -9   3   0 0.00  0.0    0  9.2 21  10   M    M   2        26 360
21  78  50  64  -7   1   0 0.00  0.0    0 15.4 26 140   M    M   4        40 160
22  80  53  67  -5   0   2    T  0.0    0  8.9 32 160   M    M   6 8      37 160
23  72  49  61 -11   4   0 0.11  0.0    0 14.7 29  20   M    M   7 13     38  30
================================================================================
SM 1919 1212        23 100  0.58     0.0 335.1          M       88
================================================================================
AV 83.4 52.7                              14.6 FASTST   M    M   4    MAX(MPH)
                                 MISC ---->  # 41 290               # 51  290
================================================================================
NOTES:
# LAST OF SEVERAL OCCURRENCES

COLUMN 17 PEAK WIND IN M.P.H.

PRELIMINARY LOCAL CLIMATOLOGICAL DATA (WS FORM: F-6) , PAGE 2

                                          STATION:  LUBBOCK
                                          MONTH:    MAY
                                          YEAR:     2017
                                          LATITUDE:   33 39 N
                                          LONGITUDE: 101 49 W

[TEMPERATURE DATA]      [PRECIPITATION DATA]       SYMBOLS USED IN COLUMN 16

AVERAGE MONTHLY: 68.1   TOTAL FOR MONTH:   0.58    1 = FOG OR MIST
DPTR FM NORMAL:  -0.6   DPTR FM NORMAL:   -0.98    2 = FOG REDUCING VISIBILITY
HIGHEST:    97 ON 14    GRTST 24HR  0.45 ON 10-10      TO 1/4 MILE OR LESS
LOWEST:     40 ON  1                               3 = THUNDER
                        SNOW, ICE PELLETS, HAIL    4 = ICE PELLETS
                        TOTAL MONTH:   0.0 INCH    5 = HAIL
                        GRTST 24HR     0.0         6 = FREEZING RAIN OR DRIZZLE
                        GRTST DEPTH:   0           7 = DUSTSTORM OR SANDSTORM:
                                                       VSBY 1/2 MILE OR LESS
                                                   8 = SMOKE OR HAZE
[NO. OF DAYS WITH]      [WEATHER - DAYS WITH]      9 = BLOWING SNOW
                                                   X = TORNADO
MAX 32 OR BELOW:   0    0.01 INCH OR MORE:   3
MAX 90 OR ABOVE:   6    0.10 INCH OR MORE:   2
MIN 32 OR BELOW:   0    0.50 INCH OR MORE:   0
MIN  0 OR BELOW:   0    1.00 INCH OR MORE:   0

[HDD (BASE 65) ]
TOTAL THIS MO.    23    CLEAR  (SCALE 0-3)  11
DPTR FM NORMAL   -13    PTCLDY (SCALE 4-7)  11
TOTAL FM JUL 1  2468    CLOUDY (SCALE 8-10)  1
DPTR FM NORMAL  -905

[CDD (BASE 65) ]
TOTAL THIS MO.   100
DPTR FM NORMAL   -21    [PRESSURE DATA]
TOTAL FM JAN 1   229    HIGHEST SLP M ON M
DPTR FM NORMAL    52    LOWEST  SLP 29.37 ON 16

[REMARKS]
