000
CXUS52 KILM 191000
CF6LBT
PRELIMINARY LOCAL CLIMATOLOGICAL DATA (WS FORM: F-6)

                                          STATION:   LUMBERTON NORTH CAROLINA
                                          MONTH:     OCTOBER
                                          YEAR:      2017
                                          LATITUDE:   34 35 N
                                          LONGITUDE:  79  4 W

  TEMPERATURE IN F:       :PCPN:    SNOW:  WIND      :SUNSHINE: SKY     :PK WND
================================================================================
1   2   3   4   5  6A  6B    7    8   9   10  11  12  13   14  15   16   17  18
                                     12Z  AVG MX 2MIN
DY MAX MIN AVG DEP HDD CDD  WTR  SNW DPTH SPD SPD DIR MIN PSBL S-S WX    SPD DR
================================================================================

 1  74  50  62  -6   3   0 0.00    M    M  8.3 18  40   M    M   1        23  30
 2  81  55  68   0   0   3 0.00    M    M  7.0 16  40   M    M   2        20  30
 3  81  56  69   1   0   4 0.00    M    M  6.9 14  50   M    M   0        18  40
 4  82  56  69   2   0   4 0.00    M    M  4.7 13  40   M    M   2        17 360
 5  85  54  70   3   0   5 0.00    M    M  3.3 12 110   M    M   2 1      15 110
 6  86  54  70   3   0   5 0.00    M    M  2.5 10 110   M    M   1 12     14  50
 7  82  62  72   6   0   7 0.16    M    M  5.2 14 150   M    M   9 1      22 140
 8  84  75  80  14   0  15 0.51    M    M  5.9 16 150   M    M   8 1      24 150
 9  84  75  80  14   0  15 0.84    M    M  6.9 16 220   M    M   8 1      21 200
10  87  73  80  15   0  15    T    M    M  4.1 10 150   M    M   6 1      14 170
11  84  74  79  14   0  14 0.00    M    M  3.9  9 240   M    M   5 1      13 230
12  87  72  80  15   0  15 0.00    M    M  6.0 17  40   M    M   7 1      22  30
13  79  63  71   7   0   6 0.01    M    M  8.1 16  30   M    M   7 1      22  40
14  76  58  67   3   0   2 0.00    M    M  3.4  9  10   M    M   5 12     12  20
15  81  59  70   6   0   5 0.00    M    M  3.0  9 160   M    M   6 12     14 150
16  77  55  66   3   0   1 0.04    M    M  7.2 17 340   M    M   5 1      25 360
17  68  46  57  -6   8   0 0.00    M    M 10.4 21  20   0    0   0        37  20
18  73  38  56  -7   9   0 0.00    M    M  9.7 18  20   M    M   0         M  99
================================================================================
SM 1451 1075        20 116  1.56    M    106.5            0     74
================================================================================
AV 80.6 59.7                               5.9 FASTST    0   0   4    MAX(MPH)
                                 MISC ---->  # 21  20               # 37   20
================================================================================
NOTES:
# LAST OF SEVERAL OCCURRENCES

COLUMN 17 PEAK WIND IN M.P.H.

PRELIMINARY LOCAL CLIMATOLOGICAL DATA (WS FORM: F-6) , PAGE 2

                                          STATION:  LUMBERTON NORTH CAROLINA
                                          MONTH:    OCTOBER
                                          YEAR:     2017
                                          LATITUDE:   34 35 N
                                          LONGITUDE:  79  4 W

[TEMPERATURE DATA]      [PRECIPITATION DATA]       SYMBOLS USED IN COLUMN 16

AVERAGE MONTHLY: 70.2   TOTAL FOR MONTH:   1.56    1 = FOG OR MIST
DPTR FM NORMAL:   4.7   DPTR FM NORMAL:   -0.24    2 = FOG REDUCING VISIBILITY
HIGHEST:    87 ON 12,10 GRTST 24HR  0.84 ON  9- 9      TO 1/4 MILE OR LESS
LOWEST:     38 ON 18                               3 = THUNDER
                        SNOW, ICE PELLETS, HAIL    4 = ICE PELLETS
                        TOTAL MONTH:    M          5 = HAIL
                        GRTST 24HR    M  ON   M    6 = FREEZING RAIN OR DRIZZLE
                        GRTST DEPTH:  M  ON   M    7 = DUSTSTORM OR SANDSTORM:
                                                       VSBY 1/2 MILE OR LESS
                                                   8 = SMOKE OR HAZE
[NO. OF DAYS WITH]      [WEATHER - DAYS WITH]      9 = BLOWING SNOW
                                                   X = TORNADO
MAX 32 OR BELOW:   0    0.01 INCH OR MORE:   5
MAX 90 OR ABOVE:   0    0.10 INCH OR MORE:   3
MIN 32 OR BELOW:   0    0.50 INCH OR MORE:   2
MIN  0 OR BELOW:   0    1.00 INCH OR MORE:   0

[HDD (BASE 65) ]
TOTAL THIS MO.    20    CLEAR  (SCALE 0-3)   8
DPTR FM NORMAL   -25    PTCLDY (SCALE 4-7)   8
TOTAL FM JUL 1    20    CLOUDY (SCALE 8-10)  2
DPTR FM NORMAL   -34

[CDD (BASE 65) ]
TOTAL THIS MO.   116
DPTR FM NORMAL    63    [PRESSURE DATA]
TOTAL FM JAN 1  2087    HIGHEST SLP  0.00 ON 17
DPTR FM NORMAL   213    LOWEST  SLP 29.92 ON 16

[REMARKS]
