000
CXUS54 KHGX 231415
CF6LBX
PRELIMINARY LOCAL CLIMATOLOGICAL DATA (WS FORM: F-6)

                                          STATION:   ANGLETON/LAKE_JACKS
                                          MONTH:     JULY
                                          YEAR:      2016
                                          LATITUDE:   29  6 N
                                          LONGITUDE:  95 28 W

  TEMPERATURE IN F:       :PCPN:    SNOW:  WIND      :SUNSHINE: SKY     :PK WND
================================================================================
1   2   3   4   5  6A  6B    7    8   9   10  11  12  13   14  15   16   17  18
                                     12Z  AVG MX 2MIN
DY MAX MIN AVG DEP HDD CDD  WTR  SNW DPTH SPD SPD DIR MIN PSBL S-S WX    SPD DR
================================================================================

 1  92  75  84   2   0  19 0.00  0.0    0  3.7 13 160   M    M   2 1      17  60
 2  95  76  86   4   0  21 0.05  0.0    0  7.5 20 170   M    M   1        29 170
 3  95  78  87   5   0  22 0.00  0.0    0 13.8 24 180   M    M   2        30 180
 4  95  82  89   7   0  24 0.00  0.0    0 14.8 25 170   M    M   4        31 170
 5  94  83  89   7   0  24 0.00  0.0    0 14.4 22 190   M    M   4        27 190
 6  95  82  89   7   0  24 0.00  0.0    0 13.3 24 180   M    M   3        30 180
 7  95  80  88   6   0  23 0.00  0.0    0 12.1 22 170   M    M   2        28 170
 8  95  79  87   5   0  22 0.00  0.0    0 10.2 20 170   M    M   3 1      24 180
 9  95  77  86   4   0  21 0.00  0.0    0  8.3 18 190   M    M   2 1      24 180
10  94  78  86   4   0  21 0.00  0.0    0  9.7 20 170   M    M   4        25 190
11  94  82  88   6   0  23 0.00  0.0    0 14.3 24 170   M    M   3        28 160
12  95  79  87   5   0  22 0.00  0.0    0 10.9 20 170   M    M   2        25 180
13  95  81  88   6   0  23 0.00  0.0    0 12.1 23 180   M    M   1 8      29 170
14  96  80  88   6   0  23 0.00  0.0    0 10.7 21 180   M    M   3 8      29 160
15  97  79  88   6   0  23 0.00  0.0    0  8.8 17 170   M    M   1 1      22 210
16  95  76  86   4   0  21 0.00  0.0    0  5.1 16 160   M    M   1 18     21 140
17  95  75  85   3   0  20 0.00  0.0    0  6.5 22 150   M    M   2        29 140
18  93  76  85   3   0  20 0.44  0.0    0  3.3 22  60   M    M   1 138    26  60
19  95  78  87   5   0  22 0.17  0.0    0  5.2 16 100   M    M   1 138    22 130
20  97  78  88   6   0  23 0.00  0.0    0  4.6 15 140   M    M   2 18     19 120
21  98  76  87   5   0  22 0.00  0.0    0  4.0 14 160   M    M   1 18     18 150
22  98  77  88   6   0  23 0.00  0.0    0  3.7 15 150   M    M   1 1      21 150
================================================================================
SM 2093 1727         0 486  0.66     0.0 197.0          M       46
================================================================================
AV 95.1 78.5                               9.0 FASTST   M    M   2    MAX(MPH)
                                 MISC ---->  # 25 170               # 31  170
================================================================================
NOTES:
# LAST OF SEVERAL OCCURRENCES

COLUMN 17 PEAK WIND IN M.P.H.

PRELIMINARY LOCAL CLIMATOLOGICAL DATA (WS FORM: F-6) , PAGE 2

                                          STATION:  ANGLETON/LAKE_JACKS
                                          MONTH:    JULY
                                          YEAR:     2016
                                          LATITUDE:   29  6 N
                                          LONGITUDE:  95 28 W

[TEMPERATURE DATA]      [PRECIPITATION DATA]       SYMBOLS USED IN COLUMN 16

AVERAGE MONTHLY: 86.8   TOTAL FOR MONTH:   0.66    1 = FOG OR MIST
DPTR FM NORMAL:   4.8   DPTR FM NORMAL:   -2.91    2 = FOG REDUCING VISIBILITY
HIGHEST:    98 ON 22,21 GRTST 24HR  0.61 ON 18-19      TO 1/4 MILE OR LESS
LOWEST:     75 ON 17, 1                            3 = THUNDER
                        SNOW, ICE PELLETS, HAIL    4 = ICE PELLETS
                        TOTAL MONTH:   0.0 INCH    5 = HAIL
                        GRTST 24HR     0.0         6 = FREEZING RAIN OR DRIZZLE
                        GRTST DEPTH:   0           7 = DUSTSTORM OR SANDSTORM:
                                                       VSBY 1/2 MILE OR LESS
                                                   8 = SMOKE OR HAZE
[NO. OF DAYS WITH]      [WEATHER - DAYS WITH]      9 = BLOWING SNOW
                                                   X = TORNADO
MAX 32 OR BELOW:   0    0.01 INCH OR MORE:   3
MAX 90 OR ABOVE:  22    0.10 INCH OR MORE:   2
MIN 32 OR BELOW:   0    0.50 INCH OR MORE:   0
MIN  0 OR BELOW:   0    1.00 INCH OR MORE:   0

[HDD (BASE 65) ]
TOTAL THIS MO.     0    CLEAR  (SCALE 0-3)  19
DPTR FM NORMAL     0    PTCLDY (SCALE 4-7)   3
TOTAL FM JUL 1     0    CLOUDY (SCALE 8-10)  0
DPTR FM NORMAL     0

[CDD (BASE 65) ]
TOTAL THIS MO.   486
DPTR FM NORMAL   112    [PRESSURE DATA]
TOTAL FM JAN 1  1562    HIGHEST SLP M ON M
DPTR FM NORMAL   136    LOWEST  SLP 29.87 ON  3

[REMARKS]
