000
CXUS54 KLCH 291610
CF6LCH
PRELIMINARY LOCAL CLIMATOLOGICAL DATA (WS FORM: F-6)

                                          STATION:   LAKE CHARLES
                                          MONTH:     MAY
                                          YEAR:      2016
                                          LATITUDE:   30  7 N
                                          LONGITUDE:  93 13 W

  TEMPERATURE IN F:       :PCPN:    SNOW:  WIND      :SUNSHINE: SKY     :PK WND
================================================================================
1   2   3   4   5  6A  6B    7    8   9   10  11  12  13   14  15   16   17  18
                                     12Z  AVG MX 2MIN
DY MAX MIN AVG DEP HDD CDD  WTR  SNW DPTH SPD SPD DIR MIN PSBL S-S WX    SPD DR
================================================================================

 1  77  67  72   0   0   7 5.20  0.0    0  8.3 20  60   M    M  10 13     35 240
 2  78  66  72   0   0   7 0.04  0.0    0  8.4 15  30   M    M   9 13     20 360
 3  79  63  71  -1   0   6    T  0.0    0  9.2 16  10   M    M   5 8      21  20
 4  88  56  72  -1   0   7 0.00  0.0    0  6.8 16 340   M    M   1 18     21 330
 5  83  61  72  -1   0   7 0.00  0.0    0  7.3 16 360   M    M   0        21  20
 6  82  54  68  -5   0   3 0.00  0.0    0  3.3 10  20   M    M   0        14  10
 7  81  58  70  -4   0   5 0.00  0.0    0  3.4 13 230   M    M   0        17 240
 8  80  62  71  -3   0   6 0.00  0.0    0  8.5 20 140   M    M   3        26 150
 9  80  72  76   2   0  11 0.01  0.0    0 11.3 28 150   M    M   5 1      39 160
10  83  73  78   4   0  13 0.00  0.0    0 10.2 17 170   M    M   8 1      24 160
11  84  69  77   3   0  12 0.01  0.0    0  6.7 21 140   M    M   3 13     25 130
12  86  70  78   3   0  13 0.58  0.0    0  3.5 10 200   M    M   4 138    16 280
13  88  69  79   4   0  14 0.00  0.0    0  6.1 17  50   M    M   2 1      22  40
14  89  67  78   3   0  13 0.27  0.0    0  2.7 22 350   M    M   3 138    29 340
15  79  68  74  -2   0   9    T  0.0    0  7.2 14  50   M    M   3        18  40
16  74  66  70  -6   0   5 0.84  0.0    0  7.4 14  90   M    M   7 13     17  80
17  86  68  77   1   0  12 0.00  0.0    0  6.4 13 350   M    M   7 1      18 340
18  82  67  75  -1   0  10    T  0.0    0  7.6 16  50   M    M   3        20  50
19  78  62  70  -6   0   5 1.91  0.0    0  8.5 23  70   M    M   5 13     33 330
20  82  65  74  -3   0   9 0.00  0.0    0  4.6 13 330   M    M   4 1      17 300
21  88  67  78   1   0  13 0.05  0.0    0  3.9  9 100   M    M   2 13     12  90
22  84  69  77   0   0  12    T  0.0    0  5.8 15  80   M    M   4 123    19  40
23  86  68  77   0   0  12 0.00  0.0    0  6.2 17 160   M    M   2 1      22 150
24  87  70  79   1   0  14 0.00  0.0    0  9.1 17 150   M    M   3        24 150
25  88  77  83   5   0  18 0.00  0.0    0  9.4 17 150   M    M   5        22 150
26  87  76  82   4   0  17 0.04  0.0    0  9.5 18 160   M    M   4 1      24 150
27  85  67  76  -2   0  11 1.78  0.0    0 13.9 26 150   M    M   6 13     35 140
28  87  66  77  -1   0  12 0.09  0.0    0  6.6 25 150   M    M   2 18     33 150
================================================================================
SM 2331 1863         0 283 10.82     0.0 201.8          M      110
================================================================================
AV 83.2 66.5                               7.2 FASTST   M    M   4    MAX(MPH)
                                 MISC ---->  # 28 150               # 39  160
================================================================================
NOTES:
# LAST OF SEVERAL OCCURRENCES

COLUMN 17 PEAK WIND IN M.P.H.

PRELIMINARY LOCAL CLIMATOLOGICAL DATA (WS FORM: F-6) , PAGE 2

                                          STATION:  LAKE CHARLES
                                          MONTH:    MAY
                                          YEAR:     2016
                                          LATITUDE:   30  7 N
                                          LONGITUDE:  93 13 W

[TEMPERATURE DATA]      [PRECIPITATION DATA]       SYMBOLS USED IN COLUMN 16

AVERAGE MONTHLY: 74.9   TOTAL FOR MONTH:  10.82    1 = FOG OR MIST
DPTR FM NORMAL:  -0.4   DPTR FM NORMAL:    6.20    2 = FOG REDUCING VISIBILITY
HIGHEST:    89 ON 14    GRTST 24HR  5.21 ON 30- 1      TO 1/4 MILE OR LESS
LOWEST:     54 ON  6                               3 = THUNDER
                        SNOW, ICE PELLETS, HAIL    4 = ICE PELLETS
                        TOTAL MONTH:   0.0 INCH    5 = HAIL
                        GRTST 24HR     0.0         6 = FREEZING RAIN OR DRIZZLE
                        GRTST DEPTH:   0           7 = DUSTSTORM OR SANDSTORM:
                                                       VSBY 1/2 MILE OR LESS
                                                   8 = SMOKE OR HAZE
[NO. OF DAYS WITH]      [WEATHER - DAYS WITH]      9 = BLOWING SNOW
                                                   X = TORNADO
MAX 32 OR BELOW:   0    0.01 INCH OR MORE:  12
MAX 90 OR ABOVE:   0    0.10 INCH OR MORE:   6
MIN 32 OR BELOW:   0    0.50 INCH OR MORE:   5
MIN  0 OR BELOW:   0    1.00 INCH OR MORE:   3

[HDD (BASE 65) ]
TOTAL THIS MO.     0    CLEAR  (SCALE 0-3)  10
DPTR FM NORMAL     0    PTCLDY (SCALE 4-7)  16
TOTAL FM JUL 1  1034    CLOUDY (SCALE 8-10)  2
DPTR FM NORMAL  -455

[CDD (BASE 65) ]
TOTAL THIS MO.   283
DPTR FM NORMAL    -6    [PRESSURE DATA]
TOTAL FM JAN 1   572    HIGHEST SLP M ON M
DPTR FM NORMAL    75    LOWEST  SLP 29.76 ON  1

[REMARKS]
