000
CXUS53 KLMK 200800
CF6LEX
PRELIMINARY LOCAL CLIMATOLOGICAL DATA (WS FORM: F-6)

                                          STATION:   LEXINGTON KY
                                          MONTH:     FEBRUARY
                                          YEAR:      2018
                                          LATITUDE:   38  1 N
                                          LONGITUDE:  84 36 W

  TEMPERATURE IN F:       :PCPN:    SNOW:  WIND      :SUNSHINE: SKY     :PK WND
================================================================================
1   2   3   4   5  6A  6B    7    8   9   10  11  12  13   14  15   16   17  18
                                     12Z  AVG MX 2MIN
DY MAX MIN AVG DEP HDD CDD  WTR  SNW DPTH SPD SPD DIR MIN PSBL S-S WX    SPD DR
================================================================================

 1  49  25  37   3  28   0 0.20  0.4    0 11.5 20 210   M    M   7 1      27 230
 2  25  12  19 -15  46   0 0.00  0.0    T  7.0 20 320   M    M   3        27 330
 3  40  14  27  -7  38   0 0.00  0.0    0  8.8 17 170   M    M   7        25 170
 4  42  25  34   0  31   0 0.24  0.8    1 11.1 28 210   M    M  10 1      49 180
 5  30  19  25 -10  40   0    T  0.1    T  4.5 20 310   M    M   6 8      25 320
 6  37  26  32  -3  33   0 0.01  0.0    0  5.7 14  90   M    M  10        20  80
 7  35  27  31  -4  34   0 1.24    T    0  8.1 16 330   M    M  10 168    20 340
 8  36  22  29  -6  36   0 0.00  0.0    0  6.0 13 220   M    M   5 18     18 220
 9  60  27  44   9  21   0 0.00  0.0    0  8.4 22 210   M    M   1        29 210
10  54  41  48  12  17   0 0.36  0.0    0  8.4 15  30   M    M  10 1      21 180
11  60  32  46  10  19   0 0.50  0.0    0  9.9 20 270   M    M  10 18     28 280
12  42  28  35  -1  30   0 0.04    T    T 11.7 17  40   M    M   6 16     23  40
13  51  27  39   3  26   0 0.00  0.0    0  7.7 16  50   M    M   6        20  50
14  61  42  52  16  13   0 0.75  0.0    0 11.6 23 210   M    M  10 12     34 210
15  72  60  66  29   0   1 0.05  0.0    0 17.5 29 220   M    M   9 1      44 220
16  69  37  53  16  12   0 1.21  0.0    0 10.9 31 340   M    M  10 18     44 320
17  41  33  37   0  28   0 0.51  0.0    0  7.2 20 270   M    M   8 1      29 260
18  53  30  42   4  23   0    T  0.0    0  6.9 13 160   M    M   2        18 260
19  74  49  62  24   3   0    T  0.0    0 15.9 29 200   M    M   6        40 200
================================================================================
SM  931  576       478   1  5.11     1.3 178.8          M      136
================================================================================
AV 49.0 30.3                               9.4 FASTST   M    M   7    MAX(MPH)
                                 MISC ---->  # 31 340               # 49  180
================================================================================
NOTES:
# LAST OF SEVERAL OCCURRENCES

COLUMN 17 PEAK WIND IN M.P.H.

PRELIMINARY LOCAL CLIMATOLOGICAL DATA (WS FORM: F-6) , PAGE 2

                                          STATION:  LEXINGTON KY
                                          MONTH:    FEBRUARY
                                          YEAR:     2018
                                          LATITUDE:   38  1 N
                                          LONGITUDE:  84 36 W

[TEMPERATURE DATA]      [PRECIPITATION DATA]       SYMBOLS USED IN COLUMN 16

AVERAGE MONTHLY: 39.7   TOTAL FOR MONTH:   5.11    1 = FOG OR MIST
DPTR FM NORMAL:   4.0   DPTR FM NORMAL:    2.96    2 = FOG REDUCING VISIBILITY
HIGHEST:    74 ON 19    GRTST 24HR  1.24 ON  7- 7      TO 1/4 MILE OR LESS
LOWEST:     12 ON  2                               3 = THUNDER
                        SNOW, ICE PELLETS, HAIL    4 = ICE PELLETS
                        TOTAL MONTH:   1.3 INCHES  5 = HAIL
                        GRTST 24HR   0.8 ON  4- 4  6 = FREEZING RAIN OR DRIZZLE
                        GRTST DEPTH:   1 ON  4     7 = DUSTSTORM OR SANDSTORM:
                                                       VSBY 1/2 MILE OR LESS
                                                   8 = SMOKE OR HAZE
[NO. OF DAYS WITH]      [WEATHER - DAYS WITH]      9 = BLOWING SNOW
                                                   X = TORNADO
MAX 32 OR BELOW:   2    0.01 INCH OR MORE:  11
MAX 90 OR ABOVE:   0    0.10 INCH OR MORE:   8
MIN 32 OR BELOW:  13    0.50 INCH OR MORE:   5
MIN  0 OR BELOW:   0    1.00 INCH OR MORE:   2

[HDD (BASE 65) ]
TOTAL THIS MO.   478    CLEAR  (SCALE 0-3)   2
DPTR FM NORMAL   -78    PTCLDY (SCALE 4-7)   9
TOTAL FM JUL 1  3227    CLOUDY (SCALE 8-10)  8
DPTR FM NORMAL  -112

[CDD (BASE 65) ]
TOTAL THIS MO.     1
DPTR FM NORMAL     1    [PRESSURE DATA]
TOTAL FM JAN 1     1    HIGHEST SLP M ON M
DPTR FM NORMAL     1    LOWEST  SLP 29.77 ON 16

[REMARKS]
