000
CXUS54 KSHV 311300
CF6LFK
PRELIMINARY LOCAL CLIMATOLOGICAL DATA (WS FORM: F-6)

                                          STATION:   LUFKIN
                                          MONTH:     OCTOBER
                                          YEAR:      2014
                                          LATITUDE:   31 14 N
                                          LONGITUDE:  94 45 W

  TEMPERATURE IN F:       :PCPN:    SNOW:  WIND      :SUNSHINE: SKY     :PK WND
================================================================================
1   2   3   4   5  6A  6B    7    8   9   10  11  12  13   14  15   16   17  18
                                     12Z  AVG MX 2MIN
DY MAX MIN AVG DEP HDD CDD  WTR  SNW DPTH SPD SPD DIR MIN PSBL S-S WX    SPD DR
================================================================================

 1  92  76  84  12   0  19 0.05  0.0    0  5.8 16 120   M    M   6 13     18 120
 2  95  70  83  11   0  18 0.49  0.0    0  8.3 21 290   M    M   5 138    28 290
 3  84  64  74   2   0   9 0.02  0.0    0  6.4 16 340   M    M   0 13     24 330
 4  79  54  67  -4   0   2 0.00  0.0    0  3.5 14  90   M    M   0        17  80
 5  85  52  69  -2   0   4 0.00  0.0    0  6.5 16 210   M    M   0        26 170
 6  80  64  72   1   0   7 1.08  0.0    0  4.7 22 360   M    M   3 13     36 360
 7  89  65  77   7   0  12 0.00  0.0    0  4.9 12 210   M    M   4 12     16 220
 8  89  71  80  10   0  15 0.00  0.0    0  3.7 12 130   M    M   4 12     15 130
 9  90  72  81  11   0  16 0.00  0.0    0  4.7 12 130   M    M   5 12     15 120
10  91  72  82  12   0  17    T  0.0    0  6.7 15 210   M    M   6 18     20 210
11  82  67  75   6   0  10 0.13  0.0    0  6.0 16 320   M    M   8 1      22 340
12  82  66  74   5   0   9 0.02  0.0    0  5.4 16 170   M    M   7 1      23 180
13  81  59  70   1   0   5 1.82  0.0    0  8.5 22 170   M    M   8 13     29 190
14  77  52  65  -3   0   0 0.00  0.0    0  6.2 18 300   M    M   0        29 330
15  85  49  67  -1   0   2 0.00  0.0    0  1.8 12 290   M    M   0        15 300
16  87  52  70   2   0   5 0.00  0.0    0  5.1 14 200   M    M   0 18     18 190
17  86  57  72   5   0   7 0.00  0.0    0  3.2 15 180   M    M   1        19 180
18  87  61  74   7   0   9 0.00  0.0    0  2.9  9  40   M    M   4 12     13  30
19  80  60  70   3   0   5 0.00  0.0    0  4.6 12 110   M    M   2        15  70
20  82  55  69   3   0   4 0.00  0.0    0  2.1  9  20   M    M   0 18     13  10
21  83  53  68   2   0   3 0.00  0.0    0  2.9 13  80   M    M   0 18     17  80
22  83  59  71   5   0   6 0.00  0.0    0  4.2 13  80   M    M   0 18     18  70
23  78  54  66   0   0   1 0.00  0.0    0  3.3 10  40   M    M   0        14  20
24  82  52  67   2   0   2 0.00  0.0    0  1.9  8 360   M    M   0 18     13  70
25  87  54  71   6   0   6 0.00  0.0    0  1.6  6 270   M    M   0 18      8 300
26  86  56  71   6   0   6 0.00  0.0    0  3.7 12 160   M    M   0 18     15 190
27  86  59  73   9   0   8 0.00  0.0    0  6.7 18 180   M    M   3 128    24 180
28  83  63  73   9   0   8 0.00  0.0    0  3.6 10 220   M    M   3 128    13 200
29  80  54  67   3   0   2 0.00  0.0    0  5.4 12  30   M    M   4 18     18  30
30  79  48  64   0   1   0 0.00  0.0    0  2.1 10  90   M    M   1        14 120
================================================================================
SM 2530 1790         1 217  3.61     0.0 136.4          M       74
================================================================================
AV 84.3 59.7                               4.5 FASTST   M    M   2    MAX(MPH)
                                 MISC ---->  # 22 360               # 36  360
================================================================================
NOTES:
# LAST OF SEVERAL OCCURRENCES

COLUMN 17 PEAK WIND IN M.P.H.

PRELIMINARY LOCAL CLIMATOLOGICAL DATA (WS FORM: F-6) , PAGE 2

                                          STATION:  LUFKIN
                                          MONTH:    OCTOBER
                                          YEAR:     2014
                                          LATITUDE:   31 14 N
                                          LONGITUDE:  94 45 W

[TEMPERATURE DATA]      [PRECIPITATION DATA]       SYMBOLS USED IN COLUMN 16

AVERAGE MONTHLY: 72.0   TOTAL FOR MONTH:   3.61    1 = FOG OR MIST
DPTR FM NORMAL:   4.1   DPTR FM NORMAL:   -1.06    2 = FOG REDUCING VISIBILITY
HIGHEST:    95 ON  2    GRTST 24HR  1.82 ON 13-13      TO 1/4 MILE OR LESS
LOWEST:     48 ON 30                               3 = THUNDER
                        SNOW, ICE PELLETS, HAIL    4 = ICE PELLETS
                        TOTAL MONTH:   0.0 INCH    5 = HAIL
                        GRTST 24HR     0.0         6 = FREEZING RAIN OR DRIZZLE
                        GRTST DEPTH:   0           7 = DUSTSTORM OR SANDSTORM:
                                                       VSBY 1/2 MILE OR LESS
                                                   8 = SMOKE OR HAZE
[NO. OF DAYS WITH]      [WEATHER - DAYS WITH]      9 = BLOWING SNOW
                                                   X = TORNADO
MAX 32 OR BELOW:   0    0.01 INCH OR MORE:   7
MAX 90 OR ABOVE:   4    0.10 INCH OR MORE:   4
MIN 32 OR BELOW:   0    0.50 INCH OR MORE:   2
MIN  0 OR BELOW:   0    1.00 INCH OR MORE:   2

[HDD (BASE 65) ]
TOTAL THIS MO.     1    CLEAR  (SCALE 0-3)  18
DPTR FM NORMAL   -59    PTCLDY (SCALE 4-7)  12
TOTAL FM JUL 1     1    CLOUDY (SCALE 8-10)  0
DPTR FM NORMAL   -63

[CDD (BASE 65) ]
TOTAL THIS MO.   217
DPTR FM NORMAL    72    [PRESSURE DATA]
TOTAL FM JAN 1  2947    HIGHEST SLP M ON M
DPTR FM NORMAL   405    LOWEST  SLP 29.65 ON 13

[REMARKS]
