000
CXUS54 KLCH 280611
CF6LFT
PRELIMINARY LOCAL CLIMATOLOGICAL DATA (WS FORM: F-6)

                                          STATION:   LAFAYETTE
                                          MONTH:     JULY
                                          YEAR:      2015
                                          LATITUDE:   30 12 N
                                          LONGITUDE:  92  0 W

  TEMPERATURE IN F:       :PCPN:    SNOW:  WIND      :SUNSHINE: SKY     :PK WND
================================================================================
1   2   3   4   5  6A  6B    7    8   9   10  11  12  13   14  15   16   17  18
                                     12Z  AVG MX 2MIN
DY MAX MIN AVG DEP HDD CDD  WTR  SNW DPTH SPD SPD DIR MIN PSBL S-S WX    SPD DR
================================================================================

 1  89  72  81  -2   0  16 0.16  0.0    0  3.5 24 250   M    M   4 13     31 260
 2  91  72  82  -1   0  17    T  0.0    0  5.5 17 190   M    M   1 8      21 200
 3  92  76  84   1   0  19 0.00  0.0    0  6.3 16 210   M    M   2        20 210
 4  87  73  80  -3   0  15 0.58  0.0    0  4.5 28 240   M    M   2 13     34 230
 5  91  72  82  -1   0  17    T  0.0    0  5.7 16 220   M    M   2 3      21 200
 6  92  72  82  -1   0  17 0.00  0.0    0  6.0 15 210   M    M   1        20 220
 7  92  78  85   2   0  20 0.00  0.0    0  6.3 20 200   M    M   2        27 200
 8  92  78  85   2   0  20 0.00  0.0    0  5.3 16 200   M    M   2 8      21 170
 9  94  77  86   3   0  21 0.00  0.0    0  2.7 12 190   M    M   1 3      14 180
10  93  76  85   2   0  20 0.03  0.0    0  2.9 18 220   M    M   3 3      24 210
11  95  75  85   2   0  20 0.00  0.0    0  3.2 17 220   M    M   2 3      22 230
12  95  77  86   3   0  21 0.00  0.0    0  4.6 15 230   M    M   2        19 200
13  94  78  86   3   0  21 0.00  0.0    0  6.8 15 240   M    M   1        18 230
14  95  75  85   2   0  20 0.00  0.0    0  7.4 18 210   M    M   2        22 230
15  95  76  86   2   0  21 0.00  0.0    0  5.6 15 220   M    M   3        19 220
16  96  78  87   3   0  22 0.92  0.0    0  5.6 17 320   M    M   4 3      23 290
17  95  77  86   2   0  21    T  0.0    0  4.9 17 210   M    M   1        22 210
18  95  78  87   3   0  22 0.06  0.0    0  4.9 16 220   M    M   2 3      20 230
19  97  80  89   5   0  24 0.00  0.0    0  4.7 12 300   M    M   2        15 300
20  96  80  88   4   0  23 0.02  0.0    0  5.4 20 190   M    M   3 3      25 190
21  93  79  86   2   0  21 0.17  0.0    0  6.6 16 210   M    M   2 13     21 230
22  94  78  86   2   0  21 0.00  0.0    0  7.8 16 240   M    M   2        22 200
23  96  77  87   3   0  22 0.00  0.0    0  7.2 17 220   M    M   1        23 220
24  96  78  87   3   0  22 0.00  0.0    0  7.3 14 230   M    M   1        18 240
25  98  78  88   4   0  23    T  0.0    0  6.9 22  30   M    M   1        31  40
26  96  77  87   3   0  22 0.00  0.0    0  4.7 17 250   M    M   1        22 240
27   M   M   M   M   M   M    M    M    M   M   M   M   M    M   M         M  M
================================================================================
SM 2439 1987         0 528  1.94     0.0 142.3          M       50
================================================================================
AV 93.8 76.4                               5.5 FASTST   M    M   2    MAX(MPH)
                                 MISC ---->  # 28 240               # 34  230
================================================================================
NOTES:
# LAST OF SEVERAL OCCURRENCES

COLUMN 17 PEAK WIND IN M.P.H.

PRELIMINARY LOCAL CLIMATOLOGICAL DATA (WS FORM: F-6) , PAGE 2

                                          STATION:  LAFAYETTE
                                          MONTH:    JULY
                                          YEAR:     2015
                                          LATITUDE:   30 12 N
                                          LONGITUDE:  92  0 W

[TEMPERATURE DATA]      [PRECIPITATION DATA]       SYMBOLS USED IN COLUMN 16

AVERAGE MONTHLY: 85.1   TOTAL FOR MONTH:   1.94    1 = FOG OR MIST
DPTR FM NORMAL:   1.6   DPTR FM NORMAL:   -3.67    2 = FOG REDUCING VISIBILITY
HIGHEST:    98 ON 25    GRTST 24HR  0.92 ON 16-16      TO 1/4 MILE OR LESS
LOWEST:     72 ON  6, 5                            3 = THUNDER
                        SNOW, ICE PELLETS, HAIL    4 = ICE PELLETS
                        TOTAL MONTH:   0.0 INCH    5 = HAIL
                        GRTST 24HR     0.0         6 = FREEZING RAIN OR DRIZZLE
                        GRTST DEPTH:   0           7 = DUSTSTORM OR SANDSTORM:
                                                       VSBY 1/2 MILE OR LESS
                                                   8 = SMOKE OR HAZE
[NO. OF DAYS WITH]      [WEATHER - DAYS WITH]      9 = BLOWING SNOW
                                                   X = TORNADO
MAX 32 OR BELOW:   0    0.01 INCH OR MORE:   7
MAX 90 OR ABOVE:  24    0.10 INCH OR MORE:   4
MIN 32 OR BELOW:   0    0.50 INCH OR MORE:   2
MIN  0 OR BELOW:   0    1.00 INCH OR MORE:   0

[HDD (BASE 65) ]
TOTAL THIS MO.     0    CLEAR  (SCALE 0-3)  23
DPTR FM NORMAL     0    PTCLDY (SCALE 4-7)   3
TOTAL FM JUL 1     0    CLOUDY (SCALE 8-10)  0
DPTR FM NORMAL     0

[CDD (BASE 65) ]
TOTAL THIS MO.   528
DPTR FM NORMAL    31    [PRESSURE DATA]
TOTAL FM JAN 1  1722    HIGHEST SLP M ON M
DPTR FM NORMAL   113    LOWEST  SLP 29.87 ON 14

[REMARKS]
