000
CXUS51 KOKX 200702
CF6LGA
PRELIMINARY LOCAL CLIMATOLOGICAL DATA (WS FORM: F-6)

                                          STATION:   LAGUARDIA NY
                                          MONTH:     NOVEMBER
                                          YEAR:      2017
                                          LATITUDE:   40 46 N
                                          LONGITUDE:  73 54 W

  TEMPERATURE IN F:       :PCPN:    SNOW:  WIND      :SUNSHINE: SKY     :PK WND
================================================================================
1   2   3   4   5  6A  6B    7    8   9   10  11  12  13   14  15   16   17  18
                                     12Z  AVG MX 2MIN
DY MAX MIN AVG DEP HDD CDD  WTR  SNW DPTH SPD SPD DIR MIN PSBL S-S WX    SPD DR
================================================================================

 1  59  47  53   0  12   0 0.00  0.0    0  7.2 14 110   M    M   8        17 100
 2  72  58  65  12   0   0 0.00  0.0    0  8.1 18 180   M    M   7 18     24 180
 3  75  53  64  12   1   0 0.00  0.0    0 11.4 25 310   M    M   7        32 330
 4  56  48  52   0  13   0 0.00  0.0    0  9.9 17  50   M    M   7        22  60
 5  62  52  57   5   8   0 0.10  0.0    0  7.8 15  70   M    M  10 1      19  70
 6  66  48  57   6   8   0    T  0.0    0 11.1 24 310   M    M   9        31 280
 7  51  41  46  -5  19   0 0.60  0.0    0 11.2 18 360   M    M   6 1      23 360
 8  50  40  45  -6  20   0    T  0.0    0  9.6 17  20   M    M   9        23  10
 9  56  42  49  -1  16   0    T  0.0    0  8.0 20 250   M    M   6        24 260
10  53  27  40 -10  25   0    T  0.0    0 20.1 30 310   M    M   4        39 310
11  39  26  33 -17  32   0 0.00  0.0    0  9.5 25 310   M    M   4        31 310
12  47  34  41  -9  24   0 0.00  0.0    0  4.7 13 200   M    M   7        15 210
13  50  42  46  -3  19   0 0.05  0.0    0  8.5 14  10   M    M   8        19  60
14  47  39  43  -6  22   0 0.00  0.0    0  9.5 14  10   M    M   6        18 350
15  51  38  45  -3  20   0 0.00  0.0    0  8.8 16 110   M    M   7        19 100
16  59  45  52   4  13   0 0.78  0.0    0 13.0 28 290   M    M   7 1      35 300
17  49  41  45  -3  20   0 0.00  0.0    0 18.6 31 310   M    M   3        39 330
18  56  36  46  -2  19   0 0.12  0.0    0  6.9 18 170   M    M   7        25 180
19  60  40  50   3  15   0 0.23  0.0    0 19.8 36 310   M    M   7 1      45 300
================================================================================
SM 1058  797       306   0  1.88     0.0 203.7          M      129
================================================================================
AV 55.7 42.0                              10.7 FASTST   M    M   7    MAX(MPH)
                                 MISC ---->  # 36 310               # 45  300
================================================================================
NOTES:
# LAST OF SEVERAL OCCURRENCES

COLUMN 17 PEAK WIND IN M.P.H.

PRELIMINARY LOCAL CLIMATOLOGICAL DATA (WS FORM: F-6) , PAGE 2

                                          STATION:  LAGUARDIA NY
                                          MONTH:    NOVEMBER
                                          YEAR:     2017
                                          LATITUDE:   40 46 N
                                          LONGITUDE:  73 54 W

[TEMPERATURE DATA]      [PRECIPITATION DATA]       SYMBOLS USED IN COLUMN 16

AVERAGE MONTHLY: 48.8   TOTAL FOR MONTH:   1.88    1 = FOG OR MIST
DPTR FM NORMAL:  -1.3   DPTR FM NORMAL:   -0.22    2 = FOG REDUCING VISIBILITY
HIGHEST:    75 ON  3    GRTST 24HR  0.78 ON 16-16      TO 1/4 MILE OR LESS
LOWEST:     26 ON 11                               3 = THUNDER
                        SNOW, ICE PELLETS, HAIL    4 = ICE PELLETS
                        TOTAL MONTH:   0.0 INCH    5 = HAIL
                        GRTST 24HR     0.0         6 = FREEZING RAIN OR DRIZZLE
                        GRTST DEPTH:   0           7 = DUSTSTORM OR SANDSTORM:
                                                       VSBY 1/2 MILE OR LESS
                                                   8 = SMOKE OR HAZE
[NO. OF DAYS WITH]      [WEATHER - DAYS WITH]      9 = BLOWING SNOW
                                                   X = TORNADO
MAX 32 OR BELOW:   0    0.01 INCH OR MORE:   6
MAX 90 OR ABOVE:   0    0.10 INCH OR MORE:   5
MIN 32 OR BELOW:   2    0.50 INCH OR MORE:   2
MIN  0 OR BELOW:   0    1.00 INCH OR MORE:   0

[HDD (BASE 65) ]
TOTAL THIS MO.   306    CLEAR  (SCALE 0-3)   1
DPTR FM NORMAL    20    PTCLDY (SCALE 4-7)  14
TOTAL FM JUL 1   391    CLOUDY (SCALE 8-10)  4
DPTR FM NORMAL  -167

[CDD (BASE 65) ]
TOTAL THIS MO.     0
DPTR FM NORMAL     0    [PRESSURE DATA]
TOTAL FM JAN 1  1439    HIGHEST SLP M ON M
DPTR FM NORMAL   226    LOWEST  SLP 29.20 ON 19

[REMARKS]
