000
CXUS55 KLOX 231155
CF6LGB
PRELIMINARY LOCAL CLIMATOLOGICAL DATA (WS FORM: F-6)

                                          STATION:   LONG BEACH AIRPORT CA
                                          MONTH:     MAY
                                          YEAR:      2015
                                          LATITUDE:   33 49 N
                                          LONGITUDE: 118  9 W

  TEMPERATURE IN F:       :PCPN:    SNOW:  WIND      :SUNSHINE: SKY     :PK WND
================================================================================
1   2   3   4   5  6A  6B    7    8   9   10  11  12  13   14  15   16   17  18
                                     12Z  AVG MX 2MIN
DY MAX MIN AVG DEP HDD CDD  WTR  SNW DPTH SPD SPD DIR MIN PSBL S-S WX    SPD DR
================================================================================

 1  88  58  73   9   0   8 0.00  0.0    0  7.1 21 290   M    M   1 18     25 290
 2  83  60  72   8   0   7 0.00  0.0    0  6.5 18 300   M    M   0        22 300
 3  73  59  66   1   0   1 0.00  0.0    0  7.2 18 290   M    M   4        23 290
 4  70  58  64  -1   1   0 0.00  0.0    0  7.1 17 300   M    M   5        22 310
 5  69  59  64  -1   1   0 0.00  0.0    0  6.0 13 220   M    M   7        17 200
 6  71  58  65   0   0   0 0.00  0.0    0  6.5 15 300   M    M   7        19 310
 7  66  56  61  -4   4   0    T  0.0    0  7.8 20 250   M    M   9        25 220
 8  67  52  60  -5   5   0 0.19  0.0    0  5.9 18  10   M    M   7 1      22  10
 9  68  54  61  -4   4   0 0.00  0.0    0  4.5 12 290   M    M   7        14 290
10  76  54  65   0   0   0 0.00  0.0    0  4.7 15 290   M    M   1        17 290
11  78  57  68   3   0   3 0.00  0.0    0  4.6 13 300   M    M   1 18     17 300
12  68  59  64  -1   1   0 0.00  0.0    0  6.7 15 190   M    M   4        20 130
13  68  59  64  -2   1   0 0.00  0.0    0  7.6 14 300   M    M   5        19 140
14  67  56  62  -4   3   0 0.49  0.0    0  4.3 14 210   M    M   5 1      19 210
15  68  55  62  -4   3   0 0.09  0.0    0  5.6 18 290   M    M   5 1      25 290
16  69  54  62  -4   3   0 0.00  0.0    0  6.0 16 150   M    M   3        21 150
17  71  57  64  -2   1   0 0.00  0.0    0  5.0 14 200   M    M   5        18 200
18  72  58  65  -1   0   0 0.00  0.0    0  5.9 15 290   M    M   5        20 290
19  70  56  63  -3   2   0 0.00  0.0    0  5.9 14 220   M    M   2        19 210
20  70  59  65  -1   0   0 0.00  0.0    0  5.4 13 290   M    M   4        18 200
21  70  60  65  -1   0   0 0.00  0.0    0  6.7 16 300   M    M   4        20 300
22  66  59  63  -3   2   0 0.00  0.0    0  6.9 13 310   M    M   8        18 210
================================================================================
SM 1568 1257        31  19  0.77     0.0 133.8          M       99
================================================================================
AV 71.3 57.1                               6.1 FASTST   M    M   5    MAX(MPH)
                                 MISC ---->  # 21 290               # 25  290
================================================================================
NOTES:
# LAST OF SEVERAL OCCURRENCES

COLUMN 17 PEAK WIND IN M.P.H.

PRELIMINARY LOCAL CLIMATOLOGICAL DATA (WS FORM: F-6) , PAGE 2

                                          STATION:  LONG BEACH AIRPORT CA
                                          MONTH:    MAY
                                          YEAR:     2015
                                          LATITUDE:   33 49 N
                                          LONGITUDE: 118  9 W

[TEMPERATURE DATA]      [PRECIPITATION DATA]       SYMBOLS USED IN COLUMN 16

AVERAGE MONTHLY: 64.2   TOTAL FOR MONTH:   0.77    1 = FOG OR MIST
DPTR FM NORMAL:  -1.2   DPTR FM NORMAL:    0.60    2 = FOG REDUCING VISIBILITY
HIGHEST:    88 ON  1    GRTST 24HR  0.58 ON 14-15      TO 1/4 MILE OR LESS
LOWEST:     52 ON  8                               3 = THUNDER
                        SNOW, ICE PELLETS, HAIL    4 = ICE PELLETS
                        TOTAL MONTH:   0.0 INCH    5 = HAIL
                        GRTST 24HR     0.0         6 = FREEZING RAIN OR DRIZZLE
                        GRTST DEPTH:   0           7 = DUSTSTORM OR SANDSTORM:
                                                       VSBY 1/2 MILE OR LESS
                                                   8 = SMOKE OR HAZE
[NO. OF DAYS WITH]      [WEATHER - DAYS WITH]      9 = BLOWING SNOW
                                                   X = TORNADO
MAX 32 OR BELOW:   0    0.01 INCH OR MORE:   3
MAX 90 OR ABOVE:   0    0.10 INCH OR MORE:   2
MIN 32 OR BELOW:   0    0.50 INCH OR MORE:   0
MIN  0 OR BELOW:   0    1.00 INCH OR MORE:   0

[HDD (BASE 65) ]
TOTAL THIS MO.    31    CLEAR  (SCALE 0-3)   5
DPTR FM NORMAL     0    PTCLDY (SCALE 4-7)  16
TOTAL FM JUL 1   532    CLOUDY (SCALE 8-10)  1
DPTR FM NORMAL  -675

[CDD (BASE 65) ]
TOTAL THIS MO.    19
DPTR FM NORMAL   -25    [PRESSURE DATA]
TOTAL FM JAN 1   246    HIGHEST SLP M ON M
DPTR FM NORMAL   155    LOWEST  SLP 29.75 ON M

[REMARKS]
