000
CXUS54 KFWD 290730
CF6LHB
PRELIMINARY LOCAL CLIMATOLOGICAL DATA (WS FORM: F-6)

                                          STATION:   HEARNE
                                          MONTH:     SEPTEMBER
                                          YEAR:      2014
                                          LATITUDE:   30 52 N
                                          LONGITUDE:  96 36 W

  TEMPERATURE IN F:       :PCPN:    SNOW:  WIND      :SUNSHINE: SKY     :PK WND
================================================================================
1   2   3   4   5  6A  6B    7    8   9   10  11  12  13   14  15   16   17  18
                                     12Z  AVG MX 2MIN
DY MAX MIN AVG DEP HDD CDD  WTR  SNW DPTH SPD SPD DIR MIN PSBL S-S WX    SPD DR
================================================================================

 1  97  74  86   M   0  21 0.00  0.0    0  7.7 12 170   M    M   0 1      18 170
 2  96  75  86   M   0  21 0.00  0.0    0  7.0 17 150   M    M   0        28 150
 3  98  74  86   M   0  21 0.00  0.0    0  6.8 12 160   M    M   0        21 160
 4  97  75  86   M   0  21 0.00  0.0    0  5.5 16 180   M    M   0        17 140
 5  97  72  85   M   0  20 0.00  0.0    0  2.5 12 150   M    M   0        16 150
 6  98  72  85   M   0  20 0.04  0.0    0  2.3  7 180   M    M   0 3       M  M
 7  90  73  82   M   0  17 0.01  0.0    0  4.2 15 340   M    M   0 3      24 340
 8  95  69  82   M   0  17 0.00  0.0    0  2.7 10 160   M    M   0 1       M  M
 9  96  72  84   M   0  19 0.00  0.0    0  7.0 13 160   M    M   0 1      18 170
10  99  77  88   M   0  23 0.00  0.0    0 10.0 17 170   M    M   0        23 150
11  98  76  87   M   0  22 0.00  0.0    0  4.8 10 160   M    M   0 3      16 160
12  95  65  80   M   0  15 3.05  0.0    0  5.7 20 350   M    M   0 3      28 350
13  69  61  65   M   0   0 0.02  0.0    0  9.2 15 350   M    M   0 1      20 340
14  79  63  71   M   0   6 0.00  0.0    0  3.7  6 300   M    M   0 1       M  M
15  88  68  78   M   0  13 0.00  0.0    0  3.0  7  50   M    M   0 1       9  50
16  92  74  83   M   0  18 0.03  0.0    0  2.3 12 140   M    M   0         M  M
17  92  74  83   M   0  18 0.11  0.0    0  2.9 16 120   M    M   2 13     23 120
18  85  72  79   M   0  14 1.84  0.0    0  3.5 13  40   M    M   9 3      31  40
19  87  72  80   M   0  15 0.17  0.0    0  3.5  7  80   M    M   7 1       M  M
20  89  73  81   M   0  16 0.00  0.0    0  2.8  8  70   M    M   5         M  M
21  91  68  80   M   0  15 0.00  0.0    0  2.1  7  50   M    M   1         M  M
22  89  69  79   M   0  14 0.00  0.0    0  4.0 10  10   M    M   1        18  30
23  83  63  73   M   0   8 0.00  0.0    0  5.2 10  70   M    M   0         M  M
24  85  55  70   M   0   5 0.00  0.0    0  0.7  7  30   M    M   0         M  M
25  85  58  72   M   0   7 0.00  0.0    0  3.1  9  90   M    M   6         M  M
26  86  67  77   M   0  12 0.00  0.0    0  2.7  9  70   M    M   3         M  M
27  84  68  76   M   0  11    M  0.0    0  2.2 10  50   M    M   5         M  M
28  88  67  78   M   0  13 0.00  0.0    0  3.5  9  30   M    M   5        16  70
================================================================================
SM 2528 1946         0 422  5.27     0.0 120.6          M       44
================================================================================
AV 90.3 69.5                               4.3 FASTST   M    M   2    MAX(MPH)
                                 MISC ---->    20   M                 31    M
================================================================================
NOTES:
# LAST OF SEVERAL OCCURRENCES

COLUMN 17 PEAK WIND IN M.P.H.

PRELIMINARY LOCAL CLIMATOLOGICAL DATA (WS FORM: F-6) , PAGE 2

                                          STATION:  HEARNE
                                          MONTH:    SEPTEMBER
                                          YEAR:     2014
                                          LATITUDE:   30 52 N
                                          LONGITUDE:  96 36 W

[TEMPERATURE DATA]      [PRECIPITATION DATA]       SYMBOLS USED IN COLUMN 16

AVERAGE MONTHLY: 79.9   TOTAL FOR MONTH:   5.27    1 = FOG OR MIST
DPTR FM NORMAL:     M   DPTR FM NORMAL:       M    2 = FOG REDUCING VISIBILITY
HIGHEST:    99 ON 10    GRTST 24HR  3.05 ON 12-12      TO 1/4 MILE OR LESS
LOWEST:     55 ON 24                               3 = THUNDER
                        SNOW, ICE PELLETS, HAIL    4 = ICE PELLETS
                        TOTAL MONTH:   0.0 INCH    5 = HAIL
                        GRTST 24HR     0.0         6 = FREEZING RAIN OR DRIZZLE
                        GRTST DEPTH:   0           7 = DUSTSTORM OR SANDSTORM:
                                                       VSBY 1/2 MILE OR LESS
                                                   8 = SMOKE OR HAZE
[NO. OF DAYS WITH]      [WEATHER - DAYS WITH]      9 = BLOWING SNOW
                                                   X = TORNADO
MAX 32 OR BELOW:   0    0.01 INCH OR MORE:   8
MAX 90 OR ABOVE:  15    0.10 INCH OR MORE:   4
MIN 32 OR BELOW:   0    0.50 INCH OR MORE:   2
MIN  0 OR BELOW:   0    1.00 INCH OR MORE:   2

[HDD (BASE 65) ]
TOTAL THIS MO.     0    CLEAR  (SCALE 0-3)  22
DPTR FM NORMAL     M    PTCLDY (SCALE 4-7)   5
TOTAL FM JUL 1     0    CLOUDY (SCALE 8-10)  1
DPTR FM NORMAL     M

[CDD (BASE 65) ]
TOTAL THIS MO.   422
DPTR FM NORMAL     M    [PRESSURE DATA]
TOTAL FM JAN 1  2249    HIGHEST SLP M ON M
DPTR FM NORMAL     M    LOWEST  SLP M ON M

[REMARKS]
