000
CXUS54 KFWD 290730
CF6LHB
PRELIMINARY LOCAL CLIMATOLOGICAL DATA (WS FORM: F-6)

                                          STATION:   HEARNE
                                          MONTH:     DECEMBER
                                          YEAR:      2014
                                          LATITUDE:   30 52 N
                                          LONGITUDE:  96 36 W

  TEMPERATURE IN F:       :PCPN:    SNOW:  WIND      :SUNSHINE: SKY     :PK WND
================================================================================
1   2   3   4   5  6A  6B    7    8   9   10  11  12  13   14  15   16   17  18
                                     12Z  AVG MX 2MIN
DY MAX MIN AVG DEP HDD CDD  WTR  SNW DPTH SPD SPD DIR MIN PSBL S-S WX    SPD DR
================================================================================

 1  63  42  53   M  12   0 0.00  0.0    0 11.8 22 310   M    M   9 12     28 320
 2  52  38  45   M  20   0 0.00  0.0    0  6.2 16 320   M    M  10        21 320
 3  65  49  57   M   8   0 0.00  0.0    0  3.7  8 150   M    M   9 1       M  M
 4  71  55  63   M   2   0 0.00  0.0    0  3.6  8 150   M    M   9 1       M  M
 5  80  59  70   M   0   5 0.00  0.0    0  7.6 17 200   M    M   7 1      25 200
 6  70  49  60   M   5   0 0.00  0.0    0  6.0 15 330   M    M   3        20 320
 7  55  50  53   M  12   0 0.00  0.0    0  4.4 12 350   M    M  10 1       M  M
 8  62  39  51   M  14   0 0.00  0.0    0  3.1  9 320   M    M   2 12      M  M
 9  66  36  51   M  14   0 0.00  0.0    0  0.4  4 270   M    M   3 12      M  M
10  64  36  50   M  15   0 0.00  0.0    0  2.2  9 160   M    M   6 1       M  M
11  67  56  62   M   3   0 0.07  0.0    0  6.1  9 180   M    M  10 1       M  M
12  73  55  64   M   1   0 0.04  0.0    0  5.6 13 160   M    M   8         M  M
13  73  53  63   M   2   0 0.00  0.0    0  6.0 13 140   M    M   5 12     18 140
14  76  58  67   M   0   2 0.00  0.0    0 10.7 16 150   M    M  10 1      24 150
15  73  49  61   M   4   0 0.00  0.0    0  8.8 16 190   M    M   4        23 170
16  59  38  49   M  16   0 0.00  0.0    0  6.3 15 330   M    M   1        21 330
17  51  40  46   M  19   0 0.44  0.0    0  4.4 13  90   M    M   9        24  90
18  57  48  53   M  12   0 0.00  0.0    0  3.2  9 340   M    M  10 13      M  M
19  56  48  52   M  13   0 1.08  0.0    0  8.9 14 330   M    M  10 13     21 350
20  53  47  50   M  15   0 0.00  0.0    0  3.8  8 350   M    M  10 1       M  M
21  56  47  52   M  13   0 0.00  0.0    0  3.6  8 130   M    M  10 1       M  M
22  74  55  65   M   0   0 0.00  0.0    0  8.7 16 190   M    M   4        22 190
23  56  43  50   M  15   0    M  0.0    0 11.1 24 350   M    M   7        33 350
24  55  33  44   M  21   0 0.00  0.0    0  8.3 18 300   M    M   4        24 300
25  64  31  48   M  17   0 0.00  0.0    0  8.9 18 160   M    M   1        30 160
26  68  54  61   M   4   0 0.00  0.0    0  9.1 13 130   M    M  10        18 130
27  65  40  53   M  12   0 0.02    M    0 12.3 22 310   M    M  10 12     30 310
28  41  29  35   M  30   0 0.12    M    0  7.7 17 330   M    M   8        23 330
================================================================================
SM 1765 1277       299   7  1.77     0.0 182.5          M      199
================================================================================
AV 63.0 45.6                               6.5 FASTST   M    M   7    MAX(MPH)
                                 MISC ---->    24   M                 33    M
================================================================================
NOTES:
# LAST OF SEVERAL OCCURRENCES

COLUMN 17 PEAK WIND IN M.P.H.

PRELIMINARY LOCAL CLIMATOLOGICAL DATA (WS FORM: F-6) , PAGE 2

                                          STATION:  HEARNE
                                          MONTH:    DECEMBER
                                          YEAR:     2014
                                          LATITUDE:   30 52 N
                                          LONGITUDE:  96 36 W

[TEMPERATURE DATA]      [PRECIPITATION DATA]       SYMBOLS USED IN COLUMN 16

AVERAGE MONTHLY: 54.3   TOTAL FOR MONTH:   1.77    1 = FOG OR MIST
DPTR FM NORMAL:     M   DPTR FM NORMAL:       M    2 = FOG REDUCING VISIBILITY
HIGHEST:    80 ON  5    GRTST 24HR  1.08 ON 19-19      TO 1/4 MILE OR LESS
LOWEST:     29 ON 28                               3 = THUNDER
                        SNOW, ICE PELLETS, HAIL    4 = ICE PELLETS
                        TOTAL MONTH:   0.0 INCH    5 = HAIL
                        GRTST 24HR     0.0         6 = FREEZING RAIN OR DRIZZLE
                        GRTST DEPTH:   0           7 = DUSTSTORM OR SANDSTORM:
                                                       VSBY 1/2 MILE OR LESS
                                                   8 = SMOKE OR HAZE
[NO. OF DAYS WITH]      [WEATHER - DAYS WITH]      9 = BLOWING SNOW
                                                   X = TORNADO
MAX 32 OR BELOW:   0    0.01 INCH OR MORE:   6
MAX 90 OR ABOVE:   0    0.10 INCH OR MORE:   3
MIN 32 OR BELOW:   2    0.50 INCH OR MORE:   1
MIN  0 OR BELOW:   0    1.00 INCH OR MORE:   1

[HDD (BASE 65) ]
TOTAL THIS MO.   299    CLEAR  (SCALE 0-3)   4
DPTR FM NORMAL     M    PTCLDY (SCALE 4-7)  10
TOTAL FM JUL 1   653    CLOUDY (SCALE 8-10) 14
DPTR FM NORMAL     M

[CDD (BASE 65) ]
TOTAL THIS MO.     7
DPTR FM NORMAL     M    [PRESSURE DATA]
TOTAL FM JAN 1  2498    HIGHEST SLP M ON M
DPTR FM NORMAL     M    LOWEST  SLP M ON M

[REMARKS]
