000
CXUS55 KPUB 211059
CF6LHX
PRELIMINARY LOCAL CLIMATOLOGICAL DATA (WS FORM: F-6)

                                          STATION:   LA JUNTA CO
                                          MONTH:     SEPTEMBER
                                          YEAR:      2014
                                          LATITUDE:   38  2 N
                                          LONGITUDE: 103 31 W

  TEMPERATURE IN F:       :PCPN:    SNOW:  WIND      :SUNSHINE: SKY     :PK WND
================================================================================
1   2   3   4   5  6A  6B    7    8   9   10  11  12  13   14  15   16   17  18
                                     12Z  AVG MX 2MIN
DY MAX MIN AVG DEP HDD CDD  WTR  SNW DPTH SPD SPD DIR MIN PSBL S-S WX    SPD DR
================================================================================

 1  89  54  72  -1   0   7 0.00  0.0    0  7.8 18 110   M    M   0        23 120
 2  92  59  76   3   0  11 0.00  0.0    0  9.2 24 140   M    M   2        31 140
 3 103  62  83  11   0  18 0.00  0.0    0  9.3 24 200   M    M   0        37 220
 4  89  64  77   5   0  12 0.00  0.0    0 14.6 29 220   M    M   0        36 220
 5  65  51  58 -14   7   0 0.01  0.0    0  9.0 23  40   M    M   9 1      29  40
 6  76  50  63  -9   2   0 0.00  0.0    0  6.5 14 110   M    M   4        22 110
 7  92  50  71   0   0   6 0.00  0.0    0  6.0 15 280   M    M   0        20 150
 8  96  58  77   6   0  12 0.00  0.0    0  8.3 17 260   M    M   1        20 250
 9  99  61  80  10   0  15 0.00  0.0    0 10.8 35  10   M    M   1        46  10
10  78  58  68  -2   0   3 0.02  0.0    0  7.8 17 330   M    M   4 1      22 340
11  68  43  56 -14   9   0 0.22  0.0    0 15.6 29  80   M    M   6 1      35  80
12  49  38  44 -25  21   0 0.10  0.0    0  9.4 24  30   M    M  10 1      29  30
13  76  40  58 -11   7   0 0.00  0.0    0  6.5 15  90   M    M   2        19  80
14  92  52  72   4   0   7 0.00  0.0    0  6.2 14 200   M    M   2 1      19 200
15  66  53  60  -8   5   0 0.00  0.0    0  9.3 23  20   M    M   7        30  20
16  91  50  71   4   0   6 0.00  0.0    0  5.8 13 220   M    M   1        19 110
17  93  53  73   6   0   8 0.00  0.0    0  6.9 14 220   M    M   0        16 160
18  94  51  73   7   0   8 0.00  0.0    0  9.3 24 140   M    M   0        30 140
19  92  52  72   6   0   7 0.00  0.0    0  5.3 13  70   M    M   0 1      16 130
20  90  54  72   7   0   7 0.00  0.0    0  9.5 20  10   M    M   1        25  40
================================================================================
SM 1690 1053        51 127  0.35     0.0 173.1          M       50
================================================================================
AV 84.5 52.7                               8.7 FASTST   M    M   3    MAX(MPH)
                                 MISC ---->  # 35  10               # 46   10
================================================================================
NOTES:
# LAST OF SEVERAL OCCURRENCES

COLUMN 17 PEAK WIND IN M.P.H.

PRELIMINARY LOCAL CLIMATOLOGICAL DATA (WS FORM: F-6) , PAGE 2

                                          STATION:  LA JUNTA CO
                                          MONTH:    SEPTEMBER
                                          YEAR:     2014
                                          LATITUDE:   38  2 N
                                          LONGITUDE: 103 31 W

[TEMPERATURE DATA]      [PRECIPITATION DATA]       SYMBOLS USED IN COLUMN 16

AVERAGE MONTHLY: 68.6   TOTAL FOR MONTH:   0.35    1 = FOG OR MIST
DPTR FM NORMAL:  -1.0   DPTR FM NORMAL:   -0.24    2 = FOG REDUCING VISIBILITY
HIGHEST:   103 ON  3    GRTST 24HR  0.32 ON 11-12      TO 1/4 MILE OR LESS
LOWEST:     38 ON 12                               3 = THUNDER
                        SNOW, ICE PELLETS, HAIL    4 = ICE PELLETS
                        TOTAL MONTH:   0.0 INCH    5 = HAIL
                        GRTST 24HR     0.0         6 = FREEZING RAIN OR DRIZZLE
                        GRTST DEPTH:   0           7 = DUSTSTORM OR SANDSTORM:
                                                       VSBY 1/2 MILE OR LESS
                                                   8 = SMOKE OR HAZE
[NO. OF DAYS WITH]      [WEATHER - DAYS WITH]      9 = BLOWING SNOW
                                                   X = TORNADO
MAX 32 OR BELOW:   0    0.01 INCH OR MORE:   4
MAX 90 OR ABOVE:  11    0.10 INCH OR MORE:   2
MIN 32 OR BELOW:   0    0.50 INCH OR MORE:   0
MIN  0 OR BELOW:   0    1.00 INCH OR MORE:   0

[HDD (BASE 65) ]
TOTAL THIS MO.    51    CLEAR  (SCALE 0-3)  14
DPTR FM NORMAL    26    PTCLDY (SCALE 4-7)   4
TOTAL FM JUL 1    51    CLOUDY (SCALE 8-10)  2
DPTR FM NORMAL    22

[CDD (BASE 65) ]
TOTAL THIS MO.   127
DPTR FM NORMAL    10    [PRESSURE DATA]
TOTAL FM JAN 1  1310    HIGHEST SLP M ON M
DPTR FM NORMAL   115    LOWEST  SLP 29.74 ON  9

[REMARKS]
