000
CXHW51 PHFO 301250
CF6LIH
PRELIMINARY LOCAL CLIMATOLOGICAL DATA (WS FORM: F-6)

                                          STATION:   LIHUE HI
                                          MONTH:     JUNE
                                          YEAR:      2015
                                          LATITUDE:   21 58 N
                                          LONGITUDE: 159 21 W

  TEMPERATURE IN F:       :PCPN:    SNOW:  WIND      :SUNSHINE: SKY     :PK WND
================================================================================
1   2   3   4   5  6A  6B    7    8   9   10  11  12  13   14  15   16   17  18
                                     12Z  AVG MX 2MIN
DY MAX MIN AVG DEP HDD CDD  WTR  SNW DPTH SPD SPD DIR MIN PSBL S-S WX    SPD DR
================================================================================

 1  83  75  79   2   0  14    T  0.0    0 12.3 16  60   M    M   8        23  50
 2  84  75  80   3   0  15 0.00  0.0    0 11.9 17  50   M    M   5        21  50
 3  83  74  79   2   0  14 0.00  0.0    0 12.3 16  70   M    M   6        20  70
 4  83  75  79   1   0  14 0.00  0.0    0 10.4 15  80   M    M   8        18  80
 5  83  72  78   0   0  13 0.00  0.0    0  5.8 10  90   M    M   5        14  70
 6  84  71  78   0   0  13 0.10  0.0    0  6.3 10  40   M    M   2 8      13  30
 7  84  71  78   0   0  13 0.00  0.0    0  8.7 16  40   M    M   4        20  40
 8  84  75  80   2   0  15 0.00  0.0    0 14.1 20  40   M    M   3        23  50
 9  84  72  78   0   0  13 0.02  0.0    0 15.3 23  40   M    M   5        28  40
10  84  71  78   0   0  13 0.15  0.0    0 12.2 20  70   M    M   6 1      26  40
11  83  73  78   0   0  13    T  0.0    0 11.3 18  50   M    M   3        22  40
12  83  70  77  -1   0  12 0.13  0.0    0 11.1 18  50   M    M   3 1      22  50
13  83  68  76  -2   0  11 0.00  0.0    0  8.6 15  40   M    M   3        17  30
14  84  68  76  -2   0  11 0.00  0.0    0  8.9 16  90   M    M   3        20  90
15  84  70  77  -1   0  12    T  0.0    0  9.3 13  70   M    M   6        17  90
16  85  75  80   2   0  15 0.00  0.0    0 12.0 17  40   M    M   3        21  40
17  84  75  80   2   0  15 0.01  0.0    0 14.3 18  50   M    M   8        23  50
18  84  74  79   1   0  14 0.01  0.0    0 14.4 21  40   M    M   8        25  60
19  85  75  80   2   0  15    T  0.0    0 16.3 22  50   M    M   7        26  30
20  84  71  78   0   0  13 0.06  0.0    0 16.5 22  30   M    M   7 18     26  80
21  84  71  78  -1   0  13 0.11  0.0    0 15.1 25  40   M    M   7 1      29  40
22  84  73  79   0   0  14 0.03  0.0    0 12.0 20  70   M    M   7 1      23  70
23  85  75  80   1   0  15 0.01  0.0    0 14.6 22  30   M    M   4        28  20
24  84  74  79   0   0  14 0.01  0.0    0 15.2 22  60   M    M   7        26  60
25  85  74  80   1   0  15 0.04  0.0    0 13.4 21  40   M    M   5        25  40
26  84  75  80   1   0  15 0.00  0.0    0 13.6 17  60   M    M   5        22  50
27  85  75  80   1   0  15    T  0.0    0 11.0 16  40   M    M   5        18  40
28  84  74  79   0   0  14 0.07  0.0    0  9.4 14  70   M    M   4 1      17  90
29  84  71  78  -1   0  13 0.23  0.0    0  5.6 17 100   M    M   6 1      20 100
================================================================================
SM 2434 2112         0 396  0.98     0.0 341.9          M      153
================================================================================
AV 83.9 72.8                              11.8 FASTST   M    M   5    MAX(MPH)
                                 MISC ---->  # 25  40               # 29   40
================================================================================
NOTES:
# LAST OF SEVERAL OCCURRENCES

COLUMN 17 PEAK WIND IN M.P.H.

PRELIMINARY LOCAL CLIMATOLOGICAL DATA (WS FORM: F-6) , PAGE 2

                                          STATION:  LIHUE HI
                                          MONTH:    JUNE
                                          YEAR:     2015
                                          LATITUDE:   21 58 N
                                          LONGITUDE: 159 21 W

[TEMPERATURE DATA]      [PRECIPITATION DATA]       SYMBOLS USED IN COLUMN 16

AVERAGE MONTHLY: 78.4   TOTAL FOR MONTH:   0.98    1 = FOG OR MIST
DPTR FM NORMAL:   0.2   DPTR FM NORMAL:   -0.57    2 = FOG REDUCING VISIBILITY
HIGHEST:    85 ON 27,25 GRTST 24HR  0.23 ON 29-29      TO 1/4 MILE OR LESS
LOWEST:     68 ON 14,13                            3 = THUNDER
                        SNOW, ICE PELLETS, HAIL    4 = ICE PELLETS
                        TOTAL MONTH:   0.0 INCH    5 = HAIL
                        GRTST 24HR     0.0         6 = FREEZING RAIN OR DRIZZLE
                        GRTST DEPTH:   0           7 = DUSTSTORM OR SANDSTORM:
                                                       VSBY 1/2 MILE OR LESS
                                                   8 = SMOKE OR HAZE
[NO. OF DAYS WITH]      [WEATHER - DAYS WITH]      9 = BLOWING SNOW
                                                   X = TORNADO
MAX 32 OR BELOW:   0    0.01 INCH OR MORE:  14
MAX 90 OR ABOVE:   0    0.10 INCH OR MORE:   5
MIN 32 OR BELOW:   0    0.50 INCH OR MORE:   0
MIN  0 OR BELOW:   0    1.00 INCH OR MORE:   0

[HDD (BASE 65) ]
TOTAL THIS MO.     0    CLEAR  (SCALE 0-3)   2
DPTR FM NORMAL     0    PTCLDY (SCALE 4-7)  24
TOTAL FM JUL 1     0    CLOUDY (SCALE 8-10)  3
DPTR FM NORMAL     0

[CDD (BASE 65) ]
TOTAL THIS MO.   396
DPTR FM NORMAL    15    [PRESSURE DATA]
TOTAL FM JAN 1  1819    HIGHEST SLP M ON M
DPTR FM NORMAL   199    LOWEST  SLP 29.92 ON 14

[REMARKS]
