000
CXUS54 KLZK 221130
CF6LIT
PRELIMINARY LOCAL CLIMATOLOGICAL DATA (WS FORM: F-6)

                                          STATION:   Little Rock Adams Field
                                          MONTH:     NOVEMBER
                                          YEAR:      2017
                                          LATITUDE:   34 43 N
                                          LONGITUDE:  92 14 W

  TEMPERATURE IN F:       :PCPN:    SNOW:  WIND      :SUNSHINE: SKY     :PK WND
================================================================================
1   2   3   4   5  6A  6B    7    8   9   10  11  12  13   14  15   16   17  18
                                     12Z  AVG MX 2MIN
DY MAX MIN AVG DEP HDD CDD  WTR  SNW DPTH SPD SPD DIR MIN PSBL S-S WX    SPD DR
================================================================================

 1  67  44  56  -2   9   0 0.07  0.0    0  6.7 15 180   M    M  10 1      19 170
 2  83  64  74  16   0   9 0.00  0.0    0 10.3 23 200   M    M   6 1      33 220
 3  85  62  74  16   0   9 0.01  0.0    0  7.7 17  80   M    M   8 13     22  80
 4  83  59  71  14   0   6    T  0.0    0  7.6 16 190   M    M   8 12     21 230
 5  80  69  75  18   0  10    T  0.0    0 11.3 23 210   M    M   8 1      30 200
 6  71  54  63   7   2   0 0.01  0.0    0  8.1 16  70   M    M  10 1      19  70
 7  56  49  53  -3  12   0    T    M    0  7.8 16  10   M    M  10 1      21  10
 8  52  44  48  -8  17   0    T    M    0  8.2 15  20   M    M  10        21  30
 9  64  38  51  -4  14   0 0.00  0.0    0  4.0  9  30   M    M   3        14  30
10  58  37  48  -7  17   0 0.00  0.0    0  7.8 16  50   M    M   4        20  30
11  63  33  48  -6  17   0 0.00  0.0    0  5.6 13 120   M    M   8        17 120
12  72  51  62   8   3   0 0.00  0.0    0  3.3  9  80   M    M   7        13 290
13  62  41  52  -2  13   0 0.00  0.0    0  7.1 15  60   M    M   3        18  50
14  62  40  51  -2  14   0    T  0.0    0  4.7 10 120   M    M   8 1      13  80
15  61  50  56   3   9   0 0.32  0.0    0  3.1 13 190   M    M   9 12     16 190
16  61  44  53   1  12   0 0.00  0.0    0  5.6 13  70   M    M   8 12     16  70
17  73  51  62  10   3   0 0.00  0.0    0 11.3 23 190   M    M   9        31 200
18  78  42  60   8   5   0 0.01    M    0 18.8 36 290   M    M   7        48 280
19  58  34  46  -5  19   0 0.00  0.0    0  6.7 18 330   M    M   1        25 310
20  59  29  44  -7  21   0 0.00  0.0    0  5.8 13 170   M    M   3 1      19 190
21  62  35  49  -1  16   0 0.00  0.0    0  4.3 15 360   M    M   6        21 350
================================================================================
SM 1410  970       203  34  0.42     0.0 155.8          M      146
================================================================================
AV 67.1 46.2                               7.4 FASTST   M    M   7    MAX(MPH)
                                 MISC ---->  # 36 290               # 48  280
================================================================================
NOTES:
# LAST OF SEVERAL OCCURRENCES

COLUMN 17 PEAK WIND IN M.P.H.

PRELIMINARY LOCAL CLIMATOLOGICAL DATA (WS FORM: F-6) , PAGE 2

                                          STATION:  Little Rock Adams Field
                                          MONTH:    NOVEMBER
                                          YEAR:     2017
                                          LATITUDE:   34 43 N
                                          LONGITUDE:  92 14 W

[TEMPERATURE DATA]      [PRECIPITATION DATA]       SYMBOLS USED IN COLUMN 16

AVERAGE MONTHLY: 56.7   TOTAL FOR MONTH:   0.42    1 = FOG OR MIST
DPTR FM NORMAL:   2.3   DPTR FM NORMAL:   -3.18    2 = FOG REDUCING VISIBILITY
HIGHEST:    85 ON  3    GRTST 24HR  0.32 ON 15-15      TO 1/4 MILE OR LESS
LOWEST:     29 ON 20                               3 = THUNDER
                        SNOW, ICE PELLETS, HAIL    4 = ICE PELLETS
                        TOTAL MONTH:   0.0 INCH    5 = HAIL
                        GRTST 24HR     0.0         6 = FREEZING RAIN OR DRIZZLE
                        GRTST DEPTH:   0           7 = DUSTSTORM OR SANDSTORM:
                                                       VSBY 1/2 MILE OR LESS
                                                   8 = SMOKE OR HAZE
[NO. OF DAYS WITH]      [WEATHER - DAYS WITH]      9 = BLOWING SNOW
                                                   X = TORNADO
MAX 32 OR BELOW:   0    0.01 INCH OR MORE:   5
MAX 90 OR ABOVE:   0    0.10 INCH OR MORE:   1
MIN 32 OR BELOW:   1    0.50 INCH OR MORE:   0
MIN  0 OR BELOW:   0    1.00 INCH OR MORE:   0

[HDD (BASE 65) ]
TOTAL THIS MO.   203    CLEAR  (SCALE 0-3)   1
DPTR FM NORMAL   -30    PTCLDY (SCALE 4-7)  12
TOTAL FM JUL 1   348    CLOUDY (SCALE 8-10)  8
DPTR FM NORMAL   -17

[CDD (BASE 65) ]
TOTAL THIS MO.    34
DPTR FM NORMAL    25    [PRESSURE DATA]
TOTAL FM JAN 1  2028    HIGHEST SLP M ON M
DPTR FM NORMAL  -175    LOWEST  SLP 29.58 ON 18

[REMARKS]
