000
CXUS55 KPIH 011200
CF6LLJ

PRELIMINARY LOCAL CLIMATOLOGICAL DATA (WS FORM: F-6)

                                          STATION:   CHALLIS ID
                                          MONTH:     JUNE
                                          YEAR:      2015
                                          LATITUDE:   44 31 N
                                          LONGITUDE: 114 13 W

  TEMPERATURE IN F:       :PCPN:    SNOW:  WIND      :SUNSHINE: SKY     :PK WND
================================================================================
1   2   3   4   5  6A  6B    7    8   9   10  11  12  13   14  15   16   17  18
                                     12Z  AVG MX 2MIN
DY MAX MIN AVG DEP HDD CDD  WTR  SNW DPTH SPD SPD DIR MIN PSBL S-S WX    SPD DR
================================================================================

 1  63  50  57   1   8   0 0.11    M    M  8.0 33 250   M    M   4 3      42 250
 2  72  45  59   2   6   0 0.05    M    M  7.2 22 320   M    M   5 3      27 330
 3  69  41  55  -2  10   0 0.04    M    M  4.7 35 260   M    M   5 3      44 250
 4  72  42  57   0   8   0    T    M    M  3.4 14 350   M    M   3 3      17 350
 5  76  45  61   4   4   0    T    M    M  4.7 26 160   M    M   1        35 170
 6  81  49  65   7   0   0 0.00    M    M  4.6 15  10   M    M   2        21  70
 7  86  49  68  10   0   3 0.00    M    M  2.7  9 300   M    M   0        13 360
 8  91  52  72  14   0   7 0.00    M    M  3.5 14 160   M    M   0        17 160
 9  84  55  70  12   0   5    T    M    M  4.2 26 210   M    M   1        35 210
10  79  49  64   6   1   0 0.03    M    M  3.7 29 250   M    M   1 3      36 250
11  86  48  67   8   0   2 0.00    M    M  3.8 14 310   M    M   0        17 310
12  86  48  67   8   0   2 0.00    M    M  7.1 21 300   M    M   0        27 230
13  82  43  63   4   2   0 0.00    M    M  6.2 20 280   M    M   0        31 280
14  82  42  62   2   3   0 0.00    M    M   M   M   M   M    M   0         M  M
15  81  43  62   2   3   0    T    M    M  8.1 18 320   M    M   1 3      23 330
16  83  45  64   4   1   0    T    M    M  4.9  7 150   M    M   1         8 150
17  87  49  68   8   0   3 0.00    M    M  6.2 21 260   M    M   1        26 220
18  89  49  69   8   0   4 0.00    M    M  5.7 21 280   M    M   0        27 300
19  84  54  69   8   0   4 0.00    M    M  7.0 24 270   M    M   1        31 260
20  83  44  64   3   1   0 0.00    M    M  6.8 23 240   M    M   0        28 240
21  85  50  68   6   0   3 0.00    M    M  7.2 26 270   M    M   0        39 270
22  83  46  65   3   0   0 0.00    M    M  4.8 14 330   M    M   0        21 310
23  89  47  68   6   0   3 0.00    M    M  4.8 18 280   M    M   0        24 220
24  88  52  70   7   0   5 0.00    M    M  6.2 18 310   M    M   0        23 310
25  91  51  71   8   0   6 0.00    M    M  6.4 20 330   M    M   0        27 330
26  98  52  75  12   0  10 0.00    M    M  3.4 10 250   M    M   0        13 240
27  95  60  78  14   0  13    T    M    M  3.7 32 210   M    M   0 3      43 210
28 100  57  79  15   0  14    T    M    M  3.7 16 330   M    M   0        22 180
29  94  60  77  13   0  12 0.02    M    M  5.1 20 170   M    M   1 3      27 170
30  97  58  78  13   0  13    T    M    M  5.9 17 290   M    M   1        22 290
================================================================================
SM 2536 1475        47 109  0.25    M    153.7          M       28
================================================================================
AV 84.5 49.2                               5.3 FASTST   M    M   1    MAX(MPH)
                                 MISC ---->  # 35 260               # 44  250
================================================================================
NOTES:
# LAST OF SEVERAL OCCURRENCES

COLUMN 17 PEAK WIND IN M.P.H.

PRELIMINARY LOCAL CLIMATOLOGICAL DATA (WS FORM: F-6) , PAGE 2

                                          STATION:  CHALLIS ID
                                          MONTH:    JUNE
                                          YEAR:     2015
                                          LATITUDE:   44 31 N
                                          LONGITUDE: 114 13 W

[TEMPERATURE DATA]      [PRECIPITATION DATA]       SYMBOLS USED IN COLUMN 16

AVERAGE MONTHLY: 66.8   TOTAL FOR MONTH:   0.25    1 = FOG OR MIST
DPTR FM NORMAL:   6.6   DPTR FM NORMAL:   -1.38    2 = FOG REDUCING VISIBILITY
HIGHEST:   100 ON 28    GRTST 24HR  0.16 ON  1- 2      TO 1/4 MILE OR LESS
LOWEST:     41 ON  3                               3 = THUNDER
                        SNOW, ICE PELLETS, HAIL    4 = ICE PELLETS
                        TOTAL MONTH:    M          5 = HAIL
                        GRTST 24HR    M  ON   M    6 = FREEZING RAIN OR DRIZZLE
                        GRTST DEPTH:  M  ON   M    7 = DUSTSTORM OR SANDSTORM:
                                                       VSBY 1/2 MILE OR LESS
                                                   8 = SMOKE OR HAZE
[NO. OF DAYS WITH]      [WEATHER - DAYS WITH]      9 = BLOWING SNOW
                                                   X = TORNADO
MAX 32 OR BELOW:   0    0.01 INCH OR MORE:   5
MAX 90 OR ABOVE:   7    0.10 INCH OR MORE:   1
MIN 32 OR BELOW:   0    0.50 INCH OR MORE:   0
MIN  0 OR BELOW:   0    1.00 INCH OR MORE:   0

[HDD (BASE 65) ]
TOTAL THIS MO.    47    CLEAR  (SCALE 0-3)  27
DPTR FM NORMAL  -118    PTCLDY (SCALE 4-7)   3
TOTAL FM JUL 1  6848    CLOUDY (SCALE 8-10)  0
DPTR FM NORMAL -1313

[CDD (BASE 65) ]
TOTAL THIS MO.   109
DPTR FM NORMAL    87    [PRESSURE DATA]
TOTAL FM JAN 1   112    HIGHEST SLP 30.13 ON 26
DPTR FM NORMAL    88    LOWEST  SLP 29.66 ON 21

[REMARKS]
