000
CXUS54 KLZK 291130
CF6LLQ
PRELIMINARY LOCAL CLIMATOLOGICAL DATA (WS FORM: F-6)

                                          STATION:   Monticello
                                          MONTH:     JULY
                                          YEAR:      2015
                                          LATITUDE:   33 37 N
                                          LONGITUDE:  91 45 W

  TEMPERATURE IN F:       :PCPN:    SNOW:  WIND      :SUNSHINE: SKY     :PK WND
================================================================================
1   2   3   4   5  6A  6B    7    8   9   10  11  12  13   14  15   16   17  18
                                     12Z  AVG MX 2MIN
DY MAX MIN AVG DEP HDD CDD  WTR  SNW DPTH SPD SPD DIR MIN PSBL S-S WX    SPD DR
================================================================================

 1  90  72  81  -1   0  16 0.00  0.0    0  8.6 16 210   M    M   1        22 210
 2  91  75  83   1   0  18 0.00  0.0    0  9.2 18 220   M    M   0        27 240
 3  85  73  79  -3   0  14 0.12  0.0    0  6.4 15 240   M    M   3 13     19 250
 4  80  69  75  -7   0  10 1.79  0.0    0  5.6 23 280   M    M   3 13     32 290
 5  79  67  73  -9   0   8 0.06  0.0    0  3.7 14 170   M    M   5 13     20 130
 6  90  66  78  -4   0  13 0.00  0.0    0  5.1 15 210   M    M   3        19 220
 7  92  76  84   2   0  19 0.00  0.0    0  8.4 16 210   M    M   1        21 200
 8  93  73  83   1   0  18 0.00  0.0    0  8.5 16 190   M    M   2        24 200
 9  93  75  84   2   0  19 0.00  0.0    0  7.2 14 220   M    M   0        20 220
10  93  76  85   3   0  20 0.00  0.0    0  5.1 10 170   M    M   0        18 210
11  94  76  85   3   0  20 0.00  0.0    0  4.2  9 240   M    M   2        13 230
12  94  78  86   4   0  21 0.00  0.0    0  4.8 10 220   M    M   1        15 280
13  94  78  86   4   0  21 0.00  0.0    0  6.2 13 230   M    M   1        17 230
14  95  77  86   4   0  21 0.00  0.0    0  7.3 13 230   M    M   1        19 220
15  96  77  87   5   0  22    T  0.0    0  5.8 12 240   M    M   3 3      17 270
16  95  75  85   3   0  20 0.00  0.0    0  3.5 12 220   M    M   1        16 200
17  96  79  88   6   0  23 0.00  0.0    0  5.5 12 210   M    M   1        17 190
18  96  78  87   5   0  22 0.00  0.0    0  5.0 14 260   M    M   1        17 260
19  98  76  87   5   0  22 0.00  0.0    0  3.9 12 290   M    M   1 8      17 270
20  98  77  88   6   0  23 0.00  0.0    0  5.7 12 250   M    M   0        16 270
21  96  78  87   5   0  22 0.00  0.0    0  3.6 10 240   M    M   2        14 220
22  94  77  86   4   0  21 0.02  0.0    0  4.8 15 240   M    M   2 13     21 140
23  96  78  87   5   0  22 0.00  0.0    0  5.4 13 250   M    M   2        17 200
24  97  79  88   6   0  23 0.00  0.0    0  5.9 14 260   M    M   0        21 260
25  98  77  88   6   0  23 0.00  0.0    0  3.9 17  90   M    M   2 3      26  60
26  97  74  86   4   0  21 0.00  0.0    0  2.4 12  80   M    M   1        15 100
27  99  75  87   5   0  22 0.00  0.0    0  2.5 10 120   M    M   1 1      13 120
28  98  76  87   5   0  22 0.00  0.0    0  2.6  8 140   M    M   1        12 290
================================================================================
SM 2617 2107         0 546  1.99     0.0 150.8          M       41
================================================================================
AV 93.5 75.2                               5.4 FASTST   M    M   1    MAX(MPH)
                                 MISC ---->  # 23 280               # 32  290
================================================================================
NOTES:
# LAST OF SEVERAL OCCURRENCES

COLUMN 17 PEAK WIND IN M.P.H.

PRELIMINARY LOCAL CLIMATOLOGICAL DATA (WS FORM: F-6) , PAGE 2

                                          STATION:  Monticello
                                          MONTH:    JULY
                                          YEAR:     2015
                                          LATITUDE:   33 37 N
                                          LONGITUDE:  91 45 W

[TEMPERATURE DATA]      [PRECIPITATION DATA]       SYMBOLS USED IN COLUMN 16

AVERAGE MONTHLY: 84.4   TOTAL FOR MONTH:   1.99    1 = FOG OR MIST
DPTR FM NORMAL:   2.4   DPTR FM NORMAL:   -1.25    2 = FOG REDUCING VISIBILITY
HIGHEST:    99 ON 27    GRTST 24HR  1.91 ON  3- 4      TO 1/4 MILE OR LESS
LOWEST:     66 ON  6                               3 = THUNDER
                        SNOW, ICE PELLETS, HAIL    4 = ICE PELLETS
                        TOTAL MONTH:   0.0 INCH    5 = HAIL
                        GRTST 24HR     0.0         6 = FREEZING RAIN OR DRIZZLE
                        GRTST DEPTH:   0           7 = DUSTSTORM OR SANDSTORM:
                                                       VSBY 1/2 MILE OR LESS
                                                   8 = SMOKE OR HAZE
[NO. OF DAYS WITH]      [WEATHER - DAYS WITH]      9 = BLOWING SNOW
                                                   X = TORNADO
MAX 32 OR BELOW:   0    0.01 INCH OR MORE:   4
MAX 90 OR ABOVE:  25    0.10 INCH OR MORE:   2
MIN 32 OR BELOW:   0    0.50 INCH OR MORE:   1
MIN  0 OR BELOW:   0    1.00 INCH OR MORE:   1

[HDD (BASE 65) ]
TOTAL THIS MO.     0    CLEAR  (SCALE 0-3)  26
DPTR FM NORMAL     0    PTCLDY (SCALE 4-7)   2
TOTAL FM JUL 1     0    CLOUDY (SCALE 8-10)  0
DPTR FM NORMAL     0

[CDD (BASE 65) ]
TOTAL THIS MO.   546
DPTR FM NORMAL    71    [PRESSURE DATA]
TOTAL FM JAN 1  1369    HIGHEST SLP M ON M
DPTR FM NORMAL   149    LOWEST  SLP 29.76 ON 14

[REMARKS]
ALL SNOWFALL DATA IS FROM THE UNIVERSITY OF ARKANSAS AT MONTICELLO COOPERATIVE OBSERVER SITE
ALL SNOWFALL DATA IS FROM THE UNIVERSITY OF ARKANSAS AT MONTICELLO COOPERATIVE OBSERVER SITE
