000
CXUS55 KRIW 290901
CF6LND
PRELIMINARY LOCAL CLIMATOLOGICAL DATA (WS FORM: F-6)

                                          STATION:   LANDER WY
                                          MONTH:     AUGUST
                                          YEAR:      2014
                                          LATITUDE:   42 49 N
                                          LONGITUDE: 108 44 W

  TEMPERATURE IN F:       :PCPN:    SNOW:  WIND      :SUNSHINE: SKY     :PK WND
================================================================================
1   2   3   4   5  6A  6B    7    8   9   10  11  12  13   14  15   16   17  18
                                     12Z  AVG MX 2MIN
DY MAX MIN AVG DEP HDD CDD  WTR  SNW DPTH SPD SPD DIR MIN PSBL S-S WX    SPD DR
================================================================================

 1  89  54  72   0   0   7 0.00  0.0    0  6.7 18 330   M    M   1        24 320
 2  90  55  73   1   0   8 0.00  0.0    0  4.8 20 310   M    M   1        37 320
 3  89  55  72   0   0   7 0.00  0.0    0  5.6 14 240   M    M   0        17 240
 4  77  57  67  -5   0   2 0.43  0.0    0  5.8 16 200   M    M   7 1      20 190
 5  81  54  68  -4   0   3 0.20  0.0    0  5.5 23 240   M    M   4 1      28 320
 6  78  55  67  -5   0   2 0.02  0.0    0  5.2 15 260   M    M   4        21 320
 7  82  51  67  -5   0   2    T  0.0    0  5.3 24 340   M    M   2        33 340
 8  82  52  67  -5   0   2    T  0.0    0  5.1 20 340   M    M   3        25 340
 9  82  52  67  -4   0   2 0.00  0.0    0  6.9 20 210   M    M   1        25 210
10  85  54  70  -1   0   5 0.00  0.0    0  4.8 13 230   M    M   1        15 240
11  91  56  74   3   0   9 0.00  0.0    0  5.2 16 240   M    M   1        21 160
12  94  59  77   6   0  12 0.00  0.0    0  4.6 21 330   M    M   0        25 340
13  91  63  77   6   0  12 0.02  0.0    0  9.6 32 200   M    M   2        40 210
14  82  59  71   1   0   6 0.11  0.0    0  6.1 32 310   M    M   4 1      41 320
15  87  53  70   0   0   5 0.00  0.0    0  4.8 20 340   M    M   0        24 330
16  89  54  72   2   0   7 0.00  0.0    0  7.1 21 300   M    M   0        26 310
17  90  55  73   3   0   8 0.00  0.0    0 10.2 28 290   M    M   1        37 280
18  88  56  72   2   0   7 0.00  0.0    0  6.5 16 230   M    M   0        19 230
19  83  53  68  -1   0   3 0.02  0.0    0  5.6 22 260   M    M   2        30 260
20  82  55  69   0   0   4    T  0.0    0  7.2 30 270   M    M   3        37 290
21  79  54  67  -2   0   2 0.02  0.0    0  7.9 25 210   M    M   4        32 210
22  71  49  60  -9   5   0 0.21  0.0    0  6.9 20 330   M    M   5 1      25 340
23  67  45  56 -12   9   0 0.10  0.0    0  6.1 21 320   M    M   4 1      25 320
24  74  43  59  -9   6   0 0.00  0.0    0  4.3 16  30   M    M   3        19  30
25  70  47  59  -9   6   0    T  0.0    0  5.6 16 130   M    M   3        18 140
26  75  46  61  -6   4   0 0.01  0.0    0  5.4 15 240   M    M   3        16 240
27  62  55  59  -8   6   0 0.30  0.0    0  6.2 15 230   M    M   7 1      18 300
28  81  48  65  -2   0   0 0.00  0.0    0  6.2 17 140   M    M   1        22 150
================================================================================
SM 2291 1489        36 115  1.44     0.0 171.2          M       67
================================================================================
AV 81.8 53.2                               6.1 FASTST   M    M   2    MAX(MPH)
                                 MISC ---->  # 32 200               # 41  320
================================================================================
NOTES:
# LAST OF SEVERAL OCCURRENCES

COLUMN 17 PEAK WIND IN M.P.H.

PRELIMINARY LOCAL CLIMATOLOGICAL DATA (WS FORM: F-6) , PAGE 2

                                          STATION:  LANDER WY
                                          MONTH:    AUGUST
                                          YEAR:     2014
                                          LATITUDE:   42 49 N
                                          LONGITUDE: 108 44 W

[TEMPERATURE DATA]      [PRECIPITATION DATA]       SYMBOLS USED IN COLUMN 16

AVERAGE MONTHLY: 67.5   TOTAL FOR MONTH:   1.44    1 = FOG OR MIST
DPTR FM NORMAL:  -2.6   DPTR FM NORMAL:    0.88    2 = FOG REDUCING VISIBILITY
HIGHEST:    94 ON 12    GRTST 24HR  0.44 ON  4- 5      TO 1/4 MILE OR LESS
LOWEST:     43 ON 24                               3 = THUNDER
                        SNOW, ICE PELLETS, HAIL    4 = ICE PELLETS
                        TOTAL MONTH:   0.0 INCH    5 = HAIL
                        GRTST 24HR     0.0         6 = FREEZING RAIN OR DRIZZLE
                        GRTST DEPTH:   0           7 = DUSTSTORM OR SANDSTORM:
                                                       VSBY 1/2 MILE OR LESS
                                                   8 = SMOKE OR HAZE
[NO. OF DAYS WITH]      [WEATHER - DAYS WITH]      9 = BLOWING SNOW
                                                   X = TORNADO
MAX 32 OR BELOW:   0    0.01 INCH OR MORE:  11
MAX 90 OR ABOVE:   5    0.10 INCH OR MORE:   6
MIN 32 OR BELOW:   0    0.50 INCH OR MORE:   0
MIN  0 OR BELOW:   0    1.00 INCH OR MORE:   0

[HDD (BASE 65) ]
TOTAL THIS MO.    36    CLEAR  (SCALE 0-3)  19
DPTR FM NORMAL    19    PTCLDY (SCALE 4-7)   9
TOTAL FM JUL 1    39    CLOUDY (SCALE 8-10)  0
DPTR FM NORMAL     6

[CDD (BASE 65) ]
TOTAL THIS MO.   115
DPTR FM NORMAL   -42    [PRESSURE DATA]
TOTAL FM JAN 1   398    HIGHEST SLP M ON M
DPTR FM NORMAL   -36    LOWEST  SLP 29.84 ON 20

[REMARKS]
