000
CXUS53 KMKX 260656
CF6LNR
PRELIMINARY LOCAL CLIMATOLOGICAL DATA (WS FORM: F-6)

                                          STATION:   LONE ROCK WI
                                          MONTH:     MARCH
                                          YEAR:      2015
                                          LATITUDE:   43 12 N
                                          LONGITUDE:  90 11 W

  TEMPERATURE IN F:       :PCPN:    SNOW:  WIND      :SUNSHINE: SKY     :PK WND
================================================================================
1   2   3   4   5  6A  6B    7    8   9   10  11  12  13   14  15   16   17  18
                                     12Z  AVG MX 2MIN
DY MAX MIN AVG DEP HDD CDD  WTR  SNW DPTH SPD SPD DIR MIN PSBL S-S WX    SPD DR
================================================================================

 1  29   4  17 -11  48   0    T    M    M  6.3 20 280   M    M   5 18     24 270
 2  29  -3  13 -15  52   0 0.00  0.0    0  3.7 13 200   M    M   3        13 190
 3  32  19  26  -3  39   0 0.02    M    0  9.7 21 300   M    M  10 18     27 290
 4  19   4  12 -17  53   0 0.00  0.0    0 13.2 26 280   M    M   0        31 290
 5  15  -8   4 -26  61   0 0.00  0.0    0  4.7 12 270   M    M   0        15 240
 6  31  -8  12 -18  53   0 0.00  0.0    0  5.9 17 200   M    M   2 1      22 230
 7  45  10  28  -2  37   0 0.00  0.0    0  6.3 21 280   M    M   2 18     26 290
 8  47  26  37   6  28   0 0.00  0.0    0  4.5 16 270   M    M   2        23 260
 9  52  24  38   7  27   0 0.00  0.0    0  4.6 18 220   M    M   0 1      28 240
10  58  27  43  11  22   0 0.00  0.0    0  3.9 13 220   M    M   2 128    17 210
11  60  28  44  12  21   0 0.00  0.0    0  3.6 10 340   M    M   0 18     14 330
12  59  26  43  10  22   0 0.00  0.0    0  8.0 21 180   M    M   0        27 190
13  68  30  49  16  16   0 0.00  0.0    0  7.1 17 300   M    M   0 18     19 300
14  61  30  46  12  19   0 0.00  0.0    0  9.5 24 340   M    M   0        31 340
15  64  25  45  11  20   0 0.00  0.0    0  5.6 21 210   M    M   0        29 220
16  76  33  55  21  10   0 0.00  0.0    0  8.6 28 360   M    M   1 8      36 360
17  47  23  35   0  30   0 0.00  0.0    0 10.8 26 360   M    M   0        36  10
18  50  22  36   1  29   0 0.00  0.0    0  1.3  7 280   M    M   4        10 290
19  50  33  42   6  23   0 0.00  0.0    0  5.2 17 190   M    M   9        21 190
20  58  37  48  12  17   0 0.00  0.0    0  7.3 20 280   M    M   5        25 280
21  51  32  42   5  23   0 0.00  0.0    0  9.5 21 340   M    M   1        29 360
22  34  24  29  -8  36   0 0.16    M    0  7.2 18 100   M    M   8 12     22 100
23  33  13  23 -14  42   0 0.11    M    M  9.4 20  80   M    M   8 1      23  90
24  37   6  22 -16  43   0 0.26    M    M  8.2 22 100   M    M   5 1268   25 100
25  43  30  37  -1  28   0 0.03    M    M 11.4 25 270   M    M   8 16     33 280
================================================================================
SM 1148  487       799   0  0.58     0.0 175.5          M       75
================================================================================
AV 45.9 19.5                               7.0 FASTST   M    M   3    MAX(MPH)
                                 MISC ---->  # 28 360               # 36  360
================================================================================
NOTES:
# LAST OF SEVERAL OCCURRENCES

COLUMN 17 PEAK WIND IN M.P.H.

PRELIMINARY LOCAL CLIMATOLOGICAL DATA (WS FORM: F-6) , PAGE 2

                                          STATION:  LONE ROCK WI
                                          MONTH:    MARCH
                                          YEAR:     2015
                                          LATITUDE:   43 12 N
                                          LONGITUDE:  90 11 W

[TEMPERATURE DATA]      [PRECIPITATION DATA]       SYMBOLS USED IN COLUMN 16

AVERAGE MONTHLY: 32.7   TOTAL FOR MONTH:   0.58    1 = FOG OR MIST
DPTR FM NORMAL:  -0.4   DPTR FM NORMAL:   -0.83    2 = FOG REDUCING VISIBILITY
HIGHEST:    76 ON 16    GRTST 24HR  0.26 ON 24-24      TO 1/4 MILE OR LESS
LOWEST:     -8 ON  6, 5                            3 = THUNDER
                        SNOW, ICE PELLETS, HAIL    4 = ICE PELLETS
                        TOTAL MONTH:   0.0 INCH    5 = HAIL
                        GRTST 24HR     0.0         6 = FREEZING RAIN OR DRIZZLE
                        GRTST DEPTH:   0           7 = DUSTSTORM OR SANDSTORM:
                                                       VSBY 1/2 MILE OR LESS
                                                   8 = SMOKE OR HAZE
[NO. OF DAYS WITH]      [WEATHER - DAYS WITH]      9 = BLOWING SNOW
                                                   X = TORNADO
MAX 32 OR BELOW:   6    0.01 INCH OR MORE:   5
MAX 90 OR ABOVE:   0    0.10 INCH OR MORE:   3
MIN 32 OR BELOW:  22    0.50 INCH OR MORE:   0
MIN  0 OR BELOW:   3    1.00 INCH OR MORE:   0

[HDD (BASE 65) ]
TOTAL THIS MO.   799    CLEAR  (SCALE 0-3)  16
DPTR FM NORMAL     2    PTCLDY (SCALE 4-7)   5
TOTAL FM JUL 1  6237    CLOUDY (SCALE 8-10)  4
DPTR FM NORMAL  -102

[CDD (BASE 65) ]
TOTAL THIS MO.     0
DPTR FM NORMAL     0    [PRESSURE DATA]
TOTAL FM JAN 1     0    HIGHEST SLP M ON M
DPTR FM NORMAL     0    LOWEST  SLP 29.63 ON  3

[REMARKS]
