000
CXUS53 KARX 280930
CF6LSE
PRELIMINARY LOCAL CLIMATOLOGICAL DATA (WS FORM: F-6)

                                          STATION:   LA CROSSE WI
                                          MONTH:     APRIL
                                          YEAR:      2016
                                          LATITUDE:   43 52 N
                                          LONGITUDE:  91 15 W

  TEMPERATURE IN F:       :PCPN:    SNOW:  WIND      :SUNSHINE: SKY     :PK WND
================================================================================
1   2   3   4   5  6A  6B    7    8   9   10  11  12  13   14  15   16   17  18
                                     12Z  AVG MX 2MIN
DY MAX MIN AVG DEP HDD CDD  WTR  SNW DPTH SPD SPD DIR MIN PSBL S-S WX    SPD DR
================================================================================

 1  47  30  39  -3  26   0 0.01    T    0 11.0 26 320   M    M   7 12     32 320
 2  38  31  35  -7  30   0 0.03  0.6    1 17.5 40 320   M    M   7 1      52 320
 3  75  33  54  11  11   0    T  0.0    0 13.6 24 300   M    M   4        31 320
 4  44  28  36  -7  29   0    T    T    0  8.3 16 340   M    M   7        21 340
 5  41  27  34 -10  31   0 0.04    T    0 11.6 26 150   M    M   6 4      31 150
 6  47  37  42  -2  23   0 0.09  0.0    0 10.3 21 340   M    M  10 1      26 350
 7  46  35  41  -4  24   0 0.01    T    0  9.9 22 340   M    M  10 1      29 330
 8  41  26  34 -11  31   0    T    T    0 18.5 31 330   M    M   8 1      39 320
 9  42  20  31 -15  34   0 0.00  0.0    0 10.7 22 150   M    M   1        28 150
10  62  37  50   4  15   0 0.00  0.0    0 12.4 24 320   M    M   3        30 310
11  46  31  39  -8  26   0 0.00  0.0    0 16.0 28 310   M    M   3        36 310
12  52  25  39  -8  26   0 0.00  0.0    0  5.8 15 160   M    M   3        20 170
13  64  43  54   6  11   0 0.03  0.0    0 13.0 22 180   M    M   6        29 180
14  71  45  58  10   7   0 0.00  0.0    0 12.4 21 180   M    M   1        27 180
15  76  48  62  14   3   0 0.00  0.0    0 10.4 21 170   M    M   0        28 170
16  82  52  67  18   0   2 0.00  0.0    0  9.0 20 200   M    M   2        25 180
17  83  58  71  22   0   6 0.00  0.0    0  7.1 17 190   M    M   4        21 180
18  83  52  68  18   0   3    T  0.0    0  6.5 15 160   M    M   1        21 210
19  62  49  56   6   9   0 0.05  0.0    0  7.1 13  90   M    M  10        18  70
20  72  45  59   8   6   0 0.06  0.0    0  6.2 21 170   M    M   7 1      28 180
21  73  49  61  10   4   0 0.01  0.0    0  5.5 22 330   M    M   4 123    25 320
22  64  46  55   3  10   0 0.00  0.0    0  7.8 23 330   M    M   5        27 330
23  69  44  57   5   8   0 0.00  0.0    0  9.5 18 180   M    M   2        23 170
24  69  54  62  10   3   0 0.02  0.0    0  8.3 16 150   M    M   5        20  80
25  79  51  65  12   0   0 0.02  0.0    0 11.4 23 170   M    M   6        28 160
26  51  44  48  -5  17   0 0.00  0.0    0  9.5 17  60   M    M   9        24  80
27  57  40  49  -5  16   0 0.20  0.0    0 10.1 22  80   M    M   5        31  80
================================================================================
SM 1636 1080       400  11  0.57     0.6 279.4          M      136
================================================================================
AV 60.6 40.0                              10.3 FASTST   M    M   5    MAX(MPH)
                                 MISC ---->  # 40 320               # 52  320
================================================================================
NOTES:
# LAST OF SEVERAL OCCURRENCES

COLUMN 17 PEAK WIND IN M.P.H.

PRELIMINARY LOCAL CLIMATOLOGICAL DATA (WS FORM: F-6) , PAGE 2

                                          STATION:  LA CROSSE WI
                                          MONTH:    APRIL
                                          YEAR:     2016
                                          LATITUDE:   43 52 N
                                          LONGITUDE:  91 15 W

[TEMPERATURE DATA]      [PRECIPITATION DATA]       SYMBOLS USED IN COLUMN 16

AVERAGE MONTHLY: 50.3   TOTAL FOR MONTH:   0.57    1 = FOG OR MIST
DPTR FM NORMAL:   2.4   DPTR FM NORMAL:   -2.40    2 = FOG REDUCING VISIBILITY
HIGHEST:    83 ON 18,17 GRTST 24HR  0.27 ON 31- 1      TO 1/4 MILE OR LESS
LOWEST:     20 ON  9                               3 = THUNDER
                        SNOW, ICE PELLETS, HAIL    4 = ICE PELLETS
                        TOTAL MONTH:   0.6 INCH    5 = HAIL
                        GRTST 24HR   0.6 ON   M    6 = FREEZING RAIN OR DRIZZLE
                        GRTST DEPTH:   1 ON  2     7 = DUSTSTORM OR SANDSTORM:
                                                       VSBY 1/2 MILE OR LESS
                                                   8 = SMOKE OR HAZE
[NO. OF DAYS WITH]      [WEATHER - DAYS WITH]      9 = BLOWING SNOW
                                                   X = TORNADO
MAX 32 OR BELOW:   0    0.01 INCH OR MORE:  12
MAX 90 OR ABOVE:   0    0.10 INCH OR MORE:   1
MIN 32 OR BELOW:   8    0.50 INCH OR MORE:   0
MIN  0 OR BELOW:   0    1.00 INCH OR MORE:   0

[HDD (BASE 65) ]
TOTAL THIS MO.   400    CLEAR  (SCALE 0-3)   8
DPTR FM NORMAL   -66    PTCLDY (SCALE 4-7)  15
TOTAL FM JUL 1  5699    CLOUDY (SCALE 8-10)  4
DPTR FM NORMAL -1220

[CDD (BASE 65) ]
TOTAL THIS MO.    11
DPTR FM NORMAL    11    [PRESSURE DATA]
TOTAL FM JAN 1    11    HIGHEST SLP M ON M
DPTR FM NORMAL    11    LOWEST  SLP 29.44 ON  3

[REMARKS]
