000
CXUS53 KARX 310930
CF6LSE
PRELIMINARY LOCAL CLIMATOLOGICAL DATA (WS FORM: F-6)

                                          STATION:   LA CROSSE WI
                                          MONTH:     JULY
                                          YEAR:      2015
                                          LATITUDE:   43 52 N
                                          LONGITUDE:  91 15 W

  TEMPERATURE IN F:       :PCPN:    SNOW:  WIND      :SUNSHINE: SKY     :PK WND
================================================================================
1   2   3   4   5  6A  6B    7    8   9   10  11  12  13   14  15   16   17  18
                                     12Z  AVG MX 2MIN
DY MAX MIN AVG DEP HDD CDD  WTR  SNW DPTH SPD SPD DIR MIN PSBL S-S WX    SPD DR
================================================================================

 1  72  53  63 -10   2   0 0.00  0.0    0  3.6 10  80   M    M   0        13  70
 2  77  51  64  -9   1   0 0.00  0.0    0  4.8 10  80   M    M   0 12     14 100
 3  79  54  67  -7   0   2 0.00  0.0    0  4.6  9 250   M    M   1 1      12 140
 4  84  62  73  -1   0   8 0.00  0.0    0  6.9 13 190   M    M   1 18     17 170
 5  85  64  75   1   0  10 0.00  0.0    0 10.5 20 170   M    M   0 1      26 180
 6  78  59  69  -5   0   4 0.40  0.0    0 10.8 23 340   M    M   7 138    29 340
 7  72  57  65  -9   0   0 0.00  0.0    0  7.9 16 360   M    M   8 18     20 340
 8  74  55  65  -9   0   0 0.00  0.0    0  5.0 15 160   M    M   4        23 210
 9  80  54  67  -7   0   2 0.00  0.0    0  4.4 10 210   M    M   1        14 200
10  83  60  72  -2   0   7 0.00  0.0    0  7.1 13 180   M    M   0 1      16 190
11  81  65  73  -1   0   8    T  0.0    0  6.3 15 150   M    M   4 1      19 150
12  89  67  78   4   0  13 0.00  0.0    0  9.2 20 180   M    M   7        23 180
13  90  66  78   4   0  13 0.98  0.0    0  6.5 38 340   M    M   2 138    48 350
14  85  65  75   1   0  10 0.00  0.0    0  8.1 16 350   M    M   3        20 340
15  79  60  70  -4   0   5 0.00  0.0    0  6.3 14 220   M    M   1        16 130
16  72  64  68  -6   0   3 0.27  0.0    0  8.2 14 180   M    M   7 13     18 170
17  92  69  81   7   0  16 0.00  0.0    0  5.0 10 270   M    M   3 1      15 250
18  91  68  80   6   0  15 0.89  0.0    0  8.2 39 310   M    M   2 13     49 310
19  84  65  75   1   0  10 0.00  0.0    0  7.6 18 320   M    M   0        27 310
20  85  63  74   0   0   9 0.03  0.0    0  9.8 23 250   M    M   2 13     30 250
21  82  58  70  -4   0   5 0.00  0.0    0  6.3 13 320   M    M   0        17 300
22  84  61  73  -1   0   8 0.00  0.0    0  5.7 12 230   M    M   1        15 230
23  85  62  74   0   0   9 0.00  0.0    0  5.8 13 200   M    M   0        18 200
24  84  67  76   2   0  11 0.33  0.0    0  8.9 25 160   M    M   3 13     34 160
25  89  69  79   5   0  14 0.00  0.0    0  4.7 10 360   M    M   1 1      14 310
26  85  67  76   3   0  11    T  0.0    0  6.0 14 140   M    M   1        16 150
27  87  66  77   4   0  12 0.00  0.0    0  7.3 15 150   M    M   1        18 150
28  86  71  79   6   0  14 0.72  0.0    0  8.9 18 110   M    M   3 13     25 100
29  85  68  77   4   0  12 0.00  0.0    0 13.8 29 280   M    M   1        39 280
30  87  65  76   3   0  11 0.00  0.0    0  9.2 22 280   M    M   0        27 300
================================================================================
SM 2486 1875         3 242  3.62     0.0 217.4          M       64
================================================================================
AV 82.9 62.5                               7.2 FASTST   M    M   2    MAX(MPH)
                                 MISC ---->  # 39 310               # 49  310
================================================================================
NOTES:
# LAST OF SEVERAL OCCURRENCES

COLUMN 17 PEAK WIND IN M.P.H.

PRELIMINARY LOCAL CLIMATOLOGICAL DATA (WS FORM: F-6) , PAGE 2

                                          STATION:  LA CROSSE WI
                                          MONTH:    JULY
                                          YEAR:     2015
                                          LATITUDE:   43 52 N
                                          LONGITUDE:  91 15 W

[TEMPERATURE DATA]      [PRECIPITATION DATA]       SYMBOLS USED IN COLUMN 16

AVERAGE MONTHLY: 72.7   TOTAL FOR MONTH:   3.62    1 = FOG OR MIST
DPTR FM NORMAL:  -1.1   DPTR FM NORMAL:   -0.50    2 = FOG REDUCING VISIBILITY
HIGHEST:    92 ON 17    GRTST 24HR  0.98 ON 12-13      TO 1/4 MILE OR LESS
LOWEST:     51 ON  2                               3 = THUNDER
                        SNOW, ICE PELLETS, HAIL    4 = ICE PELLETS
                        TOTAL MONTH:   0.0 INCH    5 = HAIL
                        GRTST 24HR     0.0         6 = FREEZING RAIN OR DRIZZLE
                        GRTST DEPTH:   0           7 = DUSTSTORM OR SANDSTORM:
                                                       VSBY 1/2 MILE OR LESS
                                                   8 = SMOKE OR HAZE
[NO. OF DAYS WITH]      [WEATHER - DAYS WITH]      9 = BLOWING SNOW
                                                   X = TORNADO
MAX 32 OR BELOW:   0    0.01 INCH OR MORE:   7
MAX 90 OR ABOVE:   3    0.10 INCH OR MORE:   6
MIN 32 OR BELOW:   0    0.50 INCH OR MORE:   3
MIN  0 OR BELOW:   0    1.00 INCH OR MORE:   0

[HDD (BASE 65) ]
TOTAL THIS MO.     3    CLEAR  (SCALE 0-3)  23
DPTR FM NORMAL     3    PTCLDY (SCALE 4-7)   7
TOTAL FM JUL 1     3    CLOUDY (SCALE 8-10)  0
DPTR FM NORMAL     3

[CDD (BASE 65) ]
TOTAL THIS MO.   242
DPTR FM NORMAL   -23    [PRESSURE DATA]
TOTAL FM JAN 1   474    HIGHEST SLP M ON M
DPTR FM NORMAL    -5    LOWEST  SLP 29.52 ON 13

[REMARKS]
