000
CXUS53 KARX 230938
CF6LSE
PRELIMINARY LOCAL CLIMATOLOGICAL DATA (WS FORM: F-6)

                                          STATION:   LA CROSSE WI
                                          MONTH:     OCTOBER
                                          YEAR:      2014
                                          LATITUDE:   43 52 N
                                          LONGITUDE:  91 15 W

  TEMPERATURE IN F:       :PCPN:    SNOW:  WIND      :SUNSHINE: SKY     :PK WND
================================================================================
1   2   3   4   5  6A  6B    7    8   9   10  11  12  13   14  15   16   17  18
                                     12Z  AVG MX 2MIN
DY MAX MIN AVG DEP HDD CDD  WTR  SNW DPTH SPD SPD DIR MIN PSBL S-S WX    SPD DR
================================================================================

 1  65  49  57   1   8   0    T  0.0    0  5.8 13 140   M    M   9         M  M
 2  68  57  63   7   2   0 1.36  0.0    0  7.4 24 320   M    M  10 128    32 310
 3  57  41  49  -6  16   0    T  0.0    0 18.8 29 290   M    M   9        37 280
 4  54  38  46  -9  19   0 0.09  0.0    0 15.0 26 320   M    M   7        33 310
 5  54  35  45  -9  20   0 0.00  0.0    0  6.9 17 260   M    M   6        21 280
 6  60  38  49  -5  16   0 0.00  0.0    0  9.1 18 220   M    M   3        27 230
 7  66  43  55   1  10   0 0.00  0.0    0  7.0 21 290   M    M   4        28 310
 8  66  40  53   0  12   0 0.00  0.0    0  8.4 24 300   M    M   1        30 310
 9  58  37  48  -5  17   0 0.00  0.0    0  5.5 13 310   M    M   0        15 340
10  59  32  46  -6  19   0 0.00  0.0    0  3.4 10 310   M    M   0 1      12 300
11  59  32  46  -6  19   0 0.00  0.0    0  3.4  8 160   M    M   2 12     11 150
12  61  38  50  -2  15   0    T  0.0    0  7.8 16 150   M    M   4        21 160
13  58  53  56   5   9   0 0.87  0.0    0  6.6 18 360   M    M  10 1      25 340
14  55  51  53   2  12   0 0.96  0.0    0 15.7 22 350   M    M   9 1      29 340
15  69  43  56   6   9   0 0.00  0.0    0  7.8 18 340   M    M   3 1      23 350
16  70  41  56   6   9   0 0.00  0.0    0  6.9 15 170   M    M   3 12     18 160
17  59  48  54   4  11   0    T  0.0    0 12.7 24 310   M    M   8 1      29 310
18  56  37  47  -2  18   0 0.00  0.0    0  8.6 17 360   M    M   5        22 360
19  64  35  50   1  15   0 0.00  0.0    0  9.2 23 200   M    M   0        29 210
20  67  41  54   5  11   0 0.00  0.0    0  5.5 20 330   M    M   1 8      24 320
21  59  36  48   0  17   0 0.00  0.0    0  4.2 12  80   M    M   0 1      14  90
22  61  35  48   0  17   0    T  0.0    0  8.6 16 160   M    M   2        20 160
================================================================================
SM 1345  900       301   0  3.28     0.0 184.3          M       96
================================================================================
AV 61.1 40.9                               8.4 FASTST   M    M   4    MAX(MPH)
                                 MISC ---->  # 29 290               # 37  280
================================================================================
NOTES:
# LAST OF SEVERAL OCCURRENCES

COLUMN 17 PEAK WIND IN M.P.H.

PRELIMINARY LOCAL CLIMATOLOGICAL DATA (WS FORM: F-6) , PAGE 2

                                          STATION:  LA CROSSE WI
                                          MONTH:    OCTOBER
                                          YEAR:     2014
                                          LATITUDE:   43 52 N
                                          LONGITUDE:  91 15 W

[TEMPERATURE DATA]      [PRECIPITATION DATA]       SYMBOLS USED IN COLUMN 16

AVERAGE MONTHLY: 51.0   TOTAL FOR MONTH:   3.28    1 = FOG OR MIST
DPTR FM NORMAL:  -0.8   DPTR FM NORMAL:    1.67    2 = FOG REDUCING VISIBILITY
HIGHEST:    70 ON 16    GRTST 24HR  1.75 ON 13-14      TO 1/4 MILE OR LESS
LOWEST:     32 ON 11,10                            3 = THUNDER
                        SNOW, ICE PELLETS, HAIL    4 = ICE PELLETS
                        TOTAL MONTH:   0.0 INCH    5 = HAIL
                        GRTST 24HR     0.0         6 = FREEZING RAIN OR DRIZZLE
                        GRTST DEPTH:   0           7 = DUSTSTORM OR SANDSTORM:
                                                       VSBY 1/2 MILE OR LESS
                                                   8 = SMOKE OR HAZE
[NO. OF DAYS WITH]      [WEATHER - DAYS WITH]      9 = BLOWING SNOW
                                                   X = TORNADO
MAX 32 OR BELOW:   0    0.01 INCH OR MORE:   4
MAX 90 OR ABOVE:   0    0.10 INCH OR MORE:   3
MIN 32 OR BELOW:   2    0.50 INCH OR MORE:   3
MIN  0 OR BELOW:   0    1.00 INCH OR MORE:   1

[HDD (BASE 65) ]
TOTAL THIS MO.   301    CLEAR  (SCALE 0-3)   9
DPTR FM NORMAL     5    PTCLDY (SCALE 4-7)   8
TOTAL FM JUL 1   423    CLOUDY (SCALE 8-10)  5
DPTR FM NORMAL   -33

[CDD (BASE 65) ]
TOTAL THIS MO.     0
DPTR FM NORMAL    -7    [PRESSURE DATA]
TOTAL FM JAN 1   822    HIGHEST SLP M ON M
DPTR FM NORMAL    41    LOWEST  SLP 29.48 ON M

[REMARKS]
