000
CXUS54 KHGX 201415
CF6LVJ
PRELIMINARY LOCAL CLIMATOLOGICAL DATA (WS FORM: F-6)

                                          STATION:   HOUSTON/CLOVER_FIELD
                                          MONTH:     FEBRUARY
                                          YEAR:      2018
                                          LATITUDE:   29 31 N
                                          LONGITUDE:  95 14 W

  TEMPERATURE IN F:       :PCPN:    SNOW:  WIND      :SUNSHINE: SKY     :PK WND
================================================================================
1   2   3   4   5  6A  6B    7    8   9   10  11  12  13   14  15   16   17  18
                                     12Z  AVG MX 2MIN
DY MAX MIN AVG DEP HDD CDD  WTR  SNW DPTH SPD SPD DIR MIN PSBL S-S WX    SPD DR
================================================================================

 1  78  53  66  11   0   1 0.00  0.0    0  5.5 17 340   M    M   5 12     24 220
 2  65  51  58   3   7   0 0.00  0.0    0 11.9 22  30   M    M  10        30  30
 3  57  48  53  -2  12   0 0.05  0.0    0  6.3 16 100   M    M  10 12     20 110
 4  71  55  63   8   2   0 0.00  0.0    0  5.6 15  40   M    M  10 18     19  30
 5  59  53  56   1   9   0 0.00  0.0    0  6.7 14 100   M    M   8 12     17  80
 6  74  57  66  11   0   1 0.04  0.0    0  7.4 17 180   M    M  10 12     22 170
 7  70  44  57   1   8   0 0.31    M    0 12.5 18  20   M    M  10 13     26 350
 8  53  41  47  -9  18   0 0.00  0.0    0  5.9 16  20   M    M   9        20  20
 9  74  53  64   8   1   0 0.01  0.0    0  4.8 15 150   M    M  10 1      19 140
10  70  57  64   8   1   0 2.19  0.0    0  4.6 12 160   M    M   8 123    16 160
11  57  39  48  -8  17   0 0.03  0.0    0 11.9 21 340   M    M  10 13     26 350
12  47  37  42 -14  23   0 0.00  0.0    0 10.0 16  20   M    M  10 1      21  40
13  57  45  51  -5  14   0 0.11    M    0  6.9 13  80   M    M  10 12     15  90
14  78  57  68  11   0   3 0.00  0.0    0  7.1 16 190   M    M   9 12     23 190
15  79  66  73  16   0   8 0.00  0.0    0 10.2 21 180   M    M   9 1      26 200
16  84  68  76  19   0  11 0.00  0.0    0  6.8 14 160   M    M   9 1      19 210
17  80  63  72  15   0   7    T  0.0    0  6.2 15  20   M    M   9 1      19 220
18  79  61  70  13   0   5 0.00  0.0    0  8.4 17 160   M    M   8 1      23 160
19  78  67  73  15   0   8 0.00  0.0    0 13.8 23 160   M    M   9        31 180
================================================================================
SM 1310 1015       112  44  2.74     0.0 152.5          M      173
================================================================================
AV 69.0 53.4                               8.0 FASTST   M    M   9    MAX(MPH)
                                 MISC ---->  # 23 160               # 31  180
================================================================================
NOTES:
# LAST OF SEVERAL OCCURRENCES

COLUMN 17 PEAK WIND IN M.P.H.

PRELIMINARY LOCAL CLIMATOLOGICAL DATA (WS FORM: F-6) , PAGE 2

                                          STATION:  HOUSTON/CLOVER_FIELD
                                          MONTH:    FEBRUARY
                                          YEAR:     2018
                                          LATITUDE:   29 31 N
                                          LONGITUDE:  95 14 W

[TEMPERATURE DATA]      [PRECIPITATION DATA]       SYMBOLS USED IN COLUMN 16

AVERAGE MONTHLY: 61.2   TOTAL FOR MONTH:   2.74    1 = FOG OR MIST
DPTR FM NORMAL:   5.1   DPTR FM NORMAL:    0.49    2 = FOG REDUCING VISIBILITY
HIGHEST:    84 ON 16    GRTST 24HR  2.19 ON 10-10      TO 1/4 MILE OR LESS
LOWEST:     37 ON 12                               3 = THUNDER
                        SNOW, ICE PELLETS, HAIL    4 = ICE PELLETS
                        TOTAL MONTH:   0.0 INCH    5 = HAIL
                        GRTST 24HR     0.0         6 = FREEZING RAIN OR DRIZZLE
                        GRTST DEPTH:   0           7 = DUSTSTORM OR SANDSTORM:
                                                       VSBY 1/2 MILE OR LESS
                                                   8 = SMOKE OR HAZE
[NO. OF DAYS WITH]      [WEATHER - DAYS WITH]      9 = BLOWING SNOW
                                                   X = TORNADO
MAX 32 OR BELOW:   0    0.01 INCH OR MORE:   7
MAX 90 OR ABOVE:   0    0.10 INCH OR MORE:   3
MIN 32 OR BELOW:   0    0.50 INCH OR MORE:   1
MIN  0 OR BELOW:   0    1.00 INCH OR MORE:   1

[HDD (BASE 65) ]
TOTAL THIS MO.   112    CLEAR  (SCALE 0-3)   0
DPTR FM NORMAL   -70    PTCLDY (SCALE 4-7)   3
TOTAL FM JUL 1  1036    CLOUDY (SCALE 8-10) 16
DPTR FM NORMAL   -16

[CDD (BASE 65) ]
TOTAL THIS MO.    44
DPTR FM NORMAL    29    [PRESSURE DATA]
TOTAL FM JAN 1    47    HIGHEST SLP M ON M
DPTR FM NORMAL    23    LOWEST  SLP 29.79 ON 10

[REMARKS]
