000
CXUS54 KHGX 281515
CF6LVJ
PRELIMINARY LOCAL CLIMATOLOGICAL DATA (WS FORM: F-6)

                                          STATION:   HOUSTON/CLOVER_FIELD
                                          MONTH:     MARCH
                                          YEAR:      2017
                                          LATITUDE:   29 31 N
                                          LONGITUDE:  95 14 W

  TEMPERATURE IN F:       :PCPN:    SNOW:  WIND      :SUNSHINE: SKY     :PK WND
================================================================================
1   2   3   4   5  6A  6B    7    8   9   10  11  12  13   14  15   16   17  18
                                     12Z  AVG MX 2MIN
DY MAX MIN AVG DEP HDD CDD  WTR  SNW DPTH SPD SPD DIR MIN PSBL S-S WX    SPD DR
================================================================================

 1  88  65  77  17   0  12    T  0.0    0 10.0 22 330   M    M   6 18     29 340
 2  69  53  61   1   4   0 0.00  0.0    0 10.5 21  60   M    M   0        26  60
 3  70  48  59  -1   6   0    T    M    0 10.0 23 100   M    M   1        29  80
 4  68  58  63   3   2   0 0.04  0.0    0  9.0 18 100   M    M   8        26  90
 5  71  65  68   8   0   3 1.71  0.0    0 11.8 20 140   M    M  10 13     25 110
 6  78  69  74  14   0   9 0.21  0.0    0 13.9 24 170   M    M  10 18     35 160
 7  83  64  74  13   0   9    T  0.0    0  9.3 20  60   M    M   9 138    25  60
 8  72  63  68   7   0   3 0.00  0.0    0  8.9 18 100   M    M  10 18     23 100
 9  79  67  73  12   0   8    T  0.0    0  7.8 17 170   M    M   8 1      23 170
10  79  69  74  13   0   9 0.01  0.0    0  5.6 14 180   M    M   3 18     18 180
11  74  66  70   8   0   5 0.39  0.0    0  7.1 18 110   M    M   8 1      23 110
12  66  51  59  -3   6   0 0.12  0.0    0 10.8 22  20   M    M   8 1      29  20
13  71  52  62   0   3   0 0.00  0.0    0  7.3 21  20   M    M   6        24  20
14  71  47  59  -3   6   0 0.00  0.0    0  4.2 12  10   M    M   0 8      17  10
15  67  49  58  -4   7   0 0.00  0.0    0  7.9 18 100   M    M   3        24  80
16  76  62  69   7   0   4    T  0.0    0 11.1 22 160   M    M   9        29 170
17  79  67  73  10   0   8 0.00  0.0    0 10.3 21 160   M    M   6        28 150
18  82  61  72   9   0   7    T  0.0    0  4.4 15 180   M    M   6 12     20 170
19  84  63  74  11   0   9 0.00  0.0    0  5.0 15 160   M    M   3 12     22 150
20  86  65  76  13   0  11 0.00  0.0    0  6.0 15 180   M    M   2 18     19 190
21  85  61  73   9   0   8 0.00  0.0    0  6.4 17 180   M    M   0 18     20 200
22  84  61  73   9   0   8 0.00  0.0    0  4.6 16 160   M    M   5 12     22 150
23  85  64  75  11   0  10 0.00  0.0    0  9.2 20 150   M    M   2 1      28 130
24  81  72  77  13   0  12 0.10  0.0    0 14.6 28 170   M    M   6 38     38 170
25  84  71  78  14   0  13 0.02  0.0    0  6.5 16 200   M    M   4 138    22 190
26  84  68  76  11   0  11 0.00  0.0    0  8.6 21 170   M    M   6 128    28 170
27  86  73  80  15   0  15 0.00  0.0    0  8.2 18 170   M    M   7 18     25 180
================================================================================
SM 2102 1674        34 174  2.60     0.0 229.0          M      146
================================================================================
AV 77.9 62.0                               8.5 FASTST   M    M   5    MAX(MPH)
                                 MISC ---->  # 28 170               # 38  170
================================================================================
NOTES:
# LAST OF SEVERAL OCCURRENCES

COLUMN 17 PEAK WIND IN M.P.H.

PRELIMINARY LOCAL CLIMATOLOGICAL DATA (WS FORM: F-6) , PAGE 2

                                          STATION:  HOUSTON/CLOVER_FIELD
                                          MONTH:    MARCH
                                          YEAR:     2017
                                          LATITUDE:   29 31 N
                                          LONGITUDE:  95 14 W

[TEMPERATURE DATA]      [PRECIPITATION DATA]       SYMBOLS USED IN COLUMN 16

AVERAGE MONTHLY: 69.9   TOTAL FOR MONTH:   2.60    1 = FOG OR MIST
DPTR FM NORMAL:   7.8   DPTR FM NORMAL:    0.05    2 = FOG REDUCING VISIBILITY
HIGHEST:    88 ON  1    GRTST 24HR  1.71 ON  5- 5      TO 1/4 MILE OR LESS
LOWEST:     47 ON 14                               3 = THUNDER
                        SNOW, ICE PELLETS, HAIL    4 = ICE PELLETS
                        TOTAL MONTH:   0.0 INCH    5 = HAIL
                        GRTST 24HR     0.0         6 = FREEZING RAIN OR DRIZZLE
                        GRTST DEPTH:   0           7 = DUSTSTORM OR SANDSTORM:
                                                       VSBY 1/2 MILE OR LESS
                                                   8 = SMOKE OR HAZE
[NO. OF DAYS WITH]      [WEATHER - DAYS WITH]      9 = BLOWING SNOW
                                                   X = TORNADO
MAX 32 OR BELOW:   0    0.01 INCH OR MORE:   8
MAX 90 OR ABOVE:   0    0.10 INCH OR MORE:   5
MIN 32 OR BELOW:   0    0.50 INCH OR MORE:   1
MIN  0 OR BELOW:   0    1.00 INCH OR MORE:   1

[HDD (BASE 65) ]
TOTAL THIS MO.    34    CLEAR  (SCALE 0-3)   7
DPTR FM NORMAL   -91    PTCLDY (SCALE 4-7)  14
TOTAL FM JUL 1   464    CLOUDY (SCALE 8-10)  6
DPTR FM NORMAL  -780

[CDD (BASE 65) ]
TOTAL THIS MO.   174
DPTR FM NORMAL   130    [PRESSURE DATA]
TOTAL FM JAN 1   410    HIGHEST SLP M ON M
DPTR FM NORMAL   336    LOWEST  SLP 29.79 ON 26

[REMARKS]
