436
CXUS56 KMTR 231000
CF6LVK
PRELIMINARY LOCAL CLIMATOLOGICAL DATA (WS FORM: F-6)

                                          STATION:   LIVERMORE AIRPORT
                                          MONTH:     APRIL
                                          YEAR:      2017
                                          LATITUDE:   37 42 N
                                          LONGITUDE: 121 49 W

  TEMPERATURE IN F:       :PCPN:    SNOW:  WIND      :SUNSHINE: SKY     :PK WND
================================================================================
1   2   3   4   5  6A  6B    7    8   9   10  11  12  13   14  15   16   17  18
                                     12Z  AVG MX 2MIN
DY MAX MIN AVG DEP HDD CDD  WTR  SNW DPTH SPD SPD DIR MIN PSBL S-S WX    SPD DR
================================================================================

 1  74  49  62   8   3   0 0.00  0.0    0  6.2 17 360   M    M   0        23 340
 2  78  46  62   8   3   0 0.00  0.0    0  3.3 13 280   M    M   0        18  20
 3  74  42  58   4   7   0 0.00  0.0    0  4.1 14 290   M    M   0        17 290
 4  74  43  59   5   6   0 0.00  0.0    0  4.3 12 300   M    M   1        14 290
 5  77  49  63   8   2   0 0.00  0.0    0  3.8 17 270   M    M   0        21 270
 6  64  52  58   3   7   0 0.54  0.0    0  9.0 37 200   M    M   7 1      54 200
 7  64  47  56   1   9   0 0.64    M    0  9.2 21 220   M    M   7 1      30 200
 8  55  39  47  -8  18   0 0.09  0.0    0 10.0 24 270   M    M   3 1      32 290
 9  64  36  50  -5  15   0 0.00  0.0    0  4.3 15 280   M    M   0        19 280
10  69  38  54  -1  11   0 0.00  0.0    0  3.6 15 270   M    M   1        18 270
11  69  53  61   5   4   0 0.00  0.0    0  5.5 20 220   M    M   8        25 180
12  65  51  58   2   7   0 0.05  0.0    0  7.4 20 250   M    M   8 1      27 230
13  61  44  53  -3  12   0 0.10    M    0 12.1 25 260   M    M   5 1      30 270
14  63  40  52  -4  13   0 0.00  0.0    0  3.9 12  20   M    M   1        16  50
15  67  38  53  -3  12   0 0.00  0.0    0  4.4 14  80   M    M   0        18  50
16  62  46  54  -3  11   0 0.14    M    0  2.7 14 220   M    M   6 18     17 220
17  64  53  59   2   6   0 0.21  0.0    0  4.6 15 280   M    M   9 1      18 290
18  67  49  58   1   7   0 0.03    M    0  4.5 17 280   M    M   6 1      20 280
19  69  42  56  -1   9   0 0.03    M    0  5.0 18 270   M    M   2        22 260
20  69  50  60   2   5   0 0.19  0.0    0  3.0 13 340   M    M   3 12     17 280
21  77  44  61   3   4   0 0.00  0.0    0  4.1 14 280   M    M   0        19  80
22  69  43  56  -2   9   0 0.00  0.0    0  6.1 17 270   M    M   1        21 270
================================================================================
SM 1495  994       180   0  2.02     0.0 121.1          M       68
================================================================================
AV 68.0 45.2                               5.5 FASTST   M    M   3    MAX(MPH)
                                 MISC ---->  # 37 200               # 54  200
================================================================================
NOTES:
# LAST OF SEVERAL OCCURRENCES

COLUMN 17 PEAK WIND IN M.P.H.

PRELIMINARY LOCAL CLIMATOLOGICAL DATA (WS FORM: F-6) , PAGE 2

                                          STATION:  LIVERMORE AIRPORT
                                          MONTH:    APRIL
                                          YEAR:     2017
                                          LATITUDE:   37 42 N
                                          LONGITUDE: 121 49 W

[TEMPERATURE DATA]      [PRECIPITATION DATA]       SYMBOLS USED IN COLUMN 16

AVERAGE MONTHLY: 56.6   TOTAL FOR MONTH:   2.02    1 = FOG OR MIST
DPTR FM NORMAL:   0.8   DPTR FM NORMAL:    1.21    2 = FOG REDUCING VISIBILITY
HIGHEST:    78 ON  2    GRTST 24HR  0.72 ON  6- 7      TO 1/4 MILE OR LESS
LOWEST:     36 ON  9                               3 = THUNDER
                        SNOW, ICE PELLETS, HAIL    4 = ICE PELLETS
                        TOTAL MONTH:   0.0 INCH    5 = HAIL
                        GRTST 24HR     0.0         6 = FREEZING RAIN OR DRIZZLE
                        GRTST DEPTH:   0           7 = DUSTSTORM OR SANDSTORM:
                                                       VSBY 1/2 MILE OR LESS
                                                   8 = SMOKE OR HAZE
[NO. OF DAYS WITH]      [WEATHER - DAYS WITH]      9 = BLOWING SNOW
                                                   X = TORNADO
MAX 32 OR BELOW:   0    0.01 INCH OR MORE:  10
MAX 90 OR ABOVE:   0    0.10 INCH OR MORE:   6
MIN 32 OR BELOW:   0    0.50 INCH OR MORE:   2
MIN  0 OR BELOW:   0    1.00 INCH OR MORE:   0

[HDD (BASE 65) ]
TOTAL THIS MO.   180    CLEAR  (SCALE 0-3)  14
DPTR FM NORMAL   -27    PTCLDY (SCALE 4-7)   6
TOTAL FM JUL 1  2314    CLOUDY (SCALE 8-10)  2
DPTR FM NORMAL  -257

[CDD (BASE 65) ]
TOTAL THIS MO.     0
DPTR FM NORMAL     0    [PRESSURE DATA]
TOTAL FM JAN 1     0    HIGHEST SLP M ON M
DPTR FM NORMAL    -1    LOWEST  SLP 29.70 ON  6

[REMARKS]
