000
CXUS56 KMTR 271000
CF6LVK
PRELIMINARY LOCAL CLIMATOLOGICAL DATA (WS FORM: F-6)

                                          STATION:   LIVERMORE AIRPORT
                                          MONTH:     MAY
                                          YEAR:      2015
                                          LATITUDE:   37 42 N
                                          LONGITUDE: 121 49 W

  TEMPERATURE IN F:       :PCPN:    SNOW:  WIND      :SUNSHINE: SKY     :PK WND
================================================================================
1   2   3   4   5  6A  6B    7    8   9   10  11  12  13   14  15   16   17  18
                                     12Z  AVG MX 2MIN
DY MAX MIN AVG DEP HDD CDD  WTR  SNW DPTH SPD SPD DIR MIN PSBL S-S WX    SPD DR
================================================================================

 1  90  54  72  12   0   7 0.00  0.0    0  6.4 21 280   M    M   0        24 280
 2  83  54  69   9   0   4 0.00  0.0    0  8.1 16 290   M    M   0        22 280
 3  74  51  63   3   2   0 0.00  0.0    0  9.9 22 300   M    M   1        26 300
 4  69  51  60   0   5   0 0.00  0.0    0 10.2 23 290   M    M   4        26 290
 5  72  50  61   0   4   0 0.00  0.0    0  8.7 21 290   M    M   1        24 300
 6  75  50  63   2   2   0 0.00  0.0    0  8.5 17 220   M    M   2        24 220
 7  63  50  57  -4   8   0 0.05  0.0    0  4.8 17 230   M    M   5        23 210
 8  75  45  60  -1   5   0 0.00  0.0    0  5.5 16 290   M    M   1        18 290
 9  74  53  64   3   1   0 0.00  0.0    0  9.0 18 300   M    M   5        22 290
10  74  52  63   1   2   0 0.00  0.0    0  9.5 20 290   M    M   4        23 290
11  68  52  60  -2   5   0 0.00  0.0    0 11.6 25 230   M    M   2        31 220
12  67  51  59  -3   6   0 0.00  0.0    0 11.7 22 260   M    M   3        26 230
13  68  51  60  -2   5   0 0.00  0.0    0 10.0 20 250   M    M   4        23 250
14  69  53  61  -1   4   0 0.42  0.0    0  4.6 16 140   M    M   6 13     20 140
15  67  51  59  -3   6   0 0.00  0.0    0  8.4 18 250   M    M   5        25 260
16  70  55  63   1   2   0 0.00  0.0    0 10.5 21 290   M    M   6        25 280
17  68  55  62  -1   3   0 0.00  0.0    0 10.0 20 280   M    M   7        23 280
18  67  55  61  -2   4   0 0.00  0.0    0 10.4 20 270   M    M  10        23 280
19  69  55  62  -1   3   0 0.00  0.0    0 10.1 20 280   M    M   7        23 270
20  68  55  62  -1   3   0 0.00  0.0    0 11.5 21 270   M    M   8        26 260
21  73  54  64   1   1   0 0.00  0.0    0 10.8 21 280   M    M   8 8      25 280
22  71  56  64   1   1   0 0.00  0.0    0 11.2 21 280   M    M   8        25 290
23  71  54  63   0   2   0 0.00  0.0    0  9.3 18 290   M    M   7        23 280
24  74  51  63  -1   2   0 0.00  0.0    0  9.0 23 290   M    M   2        28 290
25  72  55  64   0   1   0 0.00  0.0    0 11.9 22 290   M    M   6        26 280
26  72  56  64   0   1   0 0.00  0.0    0 12.6 23 290   M    M   5        29 290
================================================================================
SM 1863 1369        78  11  0.47     0.0 244.2          M      117
================================================================================
AV 71.7 52.7                               9.4 FASTST   M    M   5    MAX(MPH)
                                 MISC ---->  # 25 230               # 31  220
================================================================================
NOTES:
# LAST OF SEVERAL OCCURRENCES

COLUMN 17 PEAK WIND IN M.P.H.

PRELIMINARY LOCAL CLIMATOLOGICAL DATA (WS FORM: F-6) , PAGE 2

                                          STATION:  LIVERMORE AIRPORT
                                          MONTH:    MAY
                                          YEAR:     2015
                                          LATITUDE:   37 42 N
                                          LONGITUDE: 121 49 W

[TEMPERATURE DATA]      [PRECIPITATION DATA]       SYMBOLS USED IN COLUMN 16

AVERAGE MONTHLY: 62.2   TOTAL FOR MONTH:   0.47    1 = FOG OR MIST
DPTR FM NORMAL:   0.2   DPTR FM NORMAL:   -0.10    2 = FOG REDUCING VISIBILITY
HIGHEST:    90 ON  1    GRTST 24HR  0.42 ON 14-14      TO 1/4 MILE OR LESS
LOWEST:     45 ON  8                               3 = THUNDER
                        SNOW, ICE PELLETS, HAIL    4 = ICE PELLETS
                        TOTAL MONTH:   0.0 INCH    5 = HAIL
                        GRTST 24HR     0.0         6 = FREEZING RAIN OR DRIZZLE
                        GRTST DEPTH:   0           7 = DUSTSTORM OR SANDSTORM:
                                                       VSBY 1/2 MILE OR LESS
                                                   8 = SMOKE OR HAZE
[NO. OF DAYS WITH]      [WEATHER - DAYS WITH]      9 = BLOWING SNOW
                                                   X = TORNADO
MAX 32 OR BELOW:   0    0.01 INCH OR MORE:   2
MAX 90 OR ABOVE:   1    0.10 INCH OR MORE:   1
MIN 32 OR BELOW:   0    0.50 INCH OR MORE:   0
MIN  0 OR BELOW:   0    1.00 INCH OR MORE:   0

[HDD (BASE 65) ]
TOTAL THIS MO.    78    CLEAR  (SCALE 0-3)   9
DPTR FM NORMAL   -35    PTCLDY (SCALE 4-7)  15
TOTAL FM JUL 1  1558    CLOUDY (SCALE 8-10)  2
DPTR FM NORMAL -1177

[CDD (BASE 65) ]
TOTAL THIS MO.    11
DPTR FM NORMAL   -27    [PRESSURE DATA]
TOTAL FM JAN 1    31    HIGHEST SLP 30.12 ON 18
DPTR FM NORMAL   -16    LOWEST  SLP 29.73 ON  7

[REMARKS]
