000
CXUS55 KBYZ 251055
CF6LVM
PRELIMINARY LOCAL CLIMATOLOGICAL DATA (WS FORM: F-6)

                                          STATION:   LIVINGSTON MT
                                          MONTH:     AUGUST
                                          YEAR:      2016
                                          LATITUDE:   45 41 N
                                          LONGITUDE: 110 26 W

  TEMPERATURE IN F:       :PCPN:    SNOW:  WIND      :SUNSHINE: SKY     :PK WND
================================================================================
1   2   3   4   5  6A  6B    7    8   9   10  11  12  13   14  15   16   17  18
                                     12Z  AVG MX 2MIN
DY MAX MIN AVG DEP HDD CDD  WTR  SNW DPTH SPD SPD DIR MIN PSBL S-S WX    SPD DR
================================================================================

 1  90  46  68   0   0   3 0.00    M    M  9.7 23  90   M    M   0        29  90
 2  98  48  73   5   0   8 0.00    M    M  9.5 25 210   M    M   0        30 210
 3  83  57  70   2   0   5 0.00    M    M 15.4 31 290   M    M   0        39 300
 4  83  43  63  -5   2   0 0.00    M    M  7.7 16  70   M    M   0        21  60
 5  88  45  67  -1   0   2 0.00    M    M 10.6 22  60   M    M   0        26  60
 6  89  56  73   5   0   8 0.13    M    M  8.7 28  90   M    M   3 3      33  90
 7  82  48  65  -3   0   0 0.03    M    M  9.8 44 230   M    M   1 3      55 230
 8  89  45  67  -1   0   2 0.00    M    M  6.8 20 210   M    M   1        28 230
 9  89  56  73   6   0   8 0.00    M    M 15.4 35 230   M    M   0        45 230
10  80  47  64  -3   1   0 0.00    M    M 11.3 25 260   M    M   0        32 280
11  82  42  62  -5   3   0 0.00    M    M  8.2 20 350   M    M   2        24 350
12  86  48  67   0   0   2 0.00    M    M  8.9 21  80   M    M   4        26  80
13  87  45  66  -1   0   1 0.00    M    M  3.7 15  10   M    M   0        18 360
14  89  51  70   4   0   5 0.00    M    M  7.6 24 290   M    M   0        35 260
15  92  47  70   4   0   5 0.00    M    M  8.1 22  90   M    M   0        30  90
16  94  46  70   4   0   5 0.00    M    M  5.9 14  60   M    M   0        17  60
17  95  53  74   8   0   9 0.03    M    M  9.3 22  80   M    M   0 3      27  70
18  72  49  61  -5   4   0 0.33    M    M 18.4 29  70   M    M   3 13     39  60
19  67  46  57  -8   8   0 0.59    M    M  4.7 16 330   M    M   6 18     22 330
20  81  42  62  -3   3   0 0.00    M    M  8.6 17 330   M    M   0        20 320
21  91  44  68   3   0   3 0.00    M    M  8.0 20 270   M    M   0        24 250
22  89  46  68   4   0   3 0.00    M    M 13.0 29 240   M    M   0        34 240
23  76  48  62  -2   3   0 0.00    M    M 10.9 26 280   M    M   0        32 280
24  68  42  55  -9  10   0 0.05    M    M 11.8 24 150   M    M   4        28 150
================================================================================
SM 2040 1140        34  69  1.16    M    232.0          M       24
================================================================================
AV 85.0 47.5                               9.7 FASTST   M    M   1    MAX(MPH)
                                 MISC ---->  # 44 230               # 55  230
================================================================================
NOTES:
# LAST OF SEVERAL OCCURRENCES

COLUMN 17 PEAK WIND IN M.P.H.

PRELIMINARY LOCAL CLIMATOLOGICAL DATA (WS FORM: F-6) , PAGE 2

                                          STATION:  LIVINGSTON MT
                                          MONTH:    AUGUST
                                          YEAR:     2016
                                          LATITUDE:   45 41 N
                                          LONGITUDE: 110 26 W

[TEMPERATURE DATA]      [PRECIPITATION DATA]       SYMBOLS USED IN COLUMN 16

AVERAGE MONTHLY: 66.2   TOTAL FOR MONTH:   1.16    1 = FOG OR MIST
DPTR FM NORMAL:  -0.2   DPTR FM NORMAL:    0.30    2 = FOG REDUCING VISIBILITY
HIGHEST:    98 ON  2    GRTST 24HR  0.88 ON 18-19      TO 1/4 MILE OR LESS
LOWEST:     42 ON 24,20                            3 = THUNDER
                        SNOW, ICE PELLETS, HAIL    4 = ICE PELLETS
                        TOTAL MONTH:    M          5 = HAIL
                        GRTST 24HR    M  ON   M    6 = FREEZING RAIN OR DRIZZLE
                        GRTST DEPTH:  M  ON   M    7 = DUSTSTORM OR SANDSTORM:
                                                       VSBY 1/2 MILE OR LESS
                                                   8 = SMOKE OR HAZE
[NO. OF DAYS WITH]      [WEATHER - DAYS WITH]      9 = BLOWING SNOW
                                                   X = TORNADO
MAX 32 OR BELOW:   0    0.01 INCH OR MORE:   6
MAX 90 OR ABOVE:   6    0.10 INCH OR MORE:   3
MIN 32 OR BELOW:   0    0.50 INCH OR MORE:   1
MIN  0 OR BELOW:   0    1.00 INCH OR MORE:   0

[HDD (BASE 65) ]
TOTAL THIS MO.    34    CLEAR  (SCALE 0-3)  20
DPTR FM NORMAL    -6    PTCLDY (SCALE 4-7)   4
TOTAL FM JUL 1    67    CLOUDY (SCALE 8-10)  0
DPTR FM NORMAL   -23

[CDD (BASE 65) ]
TOTAL THIS MO.    69
DPTR FM NORMAL    -8    [PRESSURE DATA]
TOTAL FM JAN 1   291    HIGHEST SLP M ON M
DPTR FM NORMAL    85    LOWEST  SLP 29.56 ON 22

[REMARKS]
