000
CXUS55 KBYZ 191056
CF6LVM
PRELIMINARY LOCAL CLIMATOLOGICAL DATA (WS FORM: F-6)

                                          STATION:   LIVINGSTON MT
                                          MONTH:     FEBRUARY
                                          YEAR:      2018
                                          LATITUDE:   45 41 N
                                          LONGITUDE: 110 26 W

  TEMPERATURE IN F:       :PCPN:    SNOW:  WIND      :SUNSHINE: SKY     :PK WND
================================================================================
1   2   3   4   5  6A  6B    7    8   9   10  11  12  13   14  15   16   17  18
                                     12Z  AVG MX 2MIN
DY MAX MIN AVG DEP HDD CDD  WTR  SNW DPTH SPD SPD DIR MIN PSBL S-S WX    SPD DR
================================================================================

 1  37  12  25  -3  40   0 0.00    M    M 14.3 30 240   M    M   7        36 230
 2  51  35  43  15  22   0 0.03    M    M 24.4 43 220   M    M   8 1      57 220
 3  52   3  28   0  37   0 0.01    M    M 25.1 38 270   M    M   8 18     51 260
 4  46   1  24  -4  41   0 0.04    M    M 13.1 39 250   M    M  10 1      49 250
 5  45  12  29   1  36   0 0.06    M    M 12.3 30  80   M    M  10 12     38  80
 6  35  15  25  -3  40   0    T    M    M 10.5 23 250   M    M  10 1      30 250
 7  50  15  33   5  32   0    T    M    0 26.0 46 220   M    M   9        58 220
 8  51   7  29   1  36   0 0.02    M    0 25.6 48 230   M    M  10 1      64 230
 9   7   2   5 -23  60   0 0.05    M    0  9.1 25  80   M    M   9 1      29  80
10  27   0  14 -14  51   0 0.00    M    M 12.4 26 260   M    M   4 18     32 250
11  31   4  18 -10  47   0    T    M    0 24.8 35  80   M    M   5 1      44  70
12   9  -2   4 -24  61   0    T    M    0 13.0 28  70   M    M   4 18     36  70
13  41   2  22  -6  43   0 0.00  0.0    0 28.9 53 220   M    M   0        68 210
14  46  18  32   3  33   0 0.02    M    0 31.3 55 210   M    M   5 1      73 210
15  24   8  16 -13  49   0 0.01    M    0 12.6 30 250   M    M   6 18     40 270
16  32  19  26  -3  39   0    T    M    0 30.1 53 230   M    M   7 18     63 230
17  40  27  34   5  31   0 0.04    M    0 26.5 46 220   M    M  10 1      56 220
18  36   0  18 -11  47   0 0.03    M    0 20.2 31  90   M    M   9 128    39  90
================================================================================
SM  660  178       745   0  0.31     0.0 360.2          M      131
================================================================================
AV 36.7  9.9                              20.0 FASTST   M    M   7    MAX(MPH)
                                 MISC ---->  # 55 210               # 73  210
================================================================================
NOTES:
# LAST OF SEVERAL OCCURRENCES

COLUMN 17 PEAK WIND IN M.P.H.

PRELIMINARY LOCAL CLIMATOLOGICAL DATA (WS FORM: F-6) , PAGE 2

                                          STATION:  LIVINGSTON MT
                                          MONTH:    FEBRUARY
                                          YEAR:     2018
                                          LATITUDE:   45 41 N
                                          LONGITUDE: 110 26 W

[TEMPERATURE DATA]      [PRECIPITATION DATA]       SYMBOLS USED IN COLUMN 16

AVERAGE MONTHLY: 23.3   TOTAL FOR MONTH:   0.31    1 = FOG OR MIST
DPTR FM NORMAL:  -5.0   DPTR FM NORMAL:    0.01    2 = FOG REDUCING VISIBILITY
HIGHEST:    52 ON  3    GRTST 24HR  0.06 ON  5- 5      TO 1/4 MILE OR LESS
LOWEST:     -2 ON 12                               3 = THUNDER
                        SNOW, ICE PELLETS, HAIL    4 = ICE PELLETS
                        TOTAL MONTH:   0.0 INCH    5 = HAIL
                        GRTST 24HR     0.0         6 = FREEZING RAIN OR DRIZZLE
                        GRTST DEPTH:   0           7 = DUSTSTORM OR SANDSTORM:
                                                       VSBY 1/2 MILE OR LESS
                                                   8 = SMOKE OR HAZE
[NO. OF DAYS WITH]      [WEATHER - DAYS WITH]      9 = BLOWING SNOW
                                                   X = TORNADO
MAX 32 OR BELOW:   6    0.01 INCH OR MORE:  10
MAX 90 OR ABOVE:   0    0.10 INCH OR MORE:   0
MIN 32 OR BELOW:  17    0.50 INCH OR MORE:   0
MIN  0 OR BELOW:   3    1.00 INCH OR MORE:   0

[HDD (BASE 65) ]
TOTAL THIS MO.   745    CLEAR  (SCALE 0-3)   1
DPTR FM NORMAL    84    PTCLDY (SCALE 4-7)   8
TOTAL FM JUL 1  4818    CLOUDY (SCALE 8-10)  9
DPTR FM NORMAL  -184

[CDD (BASE 65) ]
TOTAL THIS MO.     0
DPTR FM NORMAL     0    [PRESSURE DATA]
TOTAL FM JAN 1     0    HIGHEST SLP M ON M
DPTR FM NORMAL     0    LOWEST  SLP 29.47 ON 18

[REMARKS]
