000
CXUS53 KDMX 300920
CF6LWD
PRELIMINARY LOCAL CLIMATOLOGICAL DATA (WS FORM: F-6)

                                          STATION:   LAMONI IA
                                          MONTH:     JUNE
                                          YEAR:      2015
                                          LATITUDE:   40 37 N
                                          LONGITUDE:  93 56 W

  TEMPERATURE IN F:       :PCPN:    SNOW:  WIND      :SUNSHINE: SKY     :PK WND
================================================================================
1   2   3   4   5  6A  6B    7    8   9   10  11  12  13   14  15   16   17  18
                                     12Z  AVG MX 2MIN
DY MAX MIN AVG DEP HDD CDD  WTR  SNW DPTH SPD SPD DIR MIN PSBL S-S WX    SPD DR
================================================================================

 1  74  55  65  -2   0   0 0.00  0.0    0  4.8 12  70   M    M   3        17 110
 2  73  59  66  -1   0   1 0.00  0.0    0  9.2 17 170   M    M   7        22 150
 3  77  62  70   3   0   5 0.13  0.0    0  7.1 22 200   M    M   5 13     30 170
 4  80  64  72   4   0   7 0.01  0.0    0  5.9 18 150   M    M   3 123    25 150
 5  87  68  78  10   0  13    T  0.0    0  4.6 21 310   M    M   1        27 320
 6  81  67  74   6   0   9 0.00  0.0    0  8.1 16 120   M    M   2        24 130
 7  88  66  77   9   0  12 0.10  0.0    0 11.7 24 250   M    M   2 138    30 240
 8  88  63  76   7   0  11 0.00  0.0    0  8.6 18 310   M    M   0        23 290
 9  91  67  79  10   0  14 0.00  0.0    0  8.5 18 210   M    M   0        24 210
10  94  71  83  13   0  18 0.24  0.0    0  8.8 37 220   M    M   1 3      46 210
11  81  69  75   5   0  10 0.73  0.0    0  7.2 21 300   M    M   6 13     25 300
12  72  66  69  -1   0   4    T  0.0    0  5.5 16 300   M    M  10 1      19 300
13  78  65  72   2   0   7 0.12  0.0    0  3.6  9 150   M    M   7 1      12 150
14  84  68  76   5   0  11 0.45  0.0    0  5.9 20 190   M    M   6 138    28 160
15  83  64  74   3   0   9 0.73  0.0    0  7.5 23 350   M    M   5 13     33 330
16  81  60  71   0   0   6    T  0.0    0  6.2 15  50   M    M   4        21  40
17  85  70  78   6   0  13    T  0.0    0  4.7 13 220   M    M   6 18     17 210
18  80  66  73   1   0   8    T  0.0    0  6.2 16  10   M    M   5        20  30
19  82  61  72   0   0   7 0.00  0.0    0  6.7 12  70   M    M   0        18 100
20  95  65  80   8   0  15 0.79  0.0    0 10.7 24 360   M    M   2 13     32  20
21  83  65  74   2   0   9 0.12  0.0    0  5.7 17 240   M    M   1 13     23 240
22  90  69  80   7   0  15    T  0.0    0 12.2 23 340   M    M   5 3      30 350
23  79  63  71  -2   0   6 0.00  0.0    0  5.6 15  20   M    M   2        20  30
24  84  64  74   1   0   9 0.69  0.0    0 10.2 23 150   M    M   6 13     29 150
25  82  69  76   3   0  11 0.01  0.0    0  8.1 20  30   M    M   5        24  40
26  78  63  71  -3   0   6 0.69  0.0    0  7.8 22 360   M    M   6 13     27 360
27  82  61  72  -2   0   7 0.00  0.0    0  5.3 12 340   M    M   0 1      15 360
28  87  66  77   3   0  12 0.01  0.0    0 12.2 22 320   M    M   2        29 300
29  84  64  74   0   0   9 0.00  0.0    0  7.2 16 320   M    M   0 8      72  90
================================================================================
SM 2403 1880         0 264  4.82     0.0 215.8          M      102
================================================================================
AV 82.9 64.8                               7.4 FASTST   M    M   4    MAX(MPH)
                                 MISC ---->  # 37 220               # 72   90
================================================================================
NOTES:
# LAST OF SEVERAL OCCURRENCES

COLUMN 17 PEAK WIND IN M.P.H.

PRELIMINARY LOCAL CLIMATOLOGICAL DATA (WS FORM: F-6) , PAGE 2

                                          STATION:  LAMONI IA
                                          MONTH:    JUNE
                                          YEAR:     2015
                                          LATITUDE:   40 37 N
                                          LONGITUDE:  93 56 W

[TEMPERATURE DATA]      [PRECIPITATION DATA]       SYMBOLS USED IN COLUMN 16

AVERAGE MONTHLY: 73.8   TOTAL FOR MONTH:   4.82    1 = FOG OR MIST
DPTR FM NORMAL:   3.1   DPTR FM NORMAL:   -0.02    2 = FOG REDUCING VISIBILITY
HIGHEST:    95 ON 20    GRTST 24HR  1.03 ON 14-15      TO 1/4 MILE OR LESS
LOWEST:     55 ON  1                               3 = THUNDER
                        SNOW, ICE PELLETS, HAIL    4 = ICE PELLETS
                        TOTAL MONTH:   0.0 INCH    5 = HAIL
                        GRTST 24HR     0.0         6 = FREEZING RAIN OR DRIZZLE
                        GRTST DEPTH:   0           7 = DUSTSTORM OR SANDSTORM:
                                                       VSBY 1/2 MILE OR LESS
                                                   8 = SMOKE OR HAZE
[NO. OF DAYS WITH]      [WEATHER - DAYS WITH]      9 = BLOWING SNOW
                                                   X = TORNADO
MAX 32 OR BELOW:   0    0.01 INCH OR MORE:  14
MAX 90 OR ABOVE:   4    0.10 INCH OR MORE:  11
MIN 32 OR BELOW:   0    0.50 INCH OR MORE:   5
MIN  0 OR BELOW:   0    1.00 INCH OR MORE:   0

[HDD (BASE 65) ]
TOTAL THIS MO.     0    CLEAR  (SCALE 0-3)  15
DPTR FM NORMAL   -16    PTCLDY (SCALE 4-7)  13
TOTAL FM JUL 1  5900    CLOUDY (SCALE 8-10)  1
DPTR FM NORMAL  -176

[CDD (BASE 65) ]
TOTAL THIS MO.   264
DPTR FM NORMAL    80    [PRESSURE DATA]
TOTAL FM JAN 1   332    HIGHEST SLP M ON M
DPTR FM NORMAL    94    LOWEST  SLP 29.63 ON 11

[REMARKS]
