000
CXUS53 KILX 292300
CF6LWV
PRELIMINARY LOCAL CLIMATOLOGICAL DATA (WS FORM: F-6)

                                          STATION:   LAWRENCEVILLE IL AIRPORT
                                          MONTH:     AUGUST
                                          YEAR:      2015
                                          LATITUDE:   38 45 N
                                          LONGITUDE:  87 36 W

  TEMPERATURE IN F:       :PCPN:    SNOW:  WIND      :SUNSHINE: SKY     :PK WND
================================================================================
1   2   3   4   5  6A  6B    7    8   9   10  11  12  13   14  15   16   17  18
                                     12Z  AVG MX 2MIN
DY MAX MIN AVG DEP HDD CDD  WTR  SNW DPTH SPD SPD DIR MIN PSBL S-S WX    SPD DR
================================================================================

 1  87  66  77   0   0  12 0.00    M    M  5.1 13 330   M    M   0        16 340
 2  91  63  77   0   0  12 0.00    M    M  6.0 15 200   M    M   0        20 180
 3  93  72  83   6   0  18 0.00    M    M  8.2 17 280   M    M   0        23 310
 4  87  69  78   1   0  13 0.03    M    M  4.1 17 350   M    M   4 8      22 350
 5  82  67  75  -2   0  10 0.01    M    M  5.4 15 170   M    M   4 13     18 250
 6  74  67  71  -6   0   6 1.84    M    M 12.2 21  30   M    M   9 1      33 120
 7  83  61  72  -5   0   7 0.00    M    M  3.9  9  60   M    M   1 1      11  50
 8  86  63  75  -2   0  10 0.00    M    M  3.1  8 140   M    M   2 128    11 270
 9  84  69  77   0   0  12    T    M    M  4.4 15 170   M    M   4 128    18 150
10  86  71  79   2   0  14    T    M    M  5.8 18 290   M    M   5 38     23 290
11  86  68  77   0   0  12 0.00    M    M  7.6 16 330   M    M   1        20 330
12  83  61  72  -5   0   7 0.00    M    M  4.2 13 340   M    M   2        20 330
13  85  61  73  -4   0   8 0.00    M    M  1.9  9  30   M    M   1 1      12 360
14  85  64  75  -2   0  10 0.00    M    M  1.9  7 150   M    M   0 1       9 120
15  88  65  77   0   0  12 0.02    M    M  2.6 12  30   M    M   3 13     14  30
16  89  65  77   0   0  12 0.01    M    M  3.1 15 160   M    M   2 13     17 100
17  89  68  79   2   0  14    T    M    M  6.1 24 170   M    M   1 138    29 170
18  88  66  77   1   0  12 0.00    M    M  7.6 17 180   M    M   2 1      22 190
19  83  66  75  -1   0  10 0.28    M    M  8.3 22 280   M    M   6 1      29 280
20  79  58  69  -7   0   4 0.00    M    M  7.2 15 290   M    M   1        20 310
21  82  54  68  -8   0   3 0.00    M    M  2.6 12  90   M    M   0        14  80
22  83  57  70  -6   0   5 0.00    M    M  5.0 12 150   M    M   0        17 120
23  85  62  74  -2   0   9 0.00    M    M  7.4 20 300   M    M   4 1      25 300
24  79  56  68  -8   0   3 0.00    M    M  7.9 17 310   M    M   0        28 280
25  78  52  65 -11   0   0 0.00    M    M  5.8 16 300   M    M   0        22 310
26  80  55  68  -8   0   3 0.00    M    M  5.7 12 300   M    M   5        14 360
27  83  53  68  -7   0   3 0.00  0.0    0  2.4  9 120   M    M   0 1      11 120
28  82  57  70  -5   0   5 0.00    M    M  4.9 12 100   M    M   0 1      16  50
================================================================================
SM 2360 1756         0 246  2.19     0.0 150.4          M       57
================================================================================
AV 84.3 62.7                               5.4 FASTST   M    M   2    MAX(MPH)
                                 MISC ---->  # 24 170               # 33  120
================================================================================
NOTES:
# LAST OF SEVERAL OCCURRENCES

COLUMN 17 PEAK WIND IN M.P.H.

PRELIMINARY LOCAL CLIMATOLOGICAL DATA (WS FORM: F-6) , PAGE 2

                                          STATION:  LAWRENCEVILLE IL AIRPORT
                                          MONTH:    AUGUST
                                          YEAR:     2015
                                          LATITUDE:   38 45 N
                                          LONGITUDE:  87 36 W

[TEMPERATURE DATA]      [PRECIPITATION DATA]       SYMBOLS USED IN COLUMN 16

AVERAGE MONTHLY: 73.5   TOTAL FOR MONTH:   2.19    1 = FOG OR MIST
DPTR FM NORMAL:  -3.0   DPTR FM NORMAL:   -0.90    2 = FOG REDUCING VISIBILITY
HIGHEST:    93 ON  3    GRTST 24HR  1.85 ON  5- 6      TO 1/4 MILE OR LESS
LOWEST:     52 ON 25                               3 = THUNDER
                        SNOW, ICE PELLETS, HAIL    4 = ICE PELLETS
                        TOTAL MONTH:   0.0 INCH    5 = HAIL
                        GRTST 24HR     0.0         6 = FREEZING RAIN OR DRIZZLE
                        GRTST DEPTH:   0           7 = DUSTSTORM OR SANDSTORM:
                                                       VSBY 1/2 MILE OR LESS
                                                   8 = SMOKE OR HAZE
[NO. OF DAYS WITH]      [WEATHER - DAYS WITH]      9 = BLOWING SNOW
                                                   X = TORNADO
MAX 32 OR BELOW:   0    0.01 INCH OR MORE:   6
MAX 90 OR ABOVE:   2    0.10 INCH OR MORE:   2
MIN 32 OR BELOW:   0    0.50 INCH OR MORE:   1
MIN  0 OR BELOW:   0    1.00 INCH OR MORE:   1

[HDD (BASE 65) ]
TOTAL THIS MO.     0    CLEAR  (SCALE 0-3)  20
DPTR FM NORMAL     0    PTCLDY (SCALE 4-7)   7
TOTAL FM JUL 1     0    CLOUDY (SCALE 8-10)  1
DPTR FM NORMAL     0

[CDD (BASE 65) ]
TOTAL THIS MO.   246
DPTR FM NORMAL   -78    [PRESSURE DATA]
TOTAL FM JAN 1  1069    HIGHEST SLP M ON M
DPTR FM NORMAL   -82    LOWEST  SLP 29.74 ON 19

[REMARKS]
