000
CXUS53 KILX 190900
CF6LWV
PRELIMINARY LOCAL CLIMATOLOGICAL DATA (WS FORM: F-6)

                                          STATION:   LAWRENCEVILLE IL AIRPORT
                                          MONTH:     AUGUST
                                          YEAR:      2017
                                          LATITUDE:   38 45 N
                                          LONGITUDE:  87 36 W

  TEMPERATURE IN F:       :PCPN:    SNOW:  WIND      :SUNSHINE: SKY     :PK WND
================================================================================
1   2   3   4   5  6A  6B    7    8   9   10  11  12  13   14  15   16   17  18
                                     12Z  AVG MX 2MIN
DY MAX MIN AVG DEP HDD CDD  WTR  SNW DPTH SPD SPD DIR MIN PSBL S-S WX    SPD DR
================================================================================

 1  85  69  77   0   0  12    T    M    M  4.5 16 170   M    M   1 1      20 170
 2  86  66  76  -1   0  11 0.01    M    M  2.9  9 200   M    M   3 18     12 230
 3  86  66  76  -1   0  11 0.00    M    M  7.3 18 190   M    M   1 1      22 190
 4  75  56  66 -11   0   1 0.00    M    M 10.3 23 310   M    M   4        29 320
 5  79  53  66 -11   0   1 0.00    M    M  3.7  9 100   M    M   3        15 160
 6  73  65  69  -8   0   4 0.01    M    M  6.3 16 120   M    M   9        20 120
 7  80  64  72  -5   0   7 0.02    M    M  7.1 15  10   M    M   7 1      19 270
 8  82  60  71  -6   0   6 0.00    M    M  7.2 15  70   M    M   0 8      18  80
 9  84  57  71  -6   0   6 0.00    M    M  4.6 12 100   M    M   1        15  90
10  86  60  73  -4   0   8 0.00    M    M  4.3 10 190   M    M   2        14 210
11  84  65  75  -2   0  10    T    M    M  4.9 15 210   M    M   2 18     19 190
12  82  61  72  -5   0   7 0.00    M    M  7.4 15  10   M    M   1        20  20
13  83  58  71  -6   0   6 0.00    M    M  3.7 10 120   M    M   2        14 130
14  84  65  75  -2   0  10 0.00    M    M  3.1 15 200   M    M   5 1      19 190
15  88  68  78   1   0  13 0.00    M    M  3.1 10 180   M    M   5 1      13 180
16  87  69  78   1   0  13 0.03    M    M  5.7 21 260   M    M   1 138    27 260
17  90  73  82   5   0  17 0.01    M    M 10.3 22 230   M    M   4 1      27 230
18  88  66  77   1   0  12 0.00    M    M  6.9 18 300   M    M   1        23 300
================================================================================
SM 1502 1141         0 155  0.08    M    103.3          M       52
================================================================================
AV 83.4 63.4                               5.7 FASTST   M    M   3    MAX(MPH)
                                 MISC ---->  # 23 310               # 29  320
================================================================================
NOTES:
# LAST OF SEVERAL OCCURRENCES

COLUMN 17 PEAK WIND IN M.P.H.

PRELIMINARY LOCAL CLIMATOLOGICAL DATA (WS FORM: F-6) , PAGE 2

                                          STATION:  LAWRENCEVILLE IL AIRPORT
                                          MONTH:    AUGUST
                                          YEAR:     2017
                                          LATITUDE:   38 45 N
                                          LONGITUDE:  87 36 W

[TEMPERATURE DATA]      [PRECIPITATION DATA]       SYMBOLS USED IN COLUMN 16

AVERAGE MONTHLY: 73.4   TOTAL FOR MONTH:   0.08    1 = FOG OR MIST
DPTR FM NORMAL:  -3.5   DPTR FM NORMAL:   -1.79    2 = FOG REDUCING VISIBILITY
HIGHEST:    90 ON 17    GRTST 24HR  0.03 ON 16-16      TO 1/4 MILE OR LESS
LOWEST:     53 ON  5                               3 = THUNDER
                        SNOW, ICE PELLETS, HAIL    4 = ICE PELLETS
                        TOTAL MONTH:    M          5 = HAIL
                        GRTST 24HR    M  ON   M    6 = FREEZING RAIN OR DRIZZLE
                        GRTST DEPTH:  M  ON   M    7 = DUSTSTORM OR SANDSTORM:
                                                       VSBY 1/2 MILE OR LESS
                                                   8 = SMOKE OR HAZE
[NO. OF DAYS WITH]      [WEATHER - DAYS WITH]      9 = BLOWING SNOW
                                                   X = TORNADO
MAX 32 OR BELOW:   0    0.01 INCH OR MORE:   5
MAX 90 OR ABOVE:   1    0.10 INCH OR MORE:   0
MIN 32 OR BELOW:   0    0.50 INCH OR MORE:   0
MIN  0 OR BELOW:   0    1.00 INCH OR MORE:   0

[HDD (BASE 65) ]
TOTAL THIS MO.     0    CLEAR  (SCALE 0-3)  11
DPTR FM NORMAL     0    PTCLDY (SCALE 4-7)   6
TOTAL FM JUL 1     0    CLOUDY (SCALE 8-10)  1
DPTR FM NORMAL     0

[CDD (BASE 65) ]
TOTAL THIS MO.   155
DPTR FM NORMAL   -61    [PRESSURE DATA]
TOTAL FM JAN 1  1021    HIGHEST SLP M ON M
DPTR FM NORMAL   -22    LOWEST  SLP 29.82 ON 17

[REMARKS]
