000
CXUS53 KGID 250730
CF6LXN
PRELIMINARY LOCAL CLIMATOLOGICAL DATA (WS FORM: F-6)

                                          STATION:   LEXINGTON
                                          MONTH:     OCTOBER
                                          YEAR:      2014
                                          LATITUDE:   40 47 N
                                          LONGITUDE:  99 46 W

  TEMPERATURE IN F:       :PCPN:    SNOW:  WIND      :SUNSHINE: SKY     :PK WND
================================================================================
1   2   3   4   5  6A  6B    7    8   9   10  11  12  13   14  15   16   17  18
                                     12Z  AVG MX 2MIN
DY MAX MIN AVG DEP HDD CDD  WTR  SNW DPTH SPD SPD DIR MIN PSBL S-S WX    SPD DR
================================================================================

 1  76  49  63   M   2   0 0.46    M    M  3.6  9  70   M    M   5 123     M  M
 2  68  45  57   M   8   0 0.13    M    M 11.6 22 360   M    M   5        31  10
 3  56  33  45   M  20   0 0.16    M    M 15.8 25 320   M    M   2        33 320
 4  66  30  48   M  17   0 0.00    M    M  4.1  8 270   M    M   3         M  M
 5  70  41  56   M   9   0    T    M    M 11.5 25 300   M    M   1        33 300
 6  77  43  60   M   5   0 0.00    M    M  8.7 18 270   M    M   2        27 270
 7  76  46  61   M   4   0 0.00    M    M  6.2 14 320   M    M   1        21 350
 8  73  41  57   M   8   0 0.00    M    M  4.5 13 160   M    M   4 8       M  M
 9  65  45  55   M  10   0 0.00    M    M  8.6 14  70   M    M   2        18  80
10  58  37  48   M  17   0 0.00    M    M  5.3 10  60   M    M   5 8      16  40
11  64  32  48   M  17   0 0.00    M    M  8.4 15 170   M    M   0        23 170
12  58  45  52   M  13   0 0.09    M    M  9.4 15 340   M    M   6        22 330
13  64  37  51   M  14   0 0.00    M    M 16.7 29 340   M    M   2        39 350
14  69  35  52   M  13   0 0.00    M    M  7.1 14 330   M    M   0 8      20 350
15  78  32  55   M  10   0 0.00    M    M  7.8 16 160   M    M   0 18     18 160
16  75  40  58   M   7   0 0.00    M    M 10.5 25 360   M    M   0        33 360
17  67  36  52   M  13   0 0.00    M    M  8.3 15 300   M    M   0        18 340
18  66  30  48   M  17   0 0.00    M    M  6.6 14 180   M    M   0        17 170
19  74  42  58   M   7   0 0.00    M    M  4.9 13 180   M    M   0         M  M
20  78  37  58   M   7   0 0.00    M    M  5.4  8 150   M    M   0         M  M
21  78  38  58   M   7   0 0.00    M    M  9.7 20 160   M    M   0        25 180
22  67  45  56   M   9   0 0.03    M    M  5.5 14 180   M    M   3 123     M  M
23  71  46  59   M   6   0 0.00    M    M  5.0 14 200   M    M   5 12      M  M
24  85  46  66   M   0   1 0.00    M    M  5.5 12 280   M    M   0 1       M  M
================================================================================
SM 1679  951       240   1  0.87    M    190.7          M       46
================================================================================
AV 70.0 39.6                               7.9 FASTST   M    M   2    MAX(MPH)
                                 MISC ---->    29   M                 39    M
================================================================================
NOTES:
# LAST OF SEVERAL OCCURRENCES

COLUMN 17 PEAK WIND IN M.P.H.

PRELIMINARY LOCAL CLIMATOLOGICAL DATA (WS FORM: F-6) , PAGE 2

                                          STATION:  LEXINGTON
                                          MONTH:    OCTOBER
                                          YEAR:     2014
                                          LATITUDE:   40 47 N
                                          LONGITUDE:  99 46 W

[TEMPERATURE DATA]      [PRECIPITATION DATA]       SYMBOLS USED IN COLUMN 16

AVERAGE MONTHLY: 54.8   TOTAL FOR MONTH:   0.87    1 = FOG OR MIST
DPTR FM NORMAL:     M   DPTR FM NORMAL:       M    2 = FOG REDUCING VISIBILITY
HIGHEST:    85 ON 24    GRTST 24HR  0.46 ON  1- 1      TO 1/4 MILE OR LESS
LOWEST:     30 ON 18, 4                            3 = THUNDER
                        SNOW, ICE PELLETS, HAIL    4 = ICE PELLETS
                        TOTAL MONTH:    M          5 = HAIL
                        GRTST 24HR    M  ON   M    6 = FREEZING RAIN OR DRIZZLE
                        GRTST DEPTH:  M  ON   M    7 = DUSTSTORM OR SANDSTORM:
                                                       VSBY 1/2 MILE OR LESS
                                                   8 = SMOKE OR HAZE
[NO. OF DAYS WITH]      [WEATHER - DAYS WITH]      9 = BLOWING SNOW
                                                   X = TORNADO
MAX 32 OR BELOW:   0    0.01 INCH OR MORE:   5
MAX 90 OR ABOVE:   0    0.10 INCH OR MORE:   3
MIN 32 OR BELOW:   4    0.50 INCH OR MORE:   0
MIN  0 OR BELOW:   0    1.00 INCH OR MORE:   0

[HDD (BASE 65) ]
TOTAL THIS MO.   240    CLEAR  (SCALE 0-3)  18
DPTR FM NORMAL     M    PTCLDY (SCALE 4-7)   6
TOTAL FM JUL 1   361    CLOUDY (SCALE 8-10)  0
DPTR FM NORMAL     M

[CDD (BASE 65) ]
TOTAL THIS MO.     1
DPTR FM NORMAL     M    [PRESSURE DATA]
TOTAL FM JAN 1   887    HIGHEST SLP M ON M
DPTR FM NORMAL     M    LOWEST  SLP M ON M

[REMARKS]
