000
CXUS55 KPUB 251159
CF6LXV
PRELIMINARY LOCAL CLIMATOLOGICAL DATA (WS FORM: F-6)

                                          STATION:   LEADVILLE CO
                                          MONTH:     JANUARY
                                          YEAR:      2015
                                          LATITUDE:   39 15 N
                                          LONGITUDE: 106 18 W

  TEMPERATURE IN F:       :PCPN:    SNOW:  WIND      :SUNSHINE: SKY     :PK WND
================================================================================
1   2   3   4   5  6A  6B    7    8   9   10  11  12  13   14  15   16   17  18
                                     12Z  AVG MX 2MIN
DY MAX MIN AVG DEP HDD CDD  WTR  SNW DPTH SPD SPD DIR MIN PSBL S-S WX    SPD DR
================================================================================

 1  19  -9   5 -11  60   0 0.06    M    M  4.3 15 170   M    M   6 18     19 180
 2  29  -7  11  -6  54   0    T    M    M  5.2 15  30   M    M   1 18     18  30
 3  21   2  12  -5  53   0 0.19    M    M  9.7 26 320   M    M   9 12     35 330
 4  26   8  17   0  48   0    T    M    M 12.8 22 350   M    M  10 9      31  10
 5  38  23  31  14  34   0 0.00    M    M 11.6 29 310   M    M   4        38 300
 6  39  21  30  13  35   0 0.00  0.0    M  5.7 23 300   M    M   5        27 300
 7  44  17  31  14  34   0 0.00  0.0    M  5.9 16 300   M    M   0        23 310
 8  42  15  29  12  36   0 0.00  0.0    M  7.2 20 300   M    M   1        27 290
 9  37   7  22   5  43   0 0.00  0.0    M  6.3 21 300   M    M   2 12     27 300
10  37  14  26   9  39   0 0.00  0.0    M  6.4 18 300   M    M   2        23 310
11  33  18  26   9  39   0    T    M    M  7.2 17 300   M    M   8 1      21 290
12  27  13  20   3  45   0    T    M    M  3.7 10 170   M    M   8 1      11 180
13  25  17  21   4  44   0 0.02    M    M  2.6  9 180   M    M  10 1      12 170
14  31   6  19   2  46   0 0.00  0.0    M  7.1 22  10   M    M   3 1      28  20
15  40   4  22   5  43   0 0.00  0.0    M  6.5 13  50   M    M   0        16 340
16  41  10  26   9  39   0 0.00  0.0    M  9.8 29 290   M    M   2        38 290
17  29  14  22   5  43   0 0.06    M    M 10.6 29 280   M    M   3 12     40 280
18  39  19  29  12  36   0 0.00  0.0    M 10.8 23 360   M    M   2        31 340
19  36  23  30  13  35   0 0.03    M    M  6.4 20 300   M    M   3 1      28 310
20  27   4  16  -1  49   0 0.03    M    M 10.7 22 310   M    M   2 18     31 310
21  22  -5   9  -8  56   0 0.11    M    M  4.9 17 290   M    M   8 12     22  30
22  22  -8   7 -10  58   0 0.00  0.0    M  6.6 17 360   M    M   3        22  30
23  34   2  18   1  47   0 0.00  0.0    M  8.7 23  10   M    M   3        29 360
24  34   3  19   2  46   0 0.00  0.0    M 11.0 22 330   M    M   2        30 320
================================================================================
SM  772  211      1062   0  0.50     0.0 181.7          M       97
================================================================================
AV 32.2  8.8                               7.6 FASTST   M    M   4    MAX(MPH)
                                 MISC ---->  # 29 310               # 40  280
================================================================================
NOTES:
# LAST OF SEVERAL OCCURRENCES

COLUMN 17 PEAK WIND IN M.P.H.

PRELIMINARY LOCAL CLIMATOLOGICAL DATA (WS FORM: F-6) , PAGE 2

                                          STATION:  LEADVILLE CO
                                          MONTH:    JANUARY
                                          YEAR:     2015
                                          LATITUDE:   39 15 N
                                          LONGITUDE: 106 18 W

[TEMPERATURE DATA]      [PRECIPITATION DATA]       SYMBOLS USED IN COLUMN 16

AVERAGE MONTHLY: 20.5   TOTAL FOR MONTH:   0.50    1 = FOG OR MIST
DPTR FM NORMAL:   3.5   DPTR FM NORMAL:    0.02    2 = FOG REDUCING VISIBILITY
HIGHEST:    44 ON  7    GRTST 24HR  0.19 ON  3- 3      TO 1/4 MILE OR LESS
LOWEST:     -9 ON  1                               3 = THUNDER
                        SNOW, ICE PELLETS, HAIL    4 = ICE PELLETS
                        TOTAL MONTH:   0.0 INCH    5 = HAIL
                        GRTST 24HR     0.0         6 = FREEZING RAIN OR DRIZZLE
                        GRTST DEPTH:  M  ON   M    7 = DUSTSTORM OR SANDSTORM:
                                                       VSBY 1/2 MILE OR LESS
                                                   8 = SMOKE OR HAZE
[NO. OF DAYS WITH]      [WEATHER - DAYS WITH]      9 = BLOWING SNOW
                                                   X = TORNADO
MAX 32 OR BELOW:  11    0.01 INCH OR MORE:   7
MAX 90 OR ABOVE:   0    0.10 INCH OR MORE:   2
MIN 32 OR BELOW:  24    0.50 INCH OR MORE:   0
MIN  0 OR BELOW:   4    1.00 INCH OR MORE:   0

[HDD (BASE 65) ]
TOTAL THIS MO.  1062    CLEAR  (SCALE 0-3)  11
DPTR FM NORMAL   -90    PTCLDY (SCALE 4-7)   9
TOTAL FM JUL 1  5688    CLOUDY (SCALE 8-10)  4
DPTR FM NORMAL  -365

[CDD (BASE 65) ]
TOTAL THIS MO.     0
DPTR FM NORMAL     0    [PRESSURE DATA]
TOTAL FM JAN 1     0    HIGHEST SLP 99.90 ON 24
DPTR FM NORMAL     0    LOWEST  SLP 29.99 ON  3

[REMARKS]
