000
CXUS51 KRNK 010638
CF6LYH

PRELIMINARY LOCAL CLIMATOLOGICAL DATA (WS FORM: F-6)

                                          STATION:   LYNCHBURG VA
                                          MONTH:     APRIL
                                          YEAR:      2016
                                          LATITUDE:   37 19 N
                                          LONGITUDE:  79 12 W

  TEMPERATURE IN F:       :PCPN:    SNOW:  WIND      :SUNSHINE: SKY     :PK WND
================================================================================
1   2   3   4   5  6A  6B    7    8   9   10  11  12  13   14  15   16   17  18
                                     12Z  AVG MX 2MIN
DY MAX MIN AVG DEP HDD CDD  WTR  SNW DPTH SPD SPD DIR MIN PSBL S-S WX    SPD DR
================================================================================

 1  76  58  67  16   0   2 0.49  0.0    0 10.1 23 200   M    M   5 13     31 200
 2  64  42  53   2  12   0 0.01  0.0    0  8.1 24 310   M    M   4        37 280
 3  60  34  47  -5  18   0 0.00  0.0    0  7.4 22 290   M    M   0        38 300
 4  77  41  59   7   6   0    T  0.0    0  9.2 23 210   M    M   1        32 210
 5  56  29  43  -9  22   0 0.00  0.0    0  6.0 16  20   M    M   1        26 330
 6  57  25  41 -12  24   0 0.00  0.0    0  9.2 23 190   M    M   0        28 170
 7  62  44  53   0  12   0 0.78  0.0    0  8.1 21 250   M    M   6 13     31 260
 8  55  36  46  -7  19   0    T  0.0    0  5.9 17 300   M    M   4        30 300
 9  46  30  38 -16  27   0 0.00  0.0    0  9.3 22 300   M    M   2        35 320
10  55  22  39 -15  26   0 0.00  0.0    0  5.8 16 180   M    M   1        20 190
11  71  46  59   5   6   0    T  0.0    0 13.8 29 200   M    M   3        38 190
12  72  48  60   6   5   0 0.01  0.0    0  7.1 17 200   M    M   6 1      23 200
13  61  39  50  -5  15   0 0.00  0.0    0  6.4 18  40   M    M   0        23  40
14  63  33  48  -7  17   0 0.00  0.0    0  4.5 13  60   M    M   0        17  90
15  64  33  49  -6  16   0 0.00  0.0    0  4.6 16  40   M    M   0        20  30
16  69  34  52  -4  13   0 0.00  0.0    0  2.1 14  60   M    M   0        16  80
17  75  36  56   0   9   0 0.00  0.0    0  1.9 12  10   M    M   0        15  40
18  85  41  63   7   2   0 0.00  0.0    0  1.6 12 200   M    M   0        15 200
19  85  49  67  11   0   2 0.00  0.0    0  3.6 17  70   M    M   1        24  70
20  71  52  62   5   3   0 0.00  0.0    0  7.2 17  40   M    M   0        23  40
21  76  48  62   5   3   0 0.00  0.0    0  9.2 25 190   M    M   4        32 190
22  67  54  61   4   4   0 0.36  0.0    0  4.9 14 190   M    M   7 12     18 180
23  74  47  61   3   4   0    T  0.0    0  5.4 14  20   M    M   3 1      22  20
24  72  44  58   0   7   0 0.00  0.0    0  4.2 14  60   M    M   0        19  50
25  84  47  66   8   0   1 0.00  0.0    0  7.2 18 200   M    M   0        25 220
26  85  56  71  13   0   6 0.19  0.0    0  7.1 17 190   M    M   2 1      23 240
27  79  57  68  10   0   3    T  0.0    0  4.0 14 190   M    M   5        17  40
28  62  54  58  -1   7   0 0.07  0.0    0  7.2 16  30   M    M  10 13     21  30
29  69  53  61   2   4   0 0.00  0.0    0  5.8 13  40   M    M   9 1      19 130
30  55  52  54  -5  11   0 0.21  0.0    0  5.8 10  50   M    M  10 1      14  80
================================================================================
SM 2047 1284       292  14  2.12     0.0 192.7          M       84
================================================================================
AV 68.2 42.8                               6.4 FASTST   M    M   3    MAX(MPH)
                                 MISC ---->  # 29 200               # 38  300
================================================================================
NOTES:
# LAST OF SEVERAL OCCURRENCES

COLUMN 17 PEAK WIND IN M.P.H.

PRELIMINARY LOCAL CLIMATOLOGICAL DATA (WS FORM: F-6) , PAGE 2

                                          STATION:  LYNCHBURG VA
                                          MONTH:    APRIL
                                          YEAR:     2016
                                          LATITUDE:   37 19 N
                                          LONGITUDE:  79 12 W

[TEMPERATURE DATA]      [PRECIPITATION DATA]       SYMBOLS USED IN COLUMN 16

AVERAGE MONTHLY: 55.5   TOTAL FOR MONTH:   2.12    1 = FOG OR MIST
DPTR FM NORMAL:   0.1   DPTR FM NORMAL:   -1.19    2 = FOG REDUCING VISIBILITY
HIGHEST:    85 ON 26,19 GRTST 24HR  0.78 ON  6- 7      TO 1/4 MILE OR LESS
LOWEST:     22 ON 10                               3 = THUNDER
                        SNOW, ICE PELLETS, HAIL    4 = ICE PELLETS
                        TOTAL MONTH:   0.0 INCH    5 = HAIL
                        GRTST 24HR     0.0         6 = FREEZING RAIN OR DRIZZLE
                        GRTST DEPTH:   0           7 = DUSTSTORM OR SANDSTORM:
                                                       VSBY 1/2 MILE OR LESS
                                                   8 = SMOKE OR HAZE
[NO. OF DAYS WITH]      [WEATHER - DAYS WITH]      9 = BLOWING SNOW
                                                   X = TORNADO
MAX 32 OR BELOW:   0    0.01 INCH OR MORE:   8
MAX 90 OR ABOVE:   0    0.10 INCH OR MORE:   5
MIN 32 OR BELOW:   4    0.50 INCH OR MORE:   1
MIN  0 OR BELOW:   0    1.00 INCH OR MORE:   0

[HDD (BASE 65) ]
TOTAL THIS MO.   292    CLEAR  (SCALE 0-3)  18
DPTR FM NORMAL   -12    PTCLDY (SCALE 4-7)   9
TOTAL FM JUL 1  3648    CLOUDY (SCALE 8-10)  3
DPTR FM NORMAL  -675

[CDD (BASE 65) ]
TOTAL THIS MO.    14
DPTR FM NORMAL    -2    [PRESSURE DATA]
TOTAL FM JAN 1    17    HIGHEST SLP M ON M
DPTR FM NORMAL    -1    LOWEST  SLP 29.48 ON  2

[REMARKS]

DUE TO A SENSOR FAILURE CAUSING MISSING TEMPERATURES ON OCTOBER 22
AND 23...THE SEASONAL HEATING DEGREE DAY TOTAL AND DEPARTURE FROM
NORMAL WILL BE CALCULATED WITHOUT DATA FROM THESE DATES.

#FINAL-04-16#
