000
CXUS51 KRNK 292316
CF6LYH
PRELIMINARY LOCAL CLIMATOLOGICAL DATA (WS FORM: F-6)

                                          STATION:   LYNCHBURG VA
                                          MONTH:     JUNE
                                          YEAR:      2015
                                          LATITUDE:   37 19 N
                                          LONGITUDE:  79 12 W

  TEMPERATURE IN F:       :PCPN:    SNOW:  WIND      :SUNSHINE: SKY     :PK WND
================================================================================
1   2   3   4   5  6A  6B    7    8   9   10  11  12  13   14  15   16   17  18
                                     12Z  AVG MX 2MIN
DY MAX MIN AVG DEP HDD CDD  WTR  SNW DPTH SPD SPD DIR MIN PSBL S-S WX    SPD DR
================================================================================

 1  88  61  75   7   0  10 0.85  0.0    0  4.3 30 190   M    M   3 13     38 190
 2  76  59  68   0   0   3 0.12  0.0    0  6.5 21  50   M    M   9 1      25  50
 3  61  56  59  -9   6   0 0.19  0.0    0 11.3 17  40   M    M   9 1      24  50
 4  60  56  58 -11   7   0 0.69  0.0    0  8.7 15  40   M    M  10 1      20  40
 5  75  58  67  -2   0   2 0.00  0.0    0  2.5  9  40   M    M   8        13  20
 6  82  59  71   2   0   6 0.00  0.0    0  4.6 13  60   M    M   2 13     20  70
 7  78  62  70   0   0   5 0.00  0.0    0  5.4 14 180   M    M   7        17 190
 8  85  62  74   4   0   9 0.37  0.0    0  8.7 18 190   M    M   5 13     26 300
 9  83  61  72   2   0   7 0.01  0.0    0  5.0 13 200   M    M   3        18 230
10  83  56  70   0   0   5 0.00  0.0    0  1.6 12 200   M    M   0        13 200
11  89  62  76   5   0  11 0.00  0.0    0  4.5 14 190   M    M   0 1      17 180
12  87  67  77   6   0  12 0.18  0.0    0  4.7 13 190   M    M   1 13     21 230
13  90  67  79   8   0  14 0.13  0.0    0  4.0 24  20   M    M   1 13     29  20
14  87  65  76   4   0  11 0.17  0.0    0  2.4 14  30   M    M   3 13     21  30
15  91  67  79   7   0  14 0.00  0.0    0  3.8 12 230   M    M   0 1      17 260
16  92  69  81   9   0  16 0.00  0.0    0  4.3 14 270   M    M   0 3      22 320
17  87  70  79   7   0  14 0.32  0.0    0  2.3 12 210   M    M   3 13     16 210
18  90  67  79   6   0  14 1.12  0.0    0  6.3 16 220   M    M   3 123    26 320
19  87  67  77   4   0  12    T  0.0    0  3.3 10 210   M    M   2        17 100
20  89  65  77   4   0  12 0.24  0.0    0  6.9 18 200   M    M   3 13     27 240
21  90  70  80   7   0  15    T  0.0    0  7.7 15 210   M    M   0        21 240
22  88  65  77   4   0  12 0.00  0.0    0  3.9 10 280   M    M   0        15 210
23  91  68  80   6   0  15 0.00  0.0    0  5.5 15 200   M    M   1        22 230
24  88  67  78   4   0  13 0.00  0.0    0  2.7  9 250   M    M   1        14 240
25  88  68  78   4   0  13 0.00  0.0    0  4.6 10 210   M    M   2        15 220
26  81  69  75   1   0  10 0.31  0.0    0  4.9 12  80   M    M   4 13     15  90
27  80  68  74   0   0   9 0.61  0.0    0  6.1 15 170   M    M   9 123    18 160
28  80  59  70  -4   0   5 0.00  0.0    0  5.6 15 260   M    M   0        24 230
================================================================================
SM 2346 1790        13 269  5.31     0.0 142.1          M       89
================================================================================
AV 83.8 63.9                               5.1 FASTST   M    M   3    MAX(MPH)
                                 MISC ---->  # 30 190               # 38  190
================================================================================
NOTES:
# LAST OF SEVERAL OCCURRENCES

COLUMN 17 PEAK WIND IN M.P.H.

PRELIMINARY LOCAL CLIMATOLOGICAL DATA (WS FORM: F-6) , PAGE 2

                                          STATION:  LYNCHBURG VA
                                          MONTH:    JUNE
                                          YEAR:     2015
                                          LATITUDE:   37 19 N
                                          LONGITUDE:  79 12 W

[TEMPERATURE DATA]      [PRECIPITATION DATA]       SYMBOLS USED IN COLUMN 16

AVERAGE MONTHLY: 73.9   TOTAL FOR MONTH:   5.31    1 = FOG OR MIST
DPTR FM NORMAL:   2.4   DPTR FM NORMAL:    1.92    2 = FOG REDUCING VISIBILITY
HIGHEST:    92 ON 16    GRTST 24HR  1.44 ON 17-18      TO 1/4 MILE OR LESS
LOWEST:     56 ON 10, 4                            3 = THUNDER
                        SNOW, ICE PELLETS, HAIL    4 = ICE PELLETS
                        TOTAL MONTH:   0.0 INCH    5 = HAIL
                        GRTST 24HR     0.0         6 = FREEZING RAIN OR DRIZZLE
                        GRTST DEPTH:   0           7 = DUSTSTORM OR SANDSTORM:
                                                       VSBY 1/2 MILE OR LESS
                                                   8 = SMOKE OR HAZE
[NO. OF DAYS WITH]      [WEATHER - DAYS WITH]      9 = BLOWING SNOW
                                                   X = TORNADO
MAX 32 OR BELOW:   0    0.01 INCH OR MORE:  14
MAX 90 OR ABOVE:   6    0.10 INCH OR MORE:  13
MIN 32 OR BELOW:   0    0.50 INCH OR MORE:   4
MIN  0 OR BELOW:   0    1.00 INCH OR MORE:   1

[HDD (BASE 65) ]
TOTAL THIS MO.    13    CLEAR  (SCALE 0-3)  18
DPTR FM NORMAL     0    PTCLDY (SCALE 4-7)   5
TOTAL FM JUL 1  4640    CLOUDY (SCALE 8-10)  5
DPTR FM NORMAL   182

[CDD (BASE 65) ]
TOTAL THIS MO.   269
DPTR FM NORMAL    75    [PRESSURE DATA]
TOTAL FM JAN 1   417    HIGHEST SLP M ON M
DPTR FM NORMAL   141    LOWEST  SLP 29.71 ON M

[REMARKS]
