000
CXUS51 KRNK 010930
CF6LYH

PRELIMINARY LOCAL CLIMATOLOGICAL DATA (WS FORM: F-6)

                                          STATION:   LYNCHBURG VA
                                          MONTH:     SEPTEMBER
                                          YEAR:      2014
                                          LATITUDE:   37 19 N
                                          LONGITUDE:  79 12 W

  TEMPERATURE IN F:       :PCPN:    SNOW:  WIND      :SUNSHINE: SKY     :PK WND
================================================================================
1   2   3   4   5  6A  6B    7    8   9   10  11  12  13   14  15   16   17  18
                                     12Z  AVG MX 2MIN
DY MAX MIN AVG DEP HDD CDD  WTR  SNW DPTH SPD SPD DIR MIN PSBL S-S WX    SPD DR
================================================================================

 1  88  68  78   6   0  13 0.00  0.0    0  4.1 13 260   M    M   2        20 230
 2  90  66  78   6   0  13 0.55  0.0    0  4.7 15  20   M    M   1 13     18  20
 3  84  67  76   5   0  11    T  0.0    0  2.7  9  50   M    M   2        15  10
 4  85  68  77   6   0  12 0.00  0.0    0  3.7 12 200   M    M   4 1      15 200
 5  84  68  76   5   0  11 0.00  0.0    0  3.5 12 200   M    M   3 12     15 240
 6  86  67  77   7   0  12 0.02  0.0    0  4.9 13 200   M    M   2        16 220
 7  76  65  71   1   0   6 0.00  0.0    0  7.0 16  30   M    M   8        22  40
 8  70  61  66  -4   0   1 0.02  0.0    0 11.2 18  30   M    M   8 1      26  40
 9  74  61  68  -2   0   3 0.00  0.0    0  7.0 16  20   M    M  10        22  20
10  76  65  71   2   0   6 0.00  0.0    0  3.5 13 200   M    M   9        15 200
11  87  63  75   6   0  10    T  0.0    0  6.3 15 200   M    M   2 1      20 220
12  72  65  69   1   0   4    T  0.0    0  4.3 13  70   M    M   9 18     17  60
13  75  61  68   0   0   3 0.36  0.0    0  4.5  8  10   M    M   9 1      14  10
14  67  55  61  -7   4   0 0.00  0.0    0  3.4 13  40   M    M   9        18  40
15  73  53  63  -4   2   0 0.00  0.0    0  3.8 12 160   M    M   7 1      16 160
16  79  57  68   1   0   3 0.00  0.0    0  3.2 12  50   M    M   4 1      16  50
17  74  54  64  -3   1   0 0.00  0.0    0  4.1 14  40   M    M   5        17  40
18  76  54  65  -1   0   0 0.00  0.0    0  3.1 10 190   M    M   7 1      13 180
19  64  60  62  -4   3   0 0.10  0.0    0  5.0 10  40   M    M  10 1      12  40
20  78  58  68   3   0   3 0.00  0.0    0  1.7  7 240   M    M   3 1      11 120
21  83  52  68   3   0   3 0.00  0.0    0  4.7 13 240   M    M   2 1      21 220
22  74  57  66   1   0   1 0.00  0.0    0  5.1 14 330   M    M   1        23 320
23  61  50  56  -8   9   0 0.00  0.0    0  4.4 13  30   M    M   1        16  40
24  65  53  59  -5   6   0 0.44  0.0    0 13.5 23  20   M    M   9 1      30  20
25  72  59  66   3   0   1    T  0.0    0  9.1 17  40   M    M  10 1      22  20
26  76  55  66   3   0   1 0.00  0.0    0  4.4 14  30   M    M   6 1      25  40
27  75  51  63   0   2   0 0.00  0.0    0  3.1 13  40   M    M   0 1      15  40
28  75  48  62   0   3   0 0.00  0.0    0  0.7  6 240   M    M   0 1       7 200
29  70  57  64   2   1   0 0.13  0.0    0  3.0  7 190   M    M   6 12     13 210
30  79  60  70   8   0   5 0.00  0.0    0  3.2 12 130   M    M   5 12     14 140
================================================================================
SM 2288 1778        31 122  1.62     0.0 142.9          M      154
================================================================================
AV 76.3 59.3                               4.8 FASTST   M    M   5    MAX(MPH)
                                 MISC ---->  # 23  20               # 30   20
================================================================================
NOTES:
# LAST OF SEVERAL OCCURRENCES

COLUMN 17 PEAK WIND IN M.P.H.

PRELIMINARY LOCAL CLIMATOLOGICAL DATA (WS FORM: F-6) , PAGE 2

                                          STATION:  LYNCHBURG VA
                                          MONTH:    SEPTEMBER
                                          YEAR:     2014
                                          LATITUDE:   37 19 N
                                          LONGITUDE:  79 12 W

[TEMPERATURE DATA]      [PRECIPITATION DATA]       SYMBOLS USED IN COLUMN 16

AVERAGE MONTHLY: 67.8   TOTAL FOR MONTH:   1.62    1 = FOG OR MIST
DPTR FM NORMAL:   0.8   DPTR FM NORMAL:   -2.26    2 = FOG REDUCING VISIBILITY
HIGHEST:    90 ON  2    GRTST 24HR  0.55 ON  2- 2      TO 1/4 MILE OR LESS
LOWEST:     48 ON 28                               3 = THUNDER
                        SNOW, ICE PELLETS, HAIL    4 = ICE PELLETS
                        TOTAL MONTH:   0.0 INCH    5 = HAIL
                        GRTST 24HR     0.0         6 = FREEZING RAIN OR DRIZZLE
                        GRTST DEPTH:   0           7 = DUSTSTORM OR SANDSTORM:
                                                       VSBY 1/2 MILE OR LESS
                                                   8 = SMOKE OR HAZE
[NO. OF DAYS WITH]      [WEATHER - DAYS WITH]      9 = BLOWING SNOW
                                                   X = TORNADO
MAX 32 OR BELOW:   0    0.01 INCH OR MORE:   7
MAX 90 OR ABOVE:   1    0.10 INCH OR MORE:   5
MIN 32 OR BELOW:   0    0.50 INCH OR MORE:   1
MIN  0 OR BELOW:   0    1.00 INCH OR MORE:   0

[HDD (BASE 65) ]
TOTAL THIS MO.    31    CLEAR  (SCALE 0-3)  11
DPTR FM NORMAL   -27    PTCLDY (SCALE 4-7)  10
TOTAL FM JUL 1    31    CLOUDY (SCALE 8-10)  9
DPTR FM NORMAL   -30

[CDD (BASE 65) ]
TOTAL THIS MO.   122
DPTR FM NORMAL     4    [PRESSURE DATA]
TOTAL FM JAN 1   952    HIGHEST SLP 30.42 ON 24
DPTR FM NORMAL   -64    LOWEST  SLP 29.74 ON 21

[REMARKS]
DUE TO A SYSTEM FAILURE CAUSING MISSING TEMPERATURES ON
AUGUST 21-24...THE SEASONAL TOTAL AND DEPARTURE FROM NORMAL
FOR CDD WILL BE CALCULATED WITHOUT DATA FROM THOSE DATES.

#FINAL-09-14#
