000
CXUS51 KRNK 300929
CF6LYH
PRELIMINARY LOCAL CLIMATOLOGICAL DATA (WS FORM: F-6)

                                          STATION:   LYNCHBURG VA
                                          MONTH:     JULY
                                          YEAR:      2014
                                          LATITUDE:   37 19 N
                                          LONGITUDE:  79 12 W

  TEMPERATURE IN F:       :PCPN:    SNOW:  WIND      :SUNSHINE: SKY     :PK WND
================================================================================
1   2   3   4   5  6A  6B    7    8   9   10  11  12  13   14  15   16   17  18
                                     12Z  AVG MX 2MIN
DY MAX MIN AVG DEP HDD CDD  WTR  SNW DPTH SPD SPD DIR MIN PSBL S-S WX    SPD DR
================================================================================

 1  91  68  80   5   0  15 0.00  0.0    0  5.6 15 200   M    M   4        21 190
 2  94  71  83   8   0  18 0.04  0.0    0  4.4 13 200   M    M   2 13     21 190
 3  87  69  78   3   0  13 0.61  0.0    0  4.6 15 160   M    M   4 13     22 270
 4  83  63  73  -2   0   8 0.00  0.0    0  5.2 13  20   M    M   3        21 330
 5  80  55  68  -7   0   3 0.00  0.0    0  2.8 12  40   M    M   0        15  40
 6  86  52  69  -6   0   4 0.00  0.0    0  4.0 13 190   M    M   1        17 210
 7  89  60  75   0   0  10 0.00  0.0    0  6.5 17 200   M    M   0        25 200
 8  93  67  80   5   0  15 0.34  0.0    0  7.9 26 240   M    M   1 13     38 250
 9  84  65  75   0   0  10 0.68  0.0    0  4.8 14 200   M    M   3 13     18 210
10  82  64  73  -2   0   8 0.01  0.0    0  2.3 13 360   M    M   5 12     18 360
11  85  63  74  -1   0   9 0.00  0.0    0  3.2  9 160   M    M   3 1      12 160
12  88  64  76   1   0  11 0.00  0.0    0  4.5 14 180   M    M   2 1      20 190
13  88  67  78   3   0  13    T  0.0    0  5.4 15 200   M    M   2        20 210
14  92  70  81   6   0  16    T  0.0    0  4.7 12 310   M    M   3        21 300
15  85  68  77   2   0  12 0.02  0.0    0  4.6 12 280   M    M   4 1      18 300
16  82  63  73  -2   0   8 0.00  0.0    0  3.4 10  20   M    M   2 1      15 260
17  83  56  70  -5   0   5 0.00  0.0    0  3.0  9 160   M    M   2        13 270
18  81  60  71  -4   0   6    T  0.0    0  3.0 13 170   M    M   4        16 150
19  81  64  73  -2   0   8 0.02  0.0    0  2.4 12 120   M    M   5 1      13 120
20  79  65  72  -3   0   7 0.00  0.0    0  2.8  7 140   M    M  10        10 130
21  79  67  73  -2   0   8 0.01  0.0    0  3.7 12  60   M    M   8 1      14  60
22  86  70  78   3   0  13 0.00  0.0    0  3.2 12 170   M    M   5 1      16 160
23  94  66  80   5   0  15 0.00  0.0    0  4.0 10 230   M    M   2 1      18 280
24  85  65  75   0   0  10 3.88  0.0    0  3.3 14  40   M    M   7 123    20 280
25  81  65  73  -2   0   8 0.00  0.0    0  3.0 12 150   M    M   6 1      16 160
26  88  66  77   2   0  12 0.00  0.0    0  2.8 10 180   M    M   2        14 190
27  83  69  76   1   0  11 0.13  0.0    0  4.5 15 200   M    M   2 13     20 200
28  80  61  71  -4   0   6 0.00  0.0    0  6.5 17 260   M    M   4 1      28 260
29  78  56  67  -8   0   2 0.00  0.0    0  2.4 12 260   M    M   5        17 210
================================================================================
SM 2467 1859         0 284  5.74     0.0 118.5          M      101
================================================================================
AV 85.1 64.1                               4.1 FASTST   M    M   3    MAX(MPH)
                                 MISC ---->  # 26 240               # 38  250
================================================================================
NOTES:
# LAST OF SEVERAL OCCURRENCES

COLUMN 17 PEAK WIND IN M.P.H.

PRELIMINARY LOCAL CLIMATOLOGICAL DATA (WS FORM: F-6) , PAGE 2

                                          STATION:  LYNCHBURG VA
                                          MONTH:    JULY
                                          YEAR:     2014
                                          LATITUDE:   37 19 N
                                          LONGITUDE:  79 12 W

[TEMPERATURE DATA]      [PRECIPITATION DATA]       SYMBOLS USED IN COLUMN 16

AVERAGE MONTHLY: 74.6   TOTAL FOR MONTH:   5.74    1 = FOG OR MIST
DPTR FM NORMAL:  -0.4   DPTR FM NORMAL:    1.68    2 = FOG REDUCING VISIBILITY
HIGHEST:    94 ON 23, 2 GRTST 24HR  3.88 ON 24-24      TO 1/4 MILE OR LESS
LOWEST:     52 ON  6                               3 = THUNDER
                        SNOW, ICE PELLETS, HAIL    4 = ICE PELLETS
                        TOTAL MONTH:   0.0 INCH    5 = HAIL
                        GRTST 24HR     0.0         6 = FREEZING RAIN OR DRIZZLE
                        GRTST DEPTH:   0           7 = DUSTSTORM OR SANDSTORM:
                                                       VSBY 1/2 MILE OR LESS
                                                   8 = SMOKE OR HAZE
[NO. OF DAYS WITH]      [WEATHER - DAYS WITH]      9 = BLOWING SNOW
                                                   X = TORNADO
MAX 32 OR BELOW:   0    0.01 INCH OR MORE:  10
MAX 90 OR ABOVE:   5    0.10 INCH OR MORE:   5
MIN 32 OR BELOW:   0    0.50 INCH OR MORE:   3
MIN  0 OR BELOW:   0    1.00 INCH OR MORE:   1

[HDD (BASE 65) ]
TOTAL THIS MO.     0    CLEAR  (SCALE 0-3)  15
DPTR FM NORMAL     0    PTCLDY (SCALE 4-7)  13
TOTAL FM JUL 1     0    CLOUDY (SCALE 8-10)  1
DPTR FM NORMAL     0

[CDD (BASE 65) ]
TOTAL THIS MO.   284
DPTR FM NORMAL    -6    [PRESSURE DATA]
TOTAL FM JAN 1   653    HIGHEST SLP M ON M
DPTR FM NORMAL    67    LOWEST  SLP 29.67 ON 28

[REMARKS]
