000
CXUS54 KLZK 241330
CF6LZK
PRELIMINARY LOCAL CLIMATOLOGICAL DATA (WS FORM: F-6)

                                          STATION:   North Little Rock
                                          MONTH:     JULY
                                          YEAR:      2014
                                          LATITUDE:   34 50 N
                                          LONGITUDE:  92 16 W

  TEMPERATURE IN F:       :PCPN:    SNOW:  WIND      :SUNSHINE: SKY     :PK WND
================================================================================
1   2   3   4   5  6A  6B    7    8   9   10  11  12  13   14  15   16   17  18
                                     12Z  AVG MX 2MIN
DY MAX MIN AVG DEP HDD CDD  WTR  SNW DPTH SPD SPD DIR MIN PSBL S-S WX    SPD DR
================================================================================

 1  90  70  80  -2   0  15 0.01  0.0    0   M   M   M   M    M   M 38      M  M
 2  87  68  78  -4   0  13 0.05  0.0    0   M   M   M   M    M   M 13      M  M
 3  82  64  73  -9   0   8 0.00  0.0    0   M   M   M   M    M   M         M  M
 4  83  64  74  -8   0   9 0.00  0.0    0   M   M   M   M    M   M         M  M
 5  85  63  74  -8   0   9 0.00  0.0    0   M   M   M   M    M   M         M  M
 6  86  67  77  -5   0  12 0.00  0.0    0   M   M   M   M    M   M         M  M
 7  89  74  82   0   0  17    T  0.0    0   M   M   M   M    M   M         M  M
 8  91  69  80  -2   0  15 0.90  0.0    0   M   M   M   M    M   M         M  M
 9  84  71  78  -4   0  13 0.13  0.0    0   M   M   M   M    M   M         M  M
10  87  69  78  -4   0  13 0.67  0.0    M   M   M   M   M    M   M 13      M  M
11  86  72  79  -3   0  14 0.02  0.0    0   M   M   M   M    M   M 1       M  M
12  93  74  84   2   0  19 0.00  0.0    0   M   M   M   M    M   M         M  M
13  93  77  85   3   0  20 0.00  0.0    0   M   M   M   M    M   M         M  M
14  93  73  83   1   0  18 0.11  0.0    0   M   M   M   M    M   M 3       M  M
15  80  68  74  -8   0   9 0.00  0.0    0   M   M   M   M    M   M         M  M
16  79  62  71 -12   0   6    T  0.0    0   M   M   M   M    M   M         M  M
17  70  62  66 -17   0   1 0.48  0.0    0   M   M   M   M    M   M         M  M
18  71  61  66 -17   0   1 0.09  0.0    0   M   M   M   M    M   M         M  M
19  76  63  70 -13   0   5 0.00  0.0    0   M   M   M   M    M   M         M  M
20  80  66  73 -10   0   8 0.00  0.0    0   M   M   M   M    M   M         M  M
21  86  66  76  -7   0  11 0.00  0.0    0   M   M   M   M    M   M         M  M
22  87  67  77  -6   0  12 0.00  0.0    0   M   M   M   M    M   M         M  M
23  90  69  80  -3   0  15 0.67  0.0    0   M   M   M   M    M   M 3       M  M
================================================================================
SM 1948 1559         0 263  3.13     0.0     M          M        M
================================================================================
AV 84.7 67.8                                 M FASTST   M    M   6    MAX(MPH)
                                 MISC ---->     M   M                  M    M
================================================================================
NOTES:
# LAST OF SEVERAL OCCURRENCES

COLUMN 17 PEAK WIND IN M.P.H.

PRELIMINARY LOCAL CLIMATOLOGICAL DATA (WS FORM: F-6) , PAGE 2

                                          STATION:  North Little Rock
                                          MONTH:    JULY
                                          YEAR:     2014
                                          LATITUDE:   34 50 N
                                          LONGITUDE:  92 16 W

[TEMPERATURE DATA]      [PRECIPITATION DATA]       SYMBOLS USED IN COLUMN 16

AVERAGE MONTHLY: 76.2   TOTAL FOR MONTH:   3.13    1 = FOG OR MIST
DPTR FM NORMAL:  -6.1   DPTR FM NORMAL:    0.28    2 = FOG REDUCING VISIBILITY
HIGHEST:    93 ON 14,13 GRTST 24HR  0.90 ON  8- 8      TO 1/4 MILE OR LESS
LOWEST:     61 ON 18                               3 = THUNDER
                        SNOW, ICE PELLETS, HAIL    4 = ICE PELLETS
                        TOTAL MONTH:   0.0 INCH    5 = HAIL
                        GRTST 24HR     0.0         6 = FREEZING RAIN OR DRIZZLE
                        GRTST DEPTH:   0           7 = DUSTSTORM OR SANDSTORM:
                                                       VSBY 1/2 MILE OR LESS
                                                   8 = SMOKE OR HAZE
[NO. OF DAYS WITH]      [WEATHER - DAYS WITH]      9 = BLOWING SNOW
                                                   X = TORNADO
MAX 32 OR BELOW:   0    0.01 INCH OR MORE:  10
MAX 90 OR ABOVE:   6    0.10 INCH OR MORE:   6
MIN 32 OR BELOW:   0    0.50 INCH OR MORE:   3
MIN  0 OR BELOW:   0    1.00 INCH OR MORE:   0

[HDD (BASE 65) ]
TOTAL THIS MO.     0    CLEAR  (SCALE 0-3)   0
DPTR FM NORMAL     0    PTCLDY (SCALE 4-7)   0
TOTAL FM JUL 1     0    CLOUDY (SCALE 8-10)  0
DPTR FM NORMAL     0

[CDD (BASE 65) ]
TOTAL THIS MO.   263
DPTR FM NORMAL  -137    [PRESSURE DATA]
TOTAL FM JAN 1   919    HIGHEST SLP M ON M
DPTR FM NORMAL  -190    LOWEST  SLP M ON M

[REMARKS]
