000
CXUS54 KLZK 251430
CF6LZK
PRELIMINARY LOCAL CLIMATOLOGICAL DATA (WS FORM: F-6)

                                          STATION:   North Little Rock
                                          MONTH:     DECEMBER
                                          YEAR:      2014
                                          LATITUDE:   34 50 N
                                          LONGITUDE:  92 16 W

  TEMPERATURE IN F:       :PCPN:    SNOW:  WIND      :SUNSHINE: SKY     :PK WND
================================================================================
1   2   3   4   5  6A  6B    7    8   9   10  11  12  13   14  15   16   17  18
                                     12Z  AVG MX 2MIN
DY MAX MIN AVG DEP HDD CDD  WTR  SNW DPTH SPD SPD DIR MIN PSBL S-S WX    SPD DR
================================================================================

 1  62  31  47   0  18   0 0.03  0.0    0   M   M   M   M    M   M         M  M
 2  40  31  36 -10  29   0 0.00  0.0    0   M   M   M   M    M   M         M  M
 3  44  39  42  -4  23   0 0.11  0.0    0   M   M   M   M    M   M         M  M
 4  51  42  47   1  18   0 0.00  0.0    0   M   M   M   M    M   M         M  M
 5  65  50  58  13   7   0 1.17  0.0    0   M   M   M   M    M   M         M  M
 6  61  45  53   8  12   0    T  0.0    0   M   M   M   M    M   M         M  M
 7  46  39  43  -2  22   0 0.00  0.0    0   M   M   M   M    M   M         M  M
 8  53  37  45   1  20   0 0.00  0.0    0   M   M   M   M    M   M         M  M
 9  54  34  44   0  21   0 0.00  0.0    0   M   M   M   M    M   M 12      M  M
10  48  31  40  -4  25   0 0.00  0.0    0   M   M   M   M    M   M         M  M
11  45  35  40  -4  25   0    T  0.0    0   M   M   M   M    M   M         M  M
12  45  41  43  -1  22   0 0.01  0.0    0   M   M   M   M    M   M         M  M
13  61  44  53  10  12   0 0.01  0.0    0   M   M   M   M    M   M         M  M
14  66  44  55  12  10   0 0.00  0.0    0   M   M   M   M    M   M         M  M
15  68  48  58  15   7   0 0.32  0.0    0   M   M   M   M    M   M 3       M  M
16  48  34  41  -2  24   0 0.00  0.0    0   M   M   M   M    M   M         M  M
17  40  31  36  -6  29   0 0.20    T    0   M   M   M   M    M   M 4       M  M
18  41  35  38  -4  27   0 0.13    T    0   M   M   M   M    M   M 4       M  M
19  42  38  40  -2  25   0 0.02  0.0    0   M   M   M   M    M   M         M  M
20  48  38  43   1  22   0 0.00  0.0    0   M   M   M   M    M   M         M  M
21  53  34  44   2  21   0 0.00  0.0    0   M   M   M   M    M   M         M  M
22  55  45  50   8  15   0 0.04  0.0    0   M   M   M   M    M   M 1       M  M
23  51  44  48   6  17   0 0.11  0.0    0   M   M   M   M    M   M         M  M
24  44  37  41  -1  24   0 0.00  0.0    0   M   M   M   M    M   M         M  M
================================================================================
SM 1231  927       475   0  2.15    T        M          M        M
================================================================================
AV 51.3 38.6                                 M FASTST   M    M   8    MAX(MPH)
                                 MISC ---->     M   M                  M    M
================================================================================
NOTES:
# LAST OF SEVERAL OCCURRENCES

COLUMN 17 PEAK WIND IN M.P.H.

PRELIMINARY LOCAL CLIMATOLOGICAL DATA (WS FORM: F-6) , PAGE 2

                                          STATION:  North Little Rock
                                          MONTH:    DECEMBER
                                          YEAR:     2014
                                          LATITUDE:   34 50 N
                                          LONGITUDE:  92 16 W

[TEMPERATURE DATA]      [PRECIPITATION DATA]       SYMBOLS USED IN COLUMN 16

AVERAGE MONTHLY: 45.0   TOTAL FOR MONTH:   2.15    1 = FOG OR MIST
DPTR FM NORMAL:   1.3   DPTR FM NORMAL:   -1.88    2 = FOG REDUCING VISIBILITY
HIGHEST:    68 ON 15    GRTST 24HR  1.17 ON  5- 5      TO 1/4 MILE OR LESS
LOWEST:     31 ON 17,10                            3 = THUNDER
                        SNOW, ICE PELLETS, HAIL    4 = ICE PELLETS
                        TOTAL MONTH:    T          5 = HAIL
                        GRTST 24HR    T  ON 18-18  6 = FREEZING RAIN OR DRIZZLE
                        GRTST DEPTH:   0           7 = DUSTSTORM OR SANDSTORM:
                                                       VSBY 1/2 MILE OR LESS
                                                   8 = SMOKE OR HAZE
[NO. OF DAYS WITH]      [WEATHER - DAYS WITH]      9 = BLOWING SNOW
                                                   X = TORNADO
MAX 32 OR BELOW:   0    0.01 INCH OR MORE:  11
MAX 90 OR ABOVE:   0    0.10 INCH OR MORE:   6
MIN 32 OR BELOW:   4    0.50 INCH OR MORE:   1
MIN  0 OR BELOW:   0    1.00 INCH OR MORE:   1

[HDD (BASE 65) ]
TOTAL THIS MO.   475    CLEAR  (SCALE 0-3)   0
DPTR FM NORMAL   -38    PTCLDY (SCALE 4-7)   0
TOTAL FM JUL 1  1090    CLOUDY (SCALE 8-10)  0
DPTR FM NORMAL    65

[CDD (BASE 65) ]
TOTAL THIS MO.     0
DPTR FM NORMAL     0    [PRESSURE DATA]
TOTAL FM JAN 1  1934    HIGHEST SLP M ON M
DPTR FM NORMAL  -235    LOWEST  SLP M ON M

[REMARKS]
