000
CXUS54 KLZK 021211
CF6LZK
PRELIMINARY LOCAL CLIMATOLOGICAL DATA (WS FORM: F-6)

                                          STATION:   North Little Rock
                                          MONTH:     SEPTEMBER
                                          YEAR:      2014
                                          LATITUDE:   34 50 N
                                          LONGITUDE:  92 16 W

  TEMPERATURE IN F:       :PCPN:    SNOW:  WIND      :SUNSHINE: SKY     :PK WND
================================================================================
1   2   3   4   5  6A  6B    7    8   9   10  11  12  13   14  15   16   17  18
                                     12Z  AVG MX 2MIN
DY MAX MIN AVG DEP HDD CDD  WTR  SNW DPTH SPD SPD DIR MIN PSBL S-S WX    SPD DR
================================================================================

 1  91  74  83   3   0  18 0.00  0.0    0   M   M   M   M    M   M         M  M
 2  86  72  79   0   0  14 0.05  0.0    0   M   M   M   M    M   M 3       M  M
 3  89  70  80   1   0  15 0.00  0.0    0   M   M   M   M    M   M 12      M  M
 4  95  74  85   6   0  20 0.00  0.0    0   M   M   M   M    M   M         M  M
 5  94  75  85   7   0  20 0.14  0.0    0   M   M   M   M    M   M 3       M  M
 6  92  69  81   3   0  16 0.00  0.0    0   M   M   M   M    M   M         M  M
 7  86  65  76  -2   0  11 0.00  0.0    0   M   M   M   M    M   M         M  M
 8  90  67  79   2   0  14 0.00  0.0    0   M   M   M   M    M   M         M  M
 9  92  72  82   5   0  17 0.00  0.0    0   M   M   M   M    M   M         M  M
10  92  76  84   7   0  19 0.00  0.0    0   M   M   M   M    M   M         M  M
11  82  65  74  -2   0   9 0.85  0.0    0   M   M   M   M    M   M         M  M
12  65  57  61 -15   4   0    T  0.0    0   M   M   M   M    M   M         M  M
13  68  55  62 -14   3   0 0.02  0.0    0   M   M   M   M    M   M         M  M
14  78  54  66  -9   0   1 0.00  0.0    0   M   M   M   M    M   M         M  M
15  76  63  70  -5   0   5    T  0.0    0   M   M   M   M    M   M         M  M
16  82  64  73  -1   0   8 0.01  0.0    0   M   M   M   M    M   M 1       M  M
17  85  61  73  -1   0   8 0.00  0.0    0   M   M   M   M    M   M         M  M
18  80  64  72  -2   0   7 0.00  0.0    0   M   M   M   M    M   M         M  M
19  86  65  76   3   0  11 0.00  0.0    0   M   M   M   M    M   M         M  M
20  88  68  78   5   0  13 0.00  0.0    0   M   M   M   M    M   M         M  M
21  87  72  80   8   0  15 0.00  0.0    0   M   M   M   M    M   M         M  M
22  81  58  70  -2   0   5 0.00  0.0    0   M   M   M   M    M   M         M  M
23  81  53  67  -5   0   2 0.00  0.0    0   M   M   M   M    M   M         M  M
24  85  57  71   0   0   6 0.00  0.0    0   M   M   M   M    M   M         M  M
25  86  61  74   3   0   9 0.00  0.0    M   M   M   M   M    M   0         M  M
26  87  64  76   6   0  11 0.00  0.0    0   M   M   M   M    M   M         M  M
27  86  65  76   6   0  11    T  0.0    0   M   M   M   M    M   M         M  M
28  87  63  75   5   0  10 0.00  0.0    0   M   M   M   M    M   M         M  M
29  89  64  77   8   0  12 0.00  0.0    0   M   M   M   M    M   M         M  M
30  87  63  75   6   0  10 0.00  0.0    0   M   M   M   M    M   M         M  M
================================================================================
SM 2553 1950         7 317  1.07     0.0     M          M        0
================================================================================
AV 85.1 65.0                                 M FASTST   M    M   0    MAX(MPH)
                                 MISC ---->     M   M                  M    M
================================================================================
NOTES:
# LAST OF SEVERAL OCCURRENCES

COLUMN 17 PEAK WIND IN M.P.H.

PRELIMINARY LOCAL CLIMATOLOGICAL DATA (WS FORM: F-6) , PAGE 2

                                          STATION:  North Little Rock
                                          MONTH:    SEPTEMBER
                                          YEAR:     2014
                                          LATITUDE:   34 50 N
                                          LONGITUDE:  92 16 W

[TEMPERATURE DATA]      [PRECIPITATION DATA]       SYMBOLS USED IN COLUMN 16

AVERAGE MONTHLY: 75.1   TOTAL FOR MONTH:   1.07    1 = FOG OR MIST
DPTR FM NORMAL:   0.6   DPTR FM NORMAL:   -2.24    2 = FOG REDUCING VISIBILITY
HIGHEST:    95 ON  4    GRTST 24HR  0.85 ON 11-11      TO 1/4 MILE OR LESS
LOWEST:     53 ON 23                               3 = THUNDER
                        SNOW, ICE PELLETS, HAIL    4 = ICE PELLETS
                        TOTAL MONTH:   0.0 INCH    5 = HAIL
                        GRTST 24HR     0.0         6 = FREEZING RAIN OR DRIZZLE
                        GRTST DEPTH:   0           7 = DUSTSTORM OR SANDSTORM:
                                                       VSBY 1/2 MILE OR LESS
                                                   8 = SMOKE OR HAZE
[NO. OF DAYS WITH]      [WEATHER - DAYS WITH]      9 = BLOWING SNOW
                                                   X = TORNADO
MAX 32 OR BELOW:   0    0.01 INCH OR MORE:   5
MAX 90 OR ABOVE:   7    0.10 INCH OR MORE:   2
MIN 32 OR BELOW:   0    0.50 INCH OR MORE:   1
MIN  0 OR BELOW:   0    1.00 INCH OR MORE:   0

[HDD (BASE 65) ]
TOTAL THIS MO.     7    CLEAR  (SCALE 0-3)   1
DPTR FM NORMAL    -6    PTCLDY (SCALE 4-7)   0
TOTAL FM JUL 1     7    CLOUDY (SCALE 8-10)  0
DPTR FM NORMAL    -6

[CDD (BASE 65) ]
TOTAL THIS MO.   317
DPTR FM NORMAL    20    [PRESSURE DATA]
TOTAL FM JAN 1  1832    HIGHEST SLP M ON M
DPTR FM NORMAL  -242    LOWEST  SLP M ON M

[REMARKS]
#FINAL-09-14#
