000
CXUS54 KLZK 011330
CF6M19
PRELIMINARY LOCAL CLIMATOLOGICAL DATA (WS FORM: F-6)

                                          STATION:   Newport Airport
                                          MONTH:     JUNE
                                          YEAR:      2015
                                          LATITUDE:   35 35 N
                                          LONGITUDE:  91 16 W

  TEMPERATURE IN F:       :PCPN:    SNOW:  WIND      :SUNSHINE: SKY     :PK WND
================================================================================
1   2   3   4   5  6A  6B    7    8   9   10  11  12  13   14  15   16   17  18
                                     12Z  AVG MX 2MIN
DY MAX MIN AVG DEP HDD CDD  WTR  SNW DPTH SPD SPD DIR MIN PSBL S-S WX    SPD DR
================================================================================

 1  72  61  67  -7   0   2 0.00  0.0    0  7.7 12  30   M    M   9         M  M
 2  76  59  68  -6   0   3 0.00  0.0    0  6.5 10  50   M    M   6         M  M
 3  80  58  69  -6   0   4 0.00  0.0    0  3.9  9 160   M    M   4 1       M  M
 4  86  62  74  -1   0   9 0.00  0.0    0  1.9  7 160   M    M   0         M  M
 5  92  67  80   5   0  15 0.90  0.0    0  5.4 22  20   M    M   2 138     M  M
 6  89  69  79   3   0  14 0.04  0.0    0  1.7  8  20   M    M   4         M  M
 7  93  72  83   7   0  18 0.00  0.0    0  6.2 13 200   M    M   1 1      25 200
 8  93  76  85   9   0  20 0.45  0.0    0  9.6 14 260   M    M   2 13     24 250
 9  94  69  82   6   0  17    T  0.0    0  4.1  8 320   M    M   0         M  M
10  96  72  84   7   0  19 0.00  0.0    0  4.8  8 230   M    M   1         M  M
11  95  73  84   7   0  19 0.00  0.0    0  7.9 14 190   M    M   1        24 210
12  94  75  85   8   0  20 0.00  0.0    0 11.1 16 190   M    M   1        28 190
13  92  74  83   6   0  18 0.11  0.0    0 12.2 23 190   M    M   4 13     31 180
14  92  73  83   5   0  18 0.00  0.0    0 11.2 17 160   M    M   4 3      28 200
15  92  74  83   5   0  18 0.02  0.0    0  7.7 14 210   M    M   3        20 240
16  94  74  84   6   0  19 0.00  0.0    0  5.8 14 140   M    M   2 8      20 140
17  94  74  84   6   0  19 0.00  0.0    0  6.2 10 180   M    M   2         M  M
18  87  73  80   1   0  15    T  0.0    0 12.1 23 190   M    M   6 1      33 160
19  80  73  77  -2   0  12 0.63  0.0    0 16.6 28 210   M    M   8 1      31 200
20  94  69  82   3   0  17    T  0.0    0  7.2 14 230   M    M   1 3      24 200
21  92  75  84   5   0  19 0.00  0.0    0  7.8 15 220   M    M   0 1      30 220
22  95  74  85   6   0  20 0.00  0.0    0 11.4 21 220   M    M   1        37 240
23  98  76  87   7   0  22 0.00  0.0    0  7.1 10 320   M    M   1        22 270
24  99  76  88   8   0  23    T  0.0    0  3.6  9 170   M    M   0         M  M
25  99  76  88   8   0  23 0.00  0.0    0  7.1 12 240   M    M   0        21 220
26  96  73  85   5   0  20 0.19  0.0    0  9.0 22 340   M    M   3 3      35 340
27  85  71  78  -2   0  13 0.00  0.0    0  9.0 15 350   M    M   4        16 350
28  90  65  78  -2   0  13 0.00  0.0    0  6.4 14 220   M    M   1        21 280
29  94  73  84   4   0  19 0.00  0.0    0  9.2 15 200   M    M   3        30 240
30  92  72  82   2   0  17 0.00  0.0    0  6.2 13 270   M    M   0        16 270
================================================================================
SM 2725 2128         0 485  2.34     0.0 226.6          M       74
================================================================================
AV 90.8 70.9                               7.6 FASTST   M    M   2    MAX(MPH)
                                 MISC ---->    28   M                 37    M
================================================================================
NOTES:
# LAST OF SEVERAL OCCURRENCES

COLUMN 17 PEAK WIND IN M.P.H.

PRELIMINARY LOCAL CLIMATOLOGICAL DATA (WS FORM: F-6) , PAGE 2

                                          STATION:  Newport Airport
                                          MONTH:    JUNE
                                          YEAR:     2015
                                          LATITUDE:   35 35 N
                                          LONGITUDE:  91 16 W

[TEMPERATURE DATA]      [PRECIPITATION DATA]       SYMBOLS USED IN COLUMN 16

AVERAGE MONTHLY: 80.9   TOTAL FOR MONTH:   2.34    1 = FOG OR MIST
DPTR FM NORMAL:   3.1   DPTR FM NORMAL:   -1.16    2 = FOG REDUCING VISIBILITY
HIGHEST:    99 ON 25,24 GRTST 24HR  0.90 ON  5- 5      TO 1/4 MILE OR LESS
LOWEST:     58 ON  3                               3 = THUNDER
                        SNOW, ICE PELLETS, HAIL    4 = ICE PELLETS
                        TOTAL MONTH:   0.0 INCH    5 = HAIL
                        GRTST 24HR     0.0         6 = FREEZING RAIN OR DRIZZLE
                        GRTST DEPTH:   0           7 = DUSTSTORM OR SANDSTORM:
                                                       VSBY 1/2 MILE OR LESS
                                                   8 = SMOKE OR HAZE
[NO. OF DAYS WITH]      [WEATHER - DAYS WITH]      9 = BLOWING SNOW
                                                   X = TORNADO
MAX 32 OR BELOW:   0    0.01 INCH OR MORE:   7
MAX 90 OR ABOVE:  22    0.10 INCH OR MORE:   5
MIN 32 OR BELOW:   0    0.50 INCH OR MORE:   2
MIN  0 OR BELOW:   0    1.00 INCH OR MORE:   0

[HDD (BASE 65) ]
TOTAL THIS MO.     0    CLEAR  (SCALE 0-3)  21
DPTR FM NORMAL    -1    PTCLDY (SCALE 4-7)   7
TOTAL FM JUL 1  3732    CLOUDY (SCALE 8-10)  2
DPTR FM NORMAL   112

[CDD (BASE 65) ]
TOTAL THIS MO.   485
DPTR FM NORMAL   101    [PRESSURE DATA]
TOTAL FM JAN 1   741    HIGHEST SLP M ON M
DPTR FM NORMAL   132    LOWEST  SLP M ON M

[REMARKS]
#FINAL-06-15#
