000
CXUS54 KMAF 281100
CF6MAF
PRELIMINARY LOCAL CLIMATOLOGICAL DATA (WS FORM: F-6)

                                          STATION:   Midland International Airport
                                          MONTH:     SEPTEMBER
                                          YEAR:      2016
                                          LATITUDE:   31 57 N
                                          LONGITUDE: 102 11 W

  TEMPERATURE IN F:       :PCPN:    SNOW:  WIND      :SUNSHINE: SKY     :PK WND
================================================================================
1   2   3   4   5  6A  6B    7    8   9   10  11  12  13   14  15   16   17  18
                                     12Z  AVG MX 2MIN
DY MAX MIN AVG DEP HDD CDD  WTR  SNW DPTH SPD SPD DIR MIN PSBL S-S WX    SPD DR
================================================================================

 1  82  70  76  -3   0  11 0.17  0.0    0  7.3 16 120   M    M   5 138    20 110
 2  88  65  77  -1   0  12 0.00  0.0    0  5.1 12 130   M    M   2 1      15  80
 3  89  69  79   1   0  14 0.00  0.0    0 10.6 18 160   M    M   3        23 160
 4  91  70  81   3   0  16 0.00  0.0    0 15.5 28 160   M    M   1 18     32 150
 5  88  70  79   1   0  14 0.00  0.0    0 17.8 32 160   M    M   2        39 150
 6  89  74  82   5   0  17 0.00  0.0    0 16.6 24 160   M    M   3        31 190
 7  94  72  83   6   0  18 0.15  0.0    0 13.2 29 300   M    M   4 3      39 300
 8  94  73  84   7   0  19 0.00  0.0    0  8.6 18 240   M    M   1        23 220
 9  97  73  85   9   0  20 0.00  0.0    0 12.1 22 220   M    M   0        29 190
10  80  64  72  -4   0   7 0.53  0.0    0 11.0 32  30   M    M   6 13     39  60
11  87  62  75  -1   0  10 0.00  0.0    0  8.7 15 210   M    M   0        20 240
12  92  70  81   5   0  16 0.00  0.0    0 10.9 20 180   M    M   1        23 150
13  91  65  78   3   0  13 0.00  0.0    0  9.2 16 170   M    M   1        21 190
14  89  68  79   4   0  14 0.00  0.0    0  9.2 24 130   M    M   3 3      27 130
15  90  68  79   4   0  14 0.00  0.0    0  8.2 18 140   M    M   3        22 130
16  93  67  80   6   0  15 0.61  0.0    0 12.1 31 280   M    M   5 13     39 280
17  91  67  79   5   0  14 0.52  0.0    0 10.6 32 150   M    M   4 38     40 150
18  94  69  82   8   0  17 0.00  0.0    0  6.8 22 170   M    M   0        28 160
19  95  71  83  10   0  18 0.00  0.0    0  7.9 15 200   M    M   1        17 110
20  94  72  83  10   0  18 0.00  0.0    0 10.4 20 170   M    M   1        25 170
21  92  67  80   7   0  15 0.00  0.0    0  9.1 18 170   M    M   0        26 130
22  91  67  79   7   0  14 0.00  0.0    0 10.0 21 180   M    M   0        25 180
23  92  65  79   7   0  14 0.00  0.0    0 13.5 23 150   M    M   0        31 170
24  90  68  79   7   0  14    T  0.0    0 10.8 21 150   M    M   4        25 150
25  74  59  67  -5   0   2    T  0.0    0 12.0 29  10   M    M   7 1      35  10
26  69  59  64  -7   1   0 0.00  0.0    0 13.2 23  50   M    M  10        29  50
27  78  55  67  -4   0   2 0.13  0.0    0  4.2 12 280   M    M   4        14 280
================================================================================
SM 2394 1819         1 358  2.11     0.0 284.6          M       71
================================================================================
AV 88.7 67.4                              10.5 FASTST   M    M   3    MAX(MPH)
                                 MISC ---->  # 32 160               # 40  150
================================================================================
NOTES:
# LAST OF SEVERAL OCCURRENCES

COLUMN 17 PEAK WIND IN M.P.H.

PRELIMINARY LOCAL CLIMATOLOGICAL DATA (WS FORM: F-6) , PAGE 2

                                          STATION:  Midland International Airport
                                          MONTH:    SEPTEMBER
                                          YEAR:     2016
                                          LATITUDE:   31 57 N
                                          LONGITUDE: 102 11 W

[TEMPERATURE DATA]      [PRECIPITATION DATA]       SYMBOLS USED IN COLUMN 16

AVERAGE MONTHLY: 78.0   TOTAL FOR MONTH:   2.11    1 = FOG OR MIST
DPTR FM NORMAL:   3.1   DPTR FM NORMAL:    0.42    2 = FOG REDUCING VISIBILITY
HIGHEST:    97 ON  9    GRTST 24HR  0.97 ON 16-17      TO 1/4 MILE OR LESS
LOWEST:     55 ON 27                               3 = THUNDER
                        SNOW, ICE PELLETS, HAIL    4 = ICE PELLETS
                        TOTAL MONTH:   0.0 INCH    5 = HAIL
                        GRTST 24HR     0.0         6 = FREEZING RAIN OR DRIZZLE
                        GRTST DEPTH:   0           7 = DUSTSTORM OR SANDSTORM:
                                                       VSBY 1/2 MILE OR LESS
                                                   8 = SMOKE OR HAZE
[NO. OF DAYS WITH]      [WEATHER - DAYS WITH]      9 = BLOWING SNOW
                                                   X = TORNADO
MAX 32 OR BELOW:   0    0.01 INCH OR MORE:   6
MAX 90 OR ABOVE:  16    0.10 INCH OR MORE:   6
MIN 32 OR BELOW:   0    0.50 INCH OR MORE:   3
MIN  0 OR BELOW:   0    1.00 INCH OR MORE:   0

[HDD (BASE 65) ]
TOTAL THIS MO.     1    CLEAR  (SCALE 0-3)  17
DPTR FM NORMAL    -6    PTCLDY (SCALE 4-7)   9
TOTAL FM JUL 1     1    CLOUDY (SCALE 8-10)  1
DPTR FM NORMAL    -6

[CDD (BASE 65) ]
TOTAL THIS MO.   358
DPTR FM NORMAL    81    [PRESSURE DATA]
TOTAL FM JAN 1  2590    HIGHEST SLP M ON M
DPTR FM NORMAL   429    LOWEST  SLP 29.72 ON  9

[REMARKS]
