000
CXUS55 KEAX 290736
CF6MCI
PRELIMINARY LOCAL CLIMATOLOGICAL DATA (WS FORM: F-6)

                                          STATION:   Kansas City International MO
                                          MONTH:     AUGUST
                                          YEAR:      2016
                                          LATITUDE:   39 19 N
                                          LONGITUDE:  94 43 W

  TEMPERATURE IN F:       :PCPN:    SNOW:  WIND      :SUNSHINE: SKY     :PK WND
================================================================================
1   2   3   4   5  6A  6B    7    8   9   10  11  12  13   14  15   16   17  18
                                     12Z  AVG MX 2MIN
DY MAX MIN AVG DEP HDD CDD  WTR  SNW DPTH SPD SPD DIR MIN PSBL S-S WX    SPD DR
================================================================================

 1  85  69  77  -1   0  12 0.17  0.0    0 13.4 26 140   M    M   8 13     31 140
 2  89  73  81   3   0  16    T  0.0    0  7.7 18 130   M    M   6 138    23 110
 3  90  72  81   3   0  16 0.00  0.0    0  9.2 16 120   M    M   3 18     23 110
 4  97  76  87   9   0  22 0.00  0.0    0  9.3 16 210   M    M   3 8      20 180
 5  82  70  76  -2   0  11    T  0.0    0  7.5 15  20   M    M   9 3      18  20
 6  82  67  75  -3   0  10 0.00  0.0    0  7.9 14  30   M    M   4        18  60
 7  77  67  72  -6   0   7 0.04  0.0    0  8.6 16  90   M    M   9        22  80
 8  80  69  75  -3   0  10    T  0.0    0  8.5 15  80   M    M   9        21 190
 9  94  71  83   5   0  18 0.00  0.0    0  6.5 15 100   M    M   6 18     20  90
10  96  74  85   7   0  20 0.00  0.0    0  8.7 16 190   M    M   3 138    22 190
11  98  77  88  10   0  23 0.00  0.0    0 12.8 20 190   M    M   3 8      25 210
12  84  70  77  -1   0  12 0.30  0.0    0  8.0 18 160   M    M   7 13     23 330
13  86  65  76  -2   0  11 0.00  0.0    0  6.9 15 350   M    M   1 1      20 200
14  88  66  77  -1   0  12 0.00  0.0    0  6.1 14  10   M    M   4 1      22  30
15  82  65  74  -4   0   9 0.00  0.0    0  3.1  9 120   M    M   7        13 280
16  89  62  76  -2   0  11 0.00  0.0    0  6.9 16 160   M    M   2 18     21 150
17  93  68  81   4   0  16 0.00  0.0    0  9.9 18 230   M    M   1 8      22 220
18  92  67  80   3   0  15 0.00  0.0    0 10.0 17 180   M    M   3 18     23 180
19  90  67  79   2   0  14 1.06  0.0    0  7.5 37 340   M    M   7 1358   46 350
20  74  56  65 -12   0   0    T  0.0    0  8.8 17 330   M    M   6 1      22 330
21  81  55  68  -9   0   3 0.00  0.0    0  5.9 10 330   M    M   1        15 330
22  83  56  70  -6   0   5 0.00  0.0    0 10.5 18 170   M    M   3 8      24 190
23  87  65  76   0   0  11    T  0.0    0 15.8 29 190   M    M   6        35 200
24  85  67  76   0   0  11 1.77  0.0    0  8.9 26 350   M    M   9 13     34 340
25  83  70  77   1   0  12 1.32  0.0    0  6.2 16  20   M    M   8 13     20  30
26  83  67  75  -1   0  10 1.96  0.0    0  8.7 21 310   M    M   9 13     28 340
27  88  66  77   2   0  12 0.05  0.0    0  5.3 15 260   M    M   6 13     22 290
28  90  70  80   5   0  15 1.23  0.0    0  6.7 17 170   M    M   4 13     22 170
================================================================================
SM 2428 1887         0 344  7.90     0.0 235.3          M      147
================================================================================
AV 86.7 67.4                               8.4 FASTST   M    M   5    MAX(MPH)
                                 MISC ---->  # 37 340               # 46  350
================================================================================
NOTES:
# LAST OF SEVERAL OCCURRENCES

COLUMN 17 PEAK WIND IN M.P.H.

PRELIMINARY LOCAL CLIMATOLOGICAL DATA (WS FORM: F-6) , PAGE 2

                                          STATION:  Kansas City International MO
                                          MONTH:    AUGUST
                                          YEAR:     2016
                                          LATITUDE:   39 19 N
                                          LONGITUDE:  94 43 W

[TEMPERATURE DATA]      [PRECIPITATION DATA]       SYMBOLS USED IN COLUMN 16

AVERAGE MONTHLY: 77.1   TOTAL FOR MONTH:   7.90    1 = FOG OR MIST
DPTR FM NORMAL:  -0.2   DPTR FM NORMAL:    4.42    2 = FOG REDUCING VISIBILITY
HIGHEST:    98 ON 11    GRTST 24HR  1.96 ON 26-26      TO 1/4 MILE OR LESS
LOWEST:     55 ON 21                               3 = THUNDER
                        SNOW, ICE PELLETS, HAIL    4 = ICE PELLETS
                        TOTAL MONTH:   0.0 INCH    5 = HAIL
                        GRTST 24HR     0.0         6 = FREEZING RAIN OR DRIZZLE
                        GRTST DEPTH:   0           7 = DUSTSTORM OR SANDSTORM:
                                                       VSBY 1/2 MILE OR LESS
                                                   8 = SMOKE OR HAZE
[NO. OF DAYS WITH]      [WEATHER - DAYS WITH]      9 = BLOWING SNOW
                                                   X = TORNADO
MAX 32 OR BELOW:   0    0.01 INCH OR MORE:   9
MAX 90 OR ABOVE:   9    0.10 INCH OR MORE:   7
MIN 32 OR BELOW:   0    0.50 INCH OR MORE:   5
MIN  0 OR BELOW:   0    1.00 INCH OR MORE:   5

[HDD (BASE 65) ]
TOTAL THIS MO.     0    CLEAR  (SCALE 0-3)   9
DPTR FM NORMAL     0    PTCLDY (SCALE 4-7)  14
TOTAL FM JUL 1     0    CLOUDY (SCALE 8-10)  5
DPTR FM NORMAL     0

[CDD (BASE 65) ]
TOTAL THIS MO.   344
DPTR FM NORMAL    -2    [PRESSURE DATA]
TOTAL FM JAN 1  1260    HIGHEST SLP  0.00 ON M
DPTR FM NORMAL   118    LOWEST  SLP  0.00 ON M

[REMARKS]
