000
CXUS53 KDMX 250920
CF6MCW
PRELIMINARY LOCAL CLIMATOLOGICAL DATA (WS FORM: F-6)

                                          STATION:   MASON CITY IA
                                          MONTH:     FEBRUARY
                                          YEAR:      2017
                                          LATITUDE:   43  9 N
                                          LONGITUDE:  93 20 W

  TEMPERATURE IN F:       :PCPN:    SNOW:  WIND      :SUNSHINE: SKY     :PK WND
================================================================================
1   2   3   4   5  6A  6B    7    8   9   10  11  12  13   14  15   16   17  18
                                     12Z  AVG MX 2MIN
DY MAX MIN AVG DEP HDD CDD  WTR  SNW DPTH SPD SPD DIR MIN PSBL S-S WX    SPD DR
================================================================================

 1  31  12  22   5  43   0    T    T   10 16.9 28 320   M    M   4 1      33 300
 2  19   8  14  -3  51   0    T    T   10 14.4 24 290   M    M   4        27 300
 3  21   5  13  -4  52   0 0.00  0.0   10 10.2 18 270   M    M   0        21 280
 4  36   7  22   5  43   0 0.00  0.0   10 12.8 28 180   M    M   3        37 180
 5  30  18  24   6  41   0 0.00  0.0    9 11.5 32 310   M    M   5        39 310
 6  38  17  28  10  37   0 0.00  0.0    9  6.5 15 170   M    M   2 1      18 170
 7  36  13  25   7  40   0    T    T    8 17.6 33 310   M    M   9 12     38 310
 8  16   8  12  -6  53   0 0.00  0.0    8 16.0 24 310   M    M   6        30 310
 9  21   4  13  -6  52   0 0.00  0.0    8 12.4 23 170   M    M   1        28 170
10  43  18  31  12  34   0 0.00  0.0    8 12.6 22 170   M    M   0        27 170
11  41  34  38  19  27   0 0.04    T    6  4.7 14 280   M    M   7        16 290
12  39  27  33  13  32   0 0.02  0.0    5 16.5 32 310   M    M   0 1      41 310
13  44  25  35  15  30   0 0.00  0.0    5 12.5 24 220   M    M   0        36 210
14  44  27  36  16  29   0 0.00  0.0    4 17.7 31 310   M    M   0        37 310
15  35  21  28   8  37   0 0.00  0.0    3 10.1 21 330   M    M   0        25 330
16  41  29  35  14  30   0 0.00  0.0    1  9.5 17 150   M    M   0        22 150
17  60  29  45  24  20   0 0.00  0.0    0  9.2 17 250   M    M   0        22 200
18  59  30  45  23  20   0 0.00  0.0    0  5.3 13 320   M    M   1 12     15 320
19  59  27  43  21  22   0 0.00  0.0    0  9.2 18 140   M    M   3 12     22 150
20  55  40  48  26  17   0 0.90  0.0    0 12.9 23 250   M    M   5 1      30 250
21  59  26  43  20  22   0 0.00  0.0    0  9.4 17 180   M    M   1 12      M  M
22  60  33  47  24  18   0 0.00  0.0    0 10.9 28 320   M    M   1        34 310
23  40  32  36  12  29   0 0.32  2.0    0 18.2 36  40   M    M  10 13     42  40
24  32  16  24   0  41   0 0.25  6.8    7 23.9 37  30   M    M   9 1236   49  30
================================================================================
SM  959  506       820   0  1.53     8.8 300.9          M       71
================================================================================
AV 40.0 21.1                              12.5 FASTST   M    M   3    MAX(MPH)
                                 MISC ---->  # 37  30               # 49   30
================================================================================
NOTES:
# LAST OF SEVERAL OCCURRENCES

COLUMN 17 PEAK WIND IN M.P.H.

PRELIMINARY LOCAL CLIMATOLOGICAL DATA (WS FORM: F-6) , PAGE 2

                                          STATION:  MASON CITY IA
                                          MONTH:    FEBRUARY
                                          YEAR:     2017
                                          LATITUDE:   43  9 N
                                          LONGITUDE:  93 20 W

[TEMPERATURE DATA]      [PRECIPITATION DATA]       SYMBOLS USED IN COLUMN 16

AVERAGE MONTHLY: 30.5   TOTAL FOR MONTH:   1.53    1 = FOG OR MIST
DPTR FM NORMAL:  10.6   DPTR FM NORMAL:    0.71    2 = FOG REDUCING VISIBILITY
HIGHEST:    60 ON 22,17 GRTST 24HR  0.90 ON 20-20      TO 1/4 MILE OR LESS
LOWEST:      4 ON  9                               3 = THUNDER
                        SNOW, ICE PELLETS, HAIL    4 = ICE PELLETS
                        TOTAL MONTH:   8.8 INCHES  5 = HAIL
                        GRTST 24HR   6.8 ON 24-24  6 = FREEZING RAIN OR DRIZZLE
                        GRTST DEPTH:  10 ON  4, 3  7 = DUSTSTORM OR SANDSTORM:
                                                       VSBY 1/2 MILE OR LESS
                                                   8 = SMOKE OR HAZE
[NO. OF DAYS WITH]      [WEATHER - DAYS WITH]      9 = BLOWING SNOW
                                                   X = TORNADO
MAX 32 OR BELOW:   7    0.01 INCH OR MORE:   5
MAX 90 OR ABOVE:   0    0.10 INCH OR MORE:   3
MIN 32 OR BELOW:  21    0.50 INCH OR MORE:   1
MIN  0 OR BELOW:   0    1.00 INCH OR MORE:   0

[HDD (BASE 65) ]
TOTAL THIS MO.   820    CLEAR  (SCALE 0-3)  15
DPTR FM NORMAL  -260    PTCLDY (SCALE 4-7)   6
TOTAL FM JUL 1  4753    CLOUDY (SCALE 8-10)  3
DPTR FM NORMAL  -938

[CDD (BASE 65) ]
TOTAL THIS MO.     0
DPTR FM NORMAL     0    [PRESSURE DATA]
TOTAL FM JAN 1     0    HIGHEST SLP M ON M
DPTR FM NORMAL     0    LOWEST  SLP 29.43 ON  7

[REMARKS]
