000
CXUS54 KMAF 281100
CF6MDD
PRELIMINARY LOCAL CLIMATOLOGICAL DATA (WS FORM: F-6)

                                          STATION:   Midland Airpark
                                          MONTH:     JANUARY
                                          YEAR:      2015
                                          LATITUDE:   32  2 N
                                          LONGITUDE: 102  6 W

  TEMPERATURE IN F:       :PCPN:    SNOW:  WIND      :SUNSHINE: SKY     :PK WND
================================================================================
1   2   3   4   5  6A  6B    7    8   9   10  11  12  13   14  15   16   17  18
                                     12Z  AVG MX 2MIN
DY MAX MIN AVG DEP HDD CDD  WTR  SNW DPTH SPD SPD DIR MIN PSBL S-S WX    SPD DR
================================================================================

 1  29  22  26   M  39   0 0.00  0.0    0  1.2  5  90   M    M  10 1       M  M
 2  33  29  31   M  34   0 0.32    M    0  2.4  6 100   M    M  10 1       M  M
 3  50  29  40   M  25   0 0.00  0.0    0  7.4 18 250   M    M   3        27 240
 4  41  29  35   M  30   0 0.00  0.0    0  5.8 10  10   M    M   0         M  M
 5  57  28  43   M  22   0 0.00  0.0    0  8.8 13 200   M    M   0        17 220
 6  56  32  44   M  21   0 0.00  0.0    0  4.7 10 320   M    M   0         M  M
 7  38  23  31   M  34   0 0.00  0.0    0 12.4 31  50   M    M   4 1      35  50
 8  41  21  31   M  34   0 0.00  0.0    0  6.0 14 220   M    M   0        17 190
 9  37  30  34   M  31   0 0.00  0.0    0 10.3 22  50   M    M   6        28  50
10  40  28  34   M  31   0 0.03    M    0  7.3 12 180   M    M   6         M  M
11  64  31  48   M  17   0 0.00  0.0    0  7.5 15 250   M    M   3 1      21 260
12  46  31  39   M  26   0 0.00  0.0    0 10.5 17  50   M    M   8 1      25  50
13  34  28  31   M  34   0 0.00  0.0    0  5.9 12  50   M    M  10 1       M  M
14  38  32  35   M  30   0 0.00  0.0    0  3.0  7  50   M    M  10 1       M  M
15  56  38  47   M  18   0 0.00  0.0    0  5.4 10 300   M    M   3         M  M
16  61  30  46   M  19   0 0.00  0.0    0  6.9 16 230   M    M   0        20 230
17  67  40  54   M  11   0 0.00  0.0    0  9.7 22  40   M    M   0        27  30
18  68  29  49   M  16   0 0.00  0.0    0  8.0 16 230   M    M   0        22 210
19  74  41  58   M   7   0 0.00  0.0    0  5.4 13 300   M    M   0         M  M
20  68  38  53   M  12   0 0.00  0.0    0  7.3 15 360   M    M   0        20 340
21  47  37  42   M  23   0 0.01    M    0  9.2 15  70   M    M   8 1      18  60
22  42  34  38   M  27   0 0.02    M    0 14.6 22  50   M    M  10 1      30  50
23  47  28  38   M  27   0 0.00  0.0    0  7.8 14 280   M    M   5        20 250
24  59  33  46   M  19   0 0.00  0.0    0  9.3 12 220   M    M   0        18 230
25  63  37  50   M  15   0 0.00  0.0    0  7.2 12 350   M    M   0        16  10
26  68  37  53   M  12   0 0.00  0.0    0  5.6 10 250   M    M   0         M  M
27  74  39  57   M   8   0 0.00  0.0    0  4.4  8 280   M    M   0         M  M
================================================================================
SM 1398  854       622   0  0.38     0.0 194.0          M       96
================================================================================
AV 51.8 31.6                               7.2 FASTST   M    M   4    MAX(MPH)
                                 MISC ---->    31   M               # 35   50
================================================================================
NOTES:
# LAST OF SEVERAL OCCURRENCES

COLUMN 17 PEAK WIND IN M.P.H.

PRELIMINARY LOCAL CLIMATOLOGICAL DATA (WS FORM: F-6) , PAGE 2

                                          STATION:  Midland Airpark
                                          MONTH:    JANUARY
                                          YEAR:     2015
                                          LATITUDE:   32  2 N
                                          LONGITUDE: 102  6 W

[TEMPERATURE DATA]      [PRECIPITATION DATA]       SYMBOLS USED IN COLUMN 16

AVERAGE MONTHLY: 41.7   TOTAL FOR MONTH:   0.38    1 = FOG OR MIST
DPTR FM NORMAL:     M   DPTR FM NORMAL:       M    2 = FOG REDUCING VISIBILITY
HIGHEST:    74 ON 27,19 GRTST 24HR  0.32 ON  2- 2      TO 1/4 MILE OR LESS
LOWEST:     21 ON  8                               3 = THUNDER
                        SNOW, ICE PELLETS, HAIL    4 = ICE PELLETS
                        TOTAL MONTH:   0.0 INCH    5 = HAIL
                        GRTST 24HR     0.0         6 = FREEZING RAIN OR DRIZZLE
                        GRTST DEPTH:   0           7 = DUSTSTORM OR SANDSTORM:
                                                       VSBY 1/2 MILE OR LESS
                                                   8 = SMOKE OR HAZE
[NO. OF DAYS WITH]      [WEATHER - DAYS WITH]      9 = BLOWING SNOW
                                                   X = TORNADO
MAX 32 OR BELOW:   1    0.01 INCH OR MORE:   4
MAX 90 OR ABOVE:   0    0.10 INCH OR MORE:   1
MIN 32 OR BELOW:  17    0.50 INCH OR MORE:   0
MIN  0 OR BELOW:   0    1.00 INCH OR MORE:   0

[HDD (BASE 65) ]
TOTAL THIS MO.   622    CLEAR  (SCALE 0-3)  16
DPTR FM NORMAL     M    PTCLDY (SCALE 4-7)   6
TOTAL FM JUL 1  1483    CLOUDY (SCALE 8-10)  5
DPTR FM NORMAL     M

[CDD (BASE 65) ]
TOTAL THIS MO.     0
DPTR FM NORMAL     M    [PRESSURE DATA]
TOTAL FM JAN 1     0    HIGHEST SLP M ON M
DPTR FM NORMAL     M    LOWEST  SLP M ON M

[REMARKS]
