411
CXUS55 KCTP 210700
CF6MDT
PRELIMINARY LOCAL CLIMATOLOGICAL DATA (WS FORM: F-6)

                                          STATION:   HARRISBURG PA
                                          MONTH:     JANUARY
                                          YEAR:      2018
                                          LATITUDE:   40 11 N
                                          LONGITUDE:  76 46 W

  TEMPERATURE IN F:       :PCPN:    SNOW:  WIND      :SUNSHINE: SKY     :PK WND
================================================================================
1   2   3   4   5  6A  6B    7    8   9   10  11  12  13   14  15   16   17  18
                                     12Z  AVG MX 2MIN
DY MAX MIN AVG DEP HDD CDD  WTR  SNW DPTH SPD SPD DIR MIN PSBL S-S WX    SPD DR
================================================================================

 1  19  -2   9 -22  56   0 0.00  0.0    2  8.0 23 310   M    M   3        27 320
 2  20   4  12 -19  53   0 0.00  0.0    2  8.1 21 300   M    M   3        26 290
 3  24  -1  12 -19  53   0 0.00  0.0    2  2.1  7  80   M    M   5         9  80
 4  25  13  19 -11  46   0 0.03  0.5    2 18.7 33 300   M    M   9 189    42 310
 5  15   9  12 -18  53   0 0.00  0.0    1 21.4 35 300   M    M   2        41 300
 6  15   6  11 -19  54   0 0.00  0.0    1 15.7 28 300   M    M   2        35 320
 7  20   1  11 -19  54   0 0.00  0.0    1  4.9 17 320   M    M   3        21 300
 8  31  12  22  -8  43   0 0.07  0.2    1  2.8  8 150   M    M   8 14     13 170
 9  46  15  31   1  34   0 0.00  0.0    1  3.8 16 300   M    M   3 18     21 300
10  42  19  31   1  34   0 0.00  0.0    T  3.8 10 130   M    M   6 18     13 150
11  57  28  43  13  22   0 0.04  0.0    0  2.3 12 130   M    M   9 18     16 130
12  63  46  55  25  10   0 0.51  0.0    0 10.6 18 150   M    M  10 12     27 150
13  47  18  33   3  32   0 0.70    T    T 17.8 32 310   M    M   6 16     42 310
14  23  12  18 -12  47   0 0.00  0.0    0  8.0 17 340   M    M   1        23 310
15  26  12  19 -11  46   0    T    T    0  1.3  7  90   M    M   8         9 100
16  33  26  30   0  35   0 0.22  3.0    T  2.9  8 300   M    M   9 1       8 300
17  31  14  23  -7  42   0 0.02  0.2    4 12.9 22 320   M    M   7 18     27 320
18  37  13  25  -5  40   0 0.00  0.0    3  7.3 21 320   M    M   0        25 310
19  44  15  30   0  35   0 0.00  0.0    2  3.8 15 280   M    M   3 1      19 290
20  50  22  36   6  29   0 0.00  0.0    1  2.6 16 260   M    M   5        25 270
================================================================================
SM  668  282       818   0  1.59     3.9 158.8          M      102
================================================================================
AV 33.4 14.1                               7.9 FASTST   M    M   5    MAX(MPH)
                                 MISC ---->  # 35 300               # 42  310
================================================================================
NOTES:
# LAST OF SEVERAL OCCURRENCES

COLUMN 17 PEAK WIND IN M.P.H.

PRELIMINARY LOCAL CLIMATOLOGICAL DATA (WS FORM: F-6) , PAGE 2

                                          STATION:  HARRISBURG PA
                                          MONTH:    JANUARY
                                          YEAR:     2018
                                          LATITUDE:   40 11 N
                                          LONGITUDE:  76 46 W

[TEMPERATURE DATA]      [PRECIPITATION DATA]       SYMBOLS USED IN COLUMN 16

AVERAGE MONTHLY: 23.8   TOTAL FOR MONTH:   1.59    1 = FOG OR MIST
DPTR FM NORMAL:  -6.4   DPTR FM NORMAL:   -0.30    2 = FOG REDUCING VISIBILITY
HIGHEST:    63 ON 12    GRTST 24HR  0.70 ON 13-13      TO 1/4 MILE OR LESS
LOWEST:     -2 ON  1                               3 = THUNDER
                        SNOW, ICE PELLETS, HAIL    4 = ICE PELLETS
                        TOTAL MONTH:   3.9 INCHES  5 = HAIL
                        GRTST 24HR   3.0 ON 16-16  6 = FREEZING RAIN OR DRIZZLE
                        GRTST DEPTH:   4 ON 17     7 = DUSTSTORM OR SANDSTORM:
                                                       VSBY 1/2 MILE OR LESS
                                                   8 = SMOKE OR HAZE
[NO. OF DAYS WITH]      [WEATHER - DAYS WITH]      9 = BLOWING SNOW
                                                   X = TORNADO
MAX 32 OR BELOW:  11    0.01 INCH OR MORE:   7
MAX 90 OR ABOVE:   0    0.10 INCH OR MORE:   3
MIN 32 OR BELOW:  19    0.50 INCH OR MORE:   2
MIN  0 OR BELOW:   2    1.00 INCH OR MORE:   0

[HDD (BASE 65) ]
TOTAL THIS MO.   818    CLEAR  (SCALE 0-3)   9
DPTR FM NORMAL   121    PTCLDY (SCALE 4-7)   7
TOTAL FM JUL 1  2669    CLOUDY (SCALE 8-10)  4
DPTR FM NORMAL   -29

[CDD (BASE 65) ]
TOTAL THIS MO.     0
DPTR FM NORMAL     0    [PRESSURE DATA]
TOTAL FM JAN 1     0    HIGHEST SLP M ON M
DPTR FM NORMAL     0    LOWEST  SLP 29.53 ON 12

[REMARKS]
