000
CXUS53 KARX 310659
CF6MDZ
PRELIMINARY LOCAL CLIMATOLOGICAL DATA (WS FORM: F-6)

                                          STATION:   MEDFORD WI
                                          MONTH:     OCTOBER
                                          YEAR:      2014
                                          LATITUDE:   45  5 N
                                          LONGITUDE:  90 18 W

  TEMPERATURE IN F:       :PCPN:    SNOW:  WIND      :SUNSHINE: SKY     :PK WND
================================================================================
1   2   3   4   5  6A  6B    7    8   9   10  11  12  13   14  15   16   17  18
                                     12Z  AVG MX 2MIN
DY MAX MIN AVG DEP HDD CDD  WTR  SNW DPTH SPD SPD DIR MIN PSBL S-S WX    SPD DR
================================================================================

 1  56  43  50   M  15   0 0.05  0.0    0  7.9 12 110   M    M  10 1      20 110
 2  64  49  57   M   8   0 0.94  0.0    0  3.8 17 320   M    M   9 18     25 340
 3  52  34  43   M  22   0 0.07  0.0    0 12.9 22 270   M    M  10        33 270
 4  44  32  38   M  27   0 0.07    M    0 11.0 16 300   M    M  10        24 290
 5  46  32  39   M  26   0 0.00  0.0    0  8.4 14 280   M    M  10        22 280
 6  51  32  42   M  23   0    T  0.0    0  8.0 17 240   M    M   4 12     28 240
 7  58  37  48   M  17   0 0.00  0.0    0  9.1 20 260   M    M   6        30 270
 8  51  32  42   M  23   0 0.00  0.0    0 10.1 21 270   M    M   2        30 290
 9  51  28  40   M  25   0 0.00  0.0    0  6.1 12 310   M    M   0 8      17 310
10  52  26  39   M  26   0 0.00  0.0    0  3.0  9 270   M    M   4 1       M  M
11  51  25  38   M  27   0 0.00  0.0    0  1.7  6 170   M    M   0 8       M  M
12  58  32  45   M  20   0 0.00  0.0    0  8.6 16 160   M    M   4 18     23 170
13  51  46  49   M  16   0 0.49  0.0    0  5.0 16  20   M    M  10 12     21  20
14  51  46  49   M  16   0 0.39  0.0    0 17.1 24  20   M    M   8        33  30
15  63  40  52   M  13   0 0.00  0.0    0  9.7 18  30   M    M   4        24  30
16  61  33  47   M  18   0 0.00  0.0    0  3.5  8 190   M    M   4 12      M  M
17  49  42  46   M  19   0    T  0.0    0 11.0 16 360   M    M   9        24 360
18  49  30  40   M  25   0    T  0.0    0  6.8 16 350   M    M   4        22 350
19  54  30  42   M  23   0    T  0.0    0  6.8 15 220   M    M   3        20 220
20  50  37  44   M  21   0    T  0.0    0  6.4 13 350   M    M   8        18 350
21  49  30  40   M  25   0 0.00  0.0    0  6.1 14  20   M    M   5        18  20
22  54  30  42   M  23   0 0.00  0.0    0  6.4 12 170   M    M   1        17 160
23  46  41  44   M  21   0 0.16  0.0    0  6.1 10 150   M    M  10 12      M  M
24  56  43  50   M  15   0 0.00  0.0    0  5.5  9 250   M    M  10 12      M  M
25  58  40  49   M  16   0 0.00  0.0    0 11.0 18 290   M    M   1 1      31 290
26  57  28  43   M  22   0 0.00  0.0    0  4.2 10 150   M    M   2        16 150
27  61  45  53   M  12   0    M  0.0    0  4.6 12 140   M    M   7 3      18 140
28  52  36  44   M  21   0 0.03  0.0    0 13.0 18 270   M    M   9 1      25 270
29  44  31  38   M  27   0    T  0.0    0  7.7 14 280   M    M   9        28 280
30  42  29  36   M  29   0    M    M    0  5.8 17 330   M    M   9        30 320
================================================================================
SM 1581 1059       621   0  2.20     0.0 227.3          M      182
================================================================================
AV 52.7 35.3                               7.6 FASTST   M    M   6    MAX(MPH)
                                 MISC ---->    24   M                 33    M
================================================================================
NOTES:
# LAST OF SEVERAL OCCURRENCES

COLUMN 17 PEAK WIND IN M.P.H.

PRELIMINARY LOCAL CLIMATOLOGICAL DATA (WS FORM: F-6) , PAGE 2

                                          STATION:  MEDFORD WI
                                          MONTH:    OCTOBER
                                          YEAR:     2014
                                          LATITUDE:   45  5 N
                                          LONGITUDE:  90 18 W

[TEMPERATURE DATA]      [PRECIPITATION DATA]       SYMBOLS USED IN COLUMN 16

AVERAGE MONTHLY: 44.0   TOTAL FOR MONTH:   2.20    1 = FOG OR MIST
DPTR FM NORMAL:     M   DPTR FM NORMAL:       M    2 = FOG REDUCING VISIBILITY
HIGHEST:    64 ON  2    GRTST 24HR  0.94 ON  2- 2      TO 1/4 MILE OR LESS
LOWEST:     25 ON 11                               3 = THUNDER
                        SNOW, ICE PELLETS, HAIL    4 = ICE PELLETS
                        TOTAL MONTH:   0.0 INCH    5 = HAIL
                        GRTST 24HR     0.0         6 = FREEZING RAIN OR DRIZZLE
                        GRTST DEPTH:   0           7 = DUSTSTORM OR SANDSTORM:
                                                       VSBY 1/2 MILE OR LESS
                                                   8 = SMOKE OR HAZE
[NO. OF DAYS WITH]      [WEATHER - DAYS WITH]      9 = BLOWING SNOW
                                                   X = TORNADO
MAX 32 OR BELOW:   0    0.01 INCH OR MORE:   8
MAX 90 OR ABOVE:   0    0.10 INCH OR MORE:   4
MIN 32 OR BELOW:  15    0.50 INCH OR MORE:   1
MIN  0 OR BELOW:   0    1.00 INCH OR MORE:   0

[HDD (BASE 65) ]
TOTAL THIS MO.   621    CLEAR  (SCALE 0-3)   7
DPTR FM NORMAL     M    PTCLDY (SCALE 4-7)  10
TOTAL FM JUL 1  1058    CLOUDY (SCALE 8-10) 13
DPTR FM NORMAL     M

[CDD (BASE 65) ]
TOTAL THIS MO.     0
DPTR FM NORMAL     M    [PRESSURE DATA]
TOTAL FM JAN 1   157    HIGHEST SLP M ON M
DPTR FM NORMAL     M    LOWEST  SLP M ON M

[REMARKS]
