000
CXUS53 KARX 260930
CF6MDZ
PRELIMINARY LOCAL CLIMATOLOGICAL DATA (WS FORM: F-6)

                                          STATION:   MEDFORD WI
                                          MONTH:     APRIL
                                          YEAR:      2017
                                          LATITUDE:   45  5 N
                                          LONGITUDE:  90 18 W

  TEMPERATURE IN F:       :PCPN:    SNOW:  WIND      :SUNSHINE: SKY     :PK WND
================================================================================
1   2   3   4   5  6A  6B    7    8   9   10  11  12  13   14  15   16   17  18
                                     12Z  AVG MX 2MIN
DY MAX MIN AVG DEP HDD CDD  WTR  SNW DPTH SPD SPD DIR MIN PSBL S-S WX    SPD DR
================================================================================

 1  58  28  43   M  22   0 0.00  0.0    0  3.6 12 210   M    M   1        16 250
 2  49  29  39   M  26   0 0.01  0.0    0  6.0 13 170   M    M   6         M  M
 3  44  41  43   M  22   0 0.38  0.0    0  7.0 10  30   M    M  10 1       M  M
 4  56  33  45   M  20   0    M  0.0    0  9.0 16 340   M    M   4        21 350
 5  49  29  39   M  26   0 0.00  0.0    0  4.8 13  20   M    M   1        17  10
 6  47  29  38   M  27   0 0.00  0.0    0 14.4 22 350   M    M   0        30 360
 7  53  26  40   M  25   0 0.00  0.0    0  4.3  9 230   M    M   0         M  M
 8  67  33  50   M  15   0 0.00  0.0    0 10.9 18 160   M    M   1        27 160
 9  68  49  59   M   6   0 0.45  0.0    0  8.2 12 360   M    M   5 3       M  M
10  54  31  43   M  22   0 0.31    M    0 12.5 20  20   M    M  10 13     28  10
11  39  30  35   M  30   0 0.01    M    M  4.9  9 290   M    M   8 1       M  M
12  48  27  38   M  27   0 0.07  0.0    0  3.7 10 160   M    M   7 1       M  M
13  51  39  45   M  20   0 0.05  0.0    0  6.8  9  80   M    M   9 1       M  M
14  57  37  47   M  18   0 0.09    M    0  9.1 14 120   M    M   6 1      22 120
15  62  47  55   M  10   0 0.41  0.0    0  7.0 15 340   M    M  10 13     18 340
16  59  39  49   M  16   0 0.00  0.0    0 11.7 22 270   M    M   3 12     44 270
17  54  37  46   M  19   0    T  0.0    0  5.8 13 130   M    M   5        18 130
18  57  34  46   M  19   0 0.05  0.0    0 11.1 16 200   M    M   6        22 270
19  54  39  47   M  18   0 0.66  0.0    0  9.0 20 110   M    M   9 3      28 110
20  46  33  40   M  25   0 0.21  0.0    0 10.2 17 110   M    M  10 1      30 100
21  58  33  46   M  19   0 0.00  0.0    0 10.5 18 330   M    M   3        23 330
22  62  29  46   M  19   0 0.00  0.0    0  4.7 12 240   M    M   0        18 240
23  63  37  50   M  15   0 0.00  0.0    0  6.1 12  40   M    M   1        18 110
24  64  32  48   M  17   0 0.00  0.0    0  9.5 20 170   M    M   1        27 170
25  70  51  61   M   4   0 0.10  0.0    0  8.3 13 270   M    M   6        18 130
================================================================================
SM 1389  872       487   0  2.80     0.0 199.1          M      122
================================================================================
AV 55.6 34.9                               8.0 FASTST   M    M   5    MAX(MPH)
                                 MISC ---->  # 22 350               # 44  270
================================================================================
NOTES:
# LAST OF SEVERAL OCCURRENCES

COLUMN 17 PEAK WIND IN M.P.H.

PRELIMINARY LOCAL CLIMATOLOGICAL DATA (WS FORM: F-6) , PAGE 2

                                          STATION:  MEDFORD WI
                                          MONTH:    APRIL
                                          YEAR:     2017
                                          LATITUDE:   45  5 N
                                          LONGITUDE:  90 18 W

[TEMPERATURE DATA]      [PRECIPITATION DATA]       SYMBOLS USED IN COLUMN 16

AVERAGE MONTHLY: 45.2   TOTAL FOR MONTH:   2.80    1 = FOG OR MIST
DPTR FM NORMAL:     M   DPTR FM NORMAL:       M    2 = FOG REDUCING VISIBILITY
HIGHEST:    70 ON 25    GRTST 24HR  0.66 ON 19-19      TO 1/4 MILE OR LESS
LOWEST:     26 ON  7                               3 = THUNDER
                        SNOW, ICE PELLETS, HAIL    4 = ICE PELLETS
                        TOTAL MONTH:   0.0 INCH    5 = HAIL
                        GRTST 24HR     0.0         6 = FREEZING RAIN OR DRIZZLE
                        GRTST DEPTH:   0           7 = DUSTSTORM OR SANDSTORM:
                                                       VSBY 1/2 MILE OR LESS
                                                   8 = SMOKE OR HAZE
[NO. OF DAYS WITH]      [WEATHER - DAYS WITH]      9 = BLOWING SNOW
                                                   X = TORNADO
MAX 32 OR BELOW:   0    0.01 INCH OR MORE:  13
MAX 90 OR ABOVE:   0    0.10 INCH OR MORE:   7
MIN 32 OR BELOW:  10    0.50 INCH OR MORE:   1
MIN  0 OR BELOW:   0    1.00 INCH OR MORE:   0

[HDD (BASE 65) ]
TOTAL THIS MO.   487    CLEAR  (SCALE 0-3)   8
DPTR FM NORMAL     M    PTCLDY (SCALE 4-7)  11
TOTAL FM JUL 1  7280    CLOUDY (SCALE 8-10)  6
DPTR FM NORMAL     M

[CDD (BASE 65) ]
TOTAL THIS MO.     0
DPTR FM NORMAL     M    [PRESSURE DATA]
TOTAL FM JAN 1     0    HIGHEST SLP M ON M
DPTR FM NORMAL     M    LOWEST  SLP M ON M

[REMARKS]
