111
CXUS54 KMEG 010635
CF6MEG
PRELIMINARY LOCAL CLIMATOLOGICAL DATA (WS FORM: F-6)

                                          STATION:   MEMPHIS/GERMANTOWN WFO
                                          MONTH:     APRIL
                                          YEAR:      2016
                                          LATITUDE:   35  7 N
                                          LONGITUDE:  89 48 W

  TEMPERATURE IN F:       :PCPN:    SNOW:  WIND      :SUNSHINE: SKY     :PK WND
================================================================================
1   2   3   4   5  6A  6B    7    8   9   10  11  12  13   14  15   16   17  18
                                     12Z  AVG MX 2MIN
DY MAX MIN AVG DEP HDD CDD  WTR  SNW DPTH SPD SPD DIR MIN PSBL S-S WX    SPD DR
================================================================================

 1  63  48  56   0   9   0 0.00  0.0    0   M   M   M   M    M   M         M  M
 2  63  41  52  -4  13   0 0.00  0.0    0   M   M   M   M    M   M         M  M
 3  72  40  56  -1   9   0 0.00  0.0    0   M   M   M   M    M   M         M  M
 4  80  49  65   8   0   0 0.00  0.0    0   M   M   M   M    M   M         M  M
 5  72  48  60   3   5   0 0.00  0.0    0   M   M   M   M    M   M         M  M
 6  72  47  60   2   5   0 0.19  0.0    0   M   M   M   M    M   M         M  M
 7  74  44  59   1   6   0 0.00  0.0    0   M   M   M   M    M   M         M  M
 8  65  41  53  -5  12   0 0.00  0.0    0   M   M   M   M    M   M         M  M
 9  65  42  54  -4  11   0 0.00  0.0    0   M   M   M   M    M   M         M  M
10  81  50  66   7   0   1 0.03  0.0    0   M   M   M   M    M   M         M  M
11  70  52  61   2   4   0 1.16  0.0    0   M   M   M   M    M   M 3       M  M
12  65  47  56  -3   9   0 0.00  0.0    0   M   M   M   M    M   M         M  M
13  64  46  55  -5  10   0 0.03  0.0    0   M   M   M   M    M   M         M  M
14  70  46  58  -2   7   0 0.80  0.0    0   M   M   M   M    M   M         M  M
15  67  58  63   3   2   0 0.02  0.0    0   M   M   M   M    M   M         M  M
16  76  58  67   6   0   2 0.00  0.0    0   M   M   M   M    M   M         M  M
17  82  54  68   7   0   3 0.00  0.0    0   M   M   M   M    M   M         M  M
18  81  50  66   5   0   1 0.00  0.0    0   M   M   M   M    M   M         M  M
19  68  58  63   1   2   0 0.06  0.0    0   M   M   M   M    M   M         M  M
20  78  58  68   6   0   3 1.38  0.0    0   M   M   M   M    M   M         M  M
21  78  60  69   7   0   4 0.42  0.0    0   M   M   M   M    M   M         M  M
22  75  55  65   3   0   0 0.00  0.0    0   M   M   M   M    M   M         M  M
23  80  51  66   3   0   1 0.00  0.0    0   M   M   M   M    M   M         M  M
24  84  53  69   6   0   4 0.00  0.0    0   M   M   M   M    M   M         M  M
25  83  62  73  10   0   8 0.00  0.0    0   M   M   M   M    M   M         M  M
26  86  66  76  12   0  11 0.01  0.0    0   M   M   M   M    M   M         M  M
27  78  66  72   8   0   7 0.00  0.0    0   M   M   M   M    M   M         M  M
28  87  60  74  10   0   9 0.00  0.0    0   M   M   M   M    M   M         M  M
29  68  58  63  -2   2   0 1.50  0.0    0   M   M   M   M    M   M         M  M
30  78  63  71   6   0   6 0.48  0.0    0   M   M   M   M    M   M         M  M
================================================================================
SM 2225 1571       106  60  6.08     0.0     M          M        M
================================================================================
AV 74.2 52.4                                 M FASTST   M    M   3    MAX(MPH)
                                 MISC ---->     M   M                  M    M
================================================================================
NOTES:
# LAST OF SEVERAL OCCURRENCES

COLUMN 17 PEAK WIND IN M.P.H.

PRELIMINARY LOCAL CLIMATOLOGICAL DATA (WS FORM: F-6) , PAGE 2

                                          STATION:  MEMPHIS/GERMANTOWN WFO
                                          MONTH:    APRIL
                                          YEAR:     2016
                                          LATITUDE:   35  7 N
                                          LONGITUDE:  89 48 W

[TEMPERATURE DATA]      [PRECIPITATION DATA]       SYMBOLS USED IN COLUMN 16

AVERAGE MONTHLY: 63.3   TOTAL FOR MONTH:   6.08    1 = FOG OR MIST
DPTR FM NORMAL:   2.8   DPTR FM NORMAL:    0.76    2 = FOG REDUCING VISIBILITY
HIGHEST:    87 ON 28    GRTST 24HR  1.50 ON 29-29      TO 1/4 MILE OR LESS
LOWEST:     40 ON  3                               3 = THUNDER
                        SNOW, ICE PELLETS, HAIL    4 = ICE PELLETS
                        TOTAL MONTH:   0.0 INCH    5 = HAIL
                        GRTST 24HR     0.0         6 = FREEZING RAIN OR DRIZZLE
                        GRTST DEPTH:   0           7 = DUSTSTORM OR SANDSTORM:
                                                       VSBY 1/2 MILE OR LESS
                                                   8 = SMOKE OR HAZE
[NO. OF DAYS WITH]      [WEATHER - DAYS WITH]      9 = BLOWING SNOW
                                                   X = TORNADO
MAX 32 OR BELOW:   0    0.01 INCH OR MORE:  12
MAX 90 OR ABOVE:   0    0.10 INCH OR MORE:   7
MIN 32 OR BELOW:   0    0.50 INCH OR MORE:   4
MIN  0 OR BELOW:   0    1.00 INCH OR MORE:   3

[HDD (BASE 65) ]
TOTAL THIS MO.   106    CLEAR  (SCALE 0-3)   0
DPTR FM NORMAL   -85    PTCLDY (SCALE 4-7)   0
TOTAL FM JUL 1  2447    CLOUDY (SCALE 8-10)  0
DPTR FM NORMAL  -926

[CDD (BASE 65) ]
TOTAL THIS MO.    60
DPTR FM NORMAL     6    [PRESSURE DATA]
TOTAL FM JAN 1    73    HIGHEST SLP M ON M
DPTR FM NORMAL     7    LOWEST  SLP M ON M

[REMARKS]
#FINAL-04-16#
