000
CXUS56 KPDT 191032
CF6MEH
PRELIMINARY LOCAL CLIMATOLOGICAL DATA (WS FORM: F-6)

                                          STATION:   MEACHAM OR
                                          MONTH:     FEBRUARY
                                          YEAR:      2018
                                          LATITUDE:   45 30 N
                                          LONGITUDE: 118 24 W

  TEMPERATURE IN F:       :PCPN:    SNOW:  WIND      :SUNSHINE: SKY     :PK WND
================================================================================
1   2   3   4   5  6A  6B    7    8   9   10  11  12  13   14  15   16   17  18
                                     12Z  AVG MX 2MIN
DY MAX MIN AVG DEP HDD CDD  WTR  SNW DPTH SPD SPD DIR MIN PSBL S-S WX    SPD DR
================================================================================

 1  40  28  34   5  31   0 0.35  0.0    M  0.0  5 100   M    M  10 1       8 160
 2  49  36  43  14  22   0 0.78  0.0    M  1.1  7 290   M    M   8 12     13 260
 3  49  37  43  14  22   0 0.24  0.0    M  3.1  9 290   M    M   8 1      19 270
 4  49  43  46  17  19   0 0.64  0.0    M  3.9  8 270   M    M  10 1      21 300
 5  44  36  40  11  25   0    T  0.0    M  3.6 10 280   M    M   8        21 280
 6  45  34  40  11  25   0 0.01  0.0    M  1.7  8 270   M    M   9        15 280
 7  55  30  43  14  22   0    T  0.0    0  0.4  9 240   M    M   4        17 260
 8  56  32  44  15  21   0 0.00  0.0    0  2.6 10 280   M    M   3        18 240
 9  42  29  36   7  29   0    T    T    0  2.3  9 260   M    M  10 1      19 250
10  34  18  26  -3  39   0 0.06  2.0    2  1.0  7 270   M    M   3 1      11 260
11  37  18  28  -2  37   0    T    T    M  0.5  7 280   M    M   6 8      11 270
12  26   9  18 -12  47   0 0.00  0.0    0  2.3  8 290   M    M   4 1      14 280
13  45   8  27  -3  38   0 0.00  0.0    0  0.4  6 100   M    M   0        11 100
14  33  28  31   1  34   0 1.31 11.0   11  1.9  9 270   M    M   9 12     16 300
15  34  25  30   0  35   0 0.03  0.1   11  1.1  9 270   M    M   5 1      16 250
16  36  21  29  -1  36   0 0.14  2.5   12  1.1  7 250   M    M  10 128    14 280
17  43  32  38   8  27   0 0.36  0.5   11  2.7  9 260   M    M  10 1      22 270
18  34  16  25  -5  40   0 0.38    M    M  2.2 10 280   M    M  10 12     20 270
================================================================================
SM  751  480       549   0  4.30    16.1  31.9          M      127
================================================================================
AV 41.7 26.7                               1.8 FASTST   M    M   7    MAX(MPH)
                                 MISC ---->  # 10 280               # 22  270
================================================================================
NOTES:
# LAST OF SEVERAL OCCURRENCES

COLUMN 17 PEAK WIND IN M.P.H.

PRELIMINARY LOCAL CLIMATOLOGICAL DATA (WS FORM: F-6) , PAGE 2

                                          STATION:  MEACHAM OR
                                          MONTH:    FEBRUARY
                                          YEAR:     2018
                                          LATITUDE:   45 30 N
                                          LONGITUDE: 118 24 W

[TEMPERATURE DATA]      [PRECIPITATION DATA]       SYMBOLS USED IN COLUMN 16

AVERAGE MONTHLY: 34.2   TOTAL FOR MONTH:   4.30    1 = FOG OR MIST
DPTR FM NORMAL:   4.7   DPTR FM NORMAL:    2.30    2 = FOG REDUCING VISIBILITY
HIGHEST:    56 ON  8    GRTST 24HR  1.31 ON 14-14      TO 1/4 MILE OR LESS
LOWEST:      8 ON 13                               3 = THUNDER
                        SNOW, ICE PELLETS, HAIL    4 = ICE PELLETS
                        TOTAL MONTH:  16.1 INCHES  5 = HAIL
                        GRTST 24HR  11.0 ON 14-14  6 = FREEZING RAIN OR DRIZZLE
                        GRTST DEPTH:  12 ON 16     7 = DUSTSTORM OR SANDSTORM:
                                                       VSBY 1/2 MILE OR LESS
                                                   8 = SMOKE OR HAZE
[NO. OF DAYS WITH]      [WEATHER - DAYS WITH]      9 = BLOWING SNOW
                                                   X = TORNADO
MAX 32 OR BELOW:   1    0.01 INCH OR MORE:  11
MAX 90 OR ABOVE:   0    0.10 INCH OR MORE:   8
MIN 32 OR BELOW:  13    0.50 INCH OR MORE:   3
MIN  0 OR BELOW:   0    1.00 INCH OR MORE:   1

[HDD (BASE 65) ]
TOTAL THIS MO.   549    CLEAR  (SCALE 0-3)   2
DPTR FM NORMAL   -92    PTCLDY (SCALE 4-7)   8
TOTAL FM JUL 1  4830    CLOUDY (SCALE 8-10)  8
DPTR FM NORMAL  -581

[CDD (BASE 65) ]
TOTAL THIS MO.     0
DPTR FM NORMAL     0    [PRESSURE DATA]
TOTAL FM JAN 1     0    HIGHEST SLP M ON M
DPTR FM NORMAL     0    LOWEST  SLP 29.49 ON 17

[REMARKS]
