178
CXUS54 KJAN 270800
CF6MEI
PRELIMINARY LOCAL CLIMATOLOGICAL DATA (WS FORM: F-6)

                                          STATION:   MERIDIAN
                                          MONTH:     APRIL
                                          YEAR:      2017
                                          LATITUDE:   32 19 N
                                          LONGITUDE:  88 45 W

  TEMPERATURE IN F:       :PCPN:    SNOW:  WIND      :SUNSHINE: SKY     :PK WND
================================================================================
1   2   3   4   5  6A  6B    7    8   9   10  11  12  13   14  15   16   17  18
                                     12Z  AVG MX 2MIN
DY MAX MIN AVG DEP HDD CDD  WTR  SNW DPTH SPD SPD DIR MIN PSBL S-S WX    SPD DR
================================================================================

 1  85  50  68   9   0   3 0.00  0.0    0  4.3 14  40   M    M   0        17  40
 2  83  52  68   9   0   3 1.44  0.0    0  7.4 29 340   M    M   2 13     37 350
 3  79  58  69   9   0   4 3.41  0.0    0 11.0 29 320   M    M   2 13     37 320
 4  85  53  69   9   0   4 0.00  0.0    0  3.8 13 180   M    M   0 1      17 210
 5  87  56  72  12   0   7    T  0.0    0 13.6 26 290   M    M   4 13     37 310
 6  70  47  59  -1   6   0 0.00  0.0    0 10.4 25 330   M    M   1        33 300
 7  72  41  57  -3   8   0 0.00  0.0    0  5.7 20 320   M    M   1        24 350
 8  77  38  58  -3   7   0 0.00  0.0    0  1.4  8  40   M    M   0 8      11  70
 9  81  46  64   3   1   0 0.00  0.0    0  5.6 18 190   M    M   0        24 190
10  81  50  66   5   0   1 0.00  0.0    0  5.7 18 190   M    M   2        24 210
11  82  56  69   8   0   4 0.00  0.0    0  2.4 10 160   M    M   2 12     13 160
12  84  60  72  10   0   7 0.04  0.0    0  2.2 13 340   M    M   5 1      14  10
13  87  55  71   9   0   6 0.00  0.0    0  1.5 12  50   M    M   2 1      14  50
14  85  56  71   9   0   6 0.00  0.0    0  3.5 18 160   M    M   1 1      24 160
15  84  54  69   7   0   4    T  0.0    0  6.0 17 140   M    M   4 3      23 150
16  84  59  72   9   0   7 0.00  0.0    0  6.1 16 160   M    M   4 1      26 180
17  82  62  72   9   0   7 0.12  0.0    0  5.2 21 200   M    M   5 13     26 200
18  84  58  71   8   0   6 0.00  0.0    0  3.7 14 190   M    M   4 12     19 220
19  85  57  71   7   0   6 0.00  0.0    0  3.0 12 180   M    M   1        17 130
20  86  61  74  10   0   9 0.00  0.0    0  4.6 13 190   M    M   3 12     17 180
21  87  60  74  10   0   9 0.00  0.0    0  6.4 18 210   M    M   1        23 210
22  86  60  73   9   0   8 1.68  0.0    0  7.6 26 360   M    M   5 13     32  10
23  64  53  59  -6   6   0 0.03  0.0    0  8.5 16 280   M    M  10        22 310
24  73  51  62  -3   3   0 0.00  0.0    0  5.4 17 360   M    M   5        22 360
25  82  49  66   1   0   1 0.00  0.0    0  4.9 14 170   M    M   0        17 180
26   M   M   M   M   M   M    M    M    M   M   M   M   M    M   M         M  M
================================================================================
SM 2035 1342        31 102  6.72     0.0 139.9          M       64
================================================================================
AV 81.4 53.7                               5.6 FASTST   M    M   3    MAX(MPH)
                                 MISC ---->  # 29 340               # 37  350
================================================================================
NOTES:
# LAST OF SEVERAL OCCURRENCES

COLUMN 17 PEAK WIND IN M.P.H.

PRELIMINARY LOCAL CLIMATOLOGICAL DATA (WS FORM: F-6) , PAGE 2

                                          STATION:  MERIDIAN
                                          MONTH:    APRIL
                                          YEAR:     2017
                                          LATITUDE:   32 19 N
                                          LONGITUDE:  88 45 W

[TEMPERATURE DATA]      [PRECIPITATION DATA]       SYMBOLS USED IN COLUMN 16

AVERAGE MONTHLY: 67.5   TOTAL FOR MONTH:   6.72    1 = FOG OR MIST
DPTR FM NORMAL:   5.4   DPTR FM NORMAL:    2.52    2 = FOG REDUCING VISIBILITY
HIGHEST:    87 ON 21,13 GRTST 24HR  3.41 ON  3- 3      TO 1/4 MILE OR LESS
LOWEST:     38 ON  8                               3 = THUNDER
                        SNOW, ICE PELLETS, HAIL    4 = ICE PELLETS
                        TOTAL MONTH:   0.0 INCH    5 = HAIL
                        GRTST 24HR     0.0         6 = FREEZING RAIN OR DRIZZLE
                        GRTST DEPTH:   0           7 = DUSTSTORM OR SANDSTORM:
                                                       VSBY 1/2 MILE OR LESS
                                                   8 = SMOKE OR HAZE
[NO. OF DAYS WITH]      [WEATHER - DAYS WITH]      9 = BLOWING SNOW
                                                   X = TORNADO
MAX 32 OR BELOW:   0    0.01 INCH OR MORE:   6
MAX 90 OR ABOVE:   0    0.10 INCH OR MORE:   4
MIN 32 OR BELOW:   0    0.50 INCH OR MORE:   3
MIN  0 OR BELOW:   0    1.00 INCH OR MORE:   3

[HDD (BASE 65) ]
TOTAL THIS MO.    31    CLEAR  (SCALE 0-3)  16
DPTR FM NORMAL   -91    PTCLDY (SCALE 4-7)   8
TOTAL FM JUL 1  1349    CLOUDY (SCALE 8-10)  1
DPTR FM NORMAL -1177

[CDD (BASE 65) ]
TOTAL THIS MO.   102
DPTR FM NORMAL    56    [PRESSURE DATA]
TOTAL FM JAN 1   222    HIGHEST SLP M ON M
DPTR FM NORMAL   152    LOWEST  SLP 29.55 ON  3

[REMARKS]
