000
CXUS54 KMEG 250635
CF6MEM
PRELIMINARY LOCAL CLIMATOLOGICAL DATA (WS FORM: F-6)

                                          STATION:   MEMPHIS
                                          MONTH:     JULY
                                          YEAR:      2017
                                          LATITUDE:   35  3 N
                                          LONGITUDE:  89 59 W

  TEMPERATURE IN F:       :PCPN:    SNOW:  WIND      :SUNSHINE: SKY     :PK WND
================================================================================
1   2   3   4   5  6A  6B    7    8   9   10  11  12  13   14  15   16   17  18
                                     12Z  AVG MX 2MIN
DY MAX MIN AVG DEP HDD CDD  WTR  SNW DPTH SPD SPD DIR MIN PSBL S-S WX    SPD DR
================================================================================

 1  90  74  82   0   0  17 0.00  0.0    0  6.7 16 220   M    M   6 3      23 240
 2  89  72  81  -1   0  16 0.00  0.0    0  6.9 13 250   M    M   6        26 120
 3  86  73  80  -2   0  15 0.21  0.0    0  8.4 25 230   M    M   7 13     33 240
 4  89  72  81  -1   0  16 0.61  0.0    0  5.0 20 300   M    M   7 13     24 290
 5  89  74  82   0   0  17    T  0.0    0  8.0 18 200   M    M   6        28 250
 6  89  74  82  -1   0  17 0.03  0.0    0  8.3 20 290   M    M   7 3      27 290
 7  92  72  82  -1   0  17 0.00  0.0    0  4.9 14 280   M    M   3        19 270
 8  90  73  82  -1   0  17    T  0.0    0  5.8 17  70   M    M   6        23  20
 9  92  70  81  -2   0  16 0.00  0.0    0  3.2  M   M   M    M   1         M  M
10  92  71  82  -1   0  17 0.00  0.0    0  5.9 14 170   M    M   1        22 230
11  94  72  83   0   0  18 0.00  0.0    0  5.8 14 210   M    M   2        19 200
12  92  76  84   1   0  19 0.00  0.0    0  8.0 14 210   M    M   2        18 250
13  94  76  85   2   0  20 0.00  0.0    0  7.7 16 210   M    M   2        27 170
14  94  74  84   1   0  19 0.53  0.0    0  6.4 28  30   M    M   5 138    33  20
15  92  75  84   1   0  19    T  0.0    0  4.2 17 100   M    M   6 3      20 130
16  92  74  83   0   0  18 0.00  0.0    0  5.2 14  20   M    M   4        19 360
17  93  70  82  -1   0  17 0.00  0.0    0  4.5 12  30   M    M   1        14  50
18  96  75  86   3   0  21 0.00  0.0    0  4.1 13 310   M    M   2        18 310
19  97  77  87   4   0  22 0.00  0.0    0  3.1 12 230   M    M   2        16 360
20  97  78  88   5   0  23 0.08  0.0    0  4.3 17  60   M    M   3 138    20  50
21  99  79  89   6   0  24 0.00  0.0    0  4.0 13 290   M    M   2        18 260
22  98  78  88   5   0  23 0.00  0.0    0  6.7 15 190   M    M   3        25 200
23  97  74  86   3   0  21 1.50  0.0    0  6.6 25 330   M    M   3 13     30 320
24  92  74  83   0   0  18 0.00  0.0    0  5.7 10 210   M    M   7        13 240
================================================================================
SM 2225 1777         0 447  2.96     0.0 139.4          M       94
================================================================================
AV 92.7 74.0                               5.8 FASTST   M    M   4    MAX(MPH)
                                 MISC ---->  # 28  30               # 33  240
================================================================================
NOTES:
# LAST OF SEVERAL OCCURRENCES

COLUMN 17 PEAK WIND IN M.P.H.

PRELIMINARY LOCAL CLIMATOLOGICAL DATA (WS FORM: F-6) , PAGE 2

                                          STATION:  MEMPHIS
                                          MONTH:    JULY
                                          YEAR:     2017
                                          LATITUDE:   35  3 N
                                          LONGITUDE:  89 59 W

[TEMPERATURE DATA]      [PRECIPITATION DATA]       SYMBOLS USED IN COLUMN 16

AVERAGE MONTHLY: 83.4   TOTAL FOR MONTH:   2.96    1 = FOG OR MIST
DPTR FM NORMAL:   0.6   DPTR FM NORMAL:   -0.61    2 = FOG REDUCING VISIBILITY
HIGHEST:    99 ON 21    GRTST 24HR  1.50 ON 23-23      TO 1/4 MILE OR LESS
LOWEST:     70 ON 17, 9                            3 = THUNDER
                        SNOW, ICE PELLETS, HAIL    4 = ICE PELLETS
                        TOTAL MONTH:   0.0 INCH    5 = HAIL
                        GRTST 24HR     0.0         6 = FREEZING RAIN OR DRIZZLE
                        GRTST DEPTH:   0           7 = DUSTSTORM OR SANDSTORM:
                                                       VSBY 1/2 MILE OR LESS
                                                   8 = SMOKE OR HAZE
[NO. OF DAYS WITH]      [WEATHER - DAYS WITH]      9 = BLOWING SNOW
                                                   X = TORNADO
MAX 32 OR BELOW:   0    0.01 INCH OR MORE:   6
MAX 90 OR ABOVE:  19    0.10 INCH OR MORE:   4
MIN 32 OR BELOW:   0    0.50 INCH OR MORE:   3
MIN  0 OR BELOW:   0    1.00 INCH OR MORE:   1

[HDD (BASE 65) ]
TOTAL THIS MO.     0    CLEAR  (SCALE 0-3)  12
DPTR FM NORMAL     0    PTCLDY (SCALE 4-7)  12
TOTAL FM JUL 1     0    CLOUDY (SCALE 8-10)  0
DPTR FM NORMAL     0

[CDD (BASE 65) ]
TOTAL THIS MO.   447
DPTR FM NORMAL    19    [PRESSURE DATA]
TOTAL FM JAN 1  1237    HIGHEST SLP M ON M
DPTR FM NORMAL    50    LOWEST  SLP 29.80 ON 23

[REMARKS]
