000
CXUS54 KLZK 211130
CF6MEZ
PRELIMINARY LOCAL CLIMATOLOGICAL DATA (WS FORM: F-6)

                                          STATION:   Mena Airport
                                          MONTH:     JANUARY
                                          YEAR:      2018
                                          LATITUDE:   34  9 N
                                          LONGITUDE:  94 15 W

  TEMPERATURE IN F:       :PCPN:    SNOW:  WIND      :SUNSHINE: SKY     :PK WND
================================================================================
1   2   3   4   5  6A  6B    7    8   9   10  11  12  13   14  15   16   17  18
                                     12Z  AVG MX 2MIN
DY MAX MIN AVG DEP HDD CDD  WTR  SNW DPTH SPD SPD DIR MIN PSBL S-S WX    SPD DR
================================================================================

 1  27  14  21 -17  44   0 0.00  0.0    0  3.7  7  30   M    M   0         M  M
 2  28  18  23 -15  42   0 0.00  0.0    0  3.7  7  70   M    M   3         M  M
 3  43  16  30  -8  35   0 0.00  0.0    0  5.5 15 270   M    M   0        21 270
 4  45  25  35  -3  30   0 0.00  0.0    0  0.7  4  70   M    M   0         M  M
 5  55  23  39   1  26   0 0.00  0.0    0  2.4  9 250   M    M   0         M  M
 6  52  25  39   1  26   0 0.00  0.0    0  2.2  6  80   M    M   0         M  M
 7  54  34  44   6  21   0 0.00  0.0    0  3.6 12 160   M    M   9        20 160
 8  50  32  41   3  24   0 0.00  0.0    0  2.7  9 340   M    M   9         M  M
 9  46  36  41   3  24   0 0.00  0.0    0  0.5  5  80   M    M  10         M  M
10  59  46  53  15  12   0 0.00  0.0    0  2.9 10 210   M    M  10        28 190
11  63  28  46   8  19   0 0.00  0.0    0  6.8 15 360   M    M   9        24 360
12  37  23  30  -8  35   0 0.00  0.0    0  9.6 17 310   M    M   0        29 340
13  41  23  32  -6  33   0 0.00  0.0    0  3.2  7  30   M    M   5         M  M
14  41  27  34  -4  31   0 0.00  0.0    0  0.6  4 180   M    M   5         M  M
15  52  23  38   0  27   0 0.00  0.0    0  6.3 12 330   M    M   5        17 330
16  23  12  18 -21  47   0 0.00  0.0    0  7.2 12 360   M    M   3        22 350
17  36   5  21 -18  44   0 0.00  0.0    0  0.6  4 250   M    M   0         M  M
18  46  16  31  -8  34   0 0.00  0.0    0  2.7  9 270   M    M   0         M  M
19  54  23  39   0  26   0 0.00  0.0    0  4.4 10 220   M    M   6        20 200
20  63  48  56  17   9   0 0.00  0.0    0  4.8  9 200   M    M  10         M  M
================================================================================
SM  915  497       589   0  0.00     0.0  74.1          M       84
================================================================================
AV 45.8 24.9                               3.7 FASTST   M    M   4    MAX(MPH)
                                 MISC ---->  # 17 310               # 29  340
================================================================================
NOTES:
# LAST OF SEVERAL OCCURRENCES

COLUMN 17 PEAK WIND IN M.P.H.

PRELIMINARY LOCAL CLIMATOLOGICAL DATA (WS FORM: F-6) , PAGE 2

                                          STATION:  Mena Airport
                                          MONTH:    JANUARY
                                          YEAR:     2018
                                          LATITUDE:   34  9 N
                                          LONGITUDE:  94 15 W

[TEMPERATURE DATA]      [PRECIPITATION DATA]       SYMBOLS USED IN COLUMN 16

AVERAGE MONTHLY: 35.3   TOTAL FOR MONTH:   0.00    1 = FOG OR MIST
DPTR FM NORMAL:  -3.0   DPTR FM NORMAL:   -2.38    2 = FOG REDUCING VISIBILITY
HIGHEST:    63 ON 20,11 GRTST 24HR  0.00 ON 20-20      TO 1/4 MILE OR LESS
LOWEST:      5 ON 17                               3 = THUNDER
                        SNOW, ICE PELLETS, HAIL    4 = ICE PELLETS
                        TOTAL MONTH:   0.0 INCH    5 = HAIL
                        GRTST 24HR     0.0         6 = FREEZING RAIN OR DRIZZLE
                        GRTST DEPTH:   0           7 = DUSTSTORM OR SANDSTORM:
                                                       VSBY 1/2 MILE OR LESS
                                                   8 = SMOKE OR HAZE
[NO. OF DAYS WITH]      [WEATHER - DAYS WITH]      9 = BLOWING SNOW
                                                   X = TORNADO
MAX 32 OR BELOW:   3    0.01 INCH OR MORE:   0
MAX 90 OR ABOVE:   0    0.10 INCH OR MORE:   0
MIN 32 OR BELOW:  16    0.50 INCH OR MORE:   0
MIN  0 OR BELOW:   0    1.00 INCH OR MORE:   0

[HDD (BASE 65) ]
TOTAL THIS MO.   589    CLEAR  (SCALE 0-3)   9
DPTR FM NORMAL    55    PTCLDY (SCALE 4-7)   5
TOTAL FM JUL 1  1622    CLOUDY (SCALE 8-10)  6
DPTR FM NORMAL  -354

[CDD (BASE 65) ]
TOTAL THIS MO.     0
DPTR FM NORMAL     0    [PRESSURE DATA]
TOTAL FM JAN 1     0    HIGHEST SLP M ON M
DPTR FM NORMAL     0    LOWEST  SLP M ON M

[REMARKS]
