000
CXUS56 KMFR 010847
CF6MFR

PRELIMINARY LOCAL CLIMATOLOGICAL DATA (WS FORM: F-6)

                                          STATION:   MEDFORD OR
                                          MONTH:     JUNE
                                          YEAR:      2015
                                          LATITUDE:   42 22 N
                                          LONGITUDE: 122 52 W

  TEMPERATURE IN F:       :PCPN:    SNOW:  WIND      :SUNSHINE: SKY     :PK WND
================================================================================
1   2   3   4   5  6A  6B    7    8   9   10  11  12  13   14  15   16   17  18
                                     12Z  AVG MX 2MIN
DY MAX MIN AVG DEP HDD CDD  WTR  SNW DPTH SPD SPD DIR MIN PSBL S-S WX    SPD DR
================================================================================

 1  66  52  59  -4   6   0 0.25  0.0    0  3.3 17 330   M    M   8 1      22 320
 2  71  57  64   0   1   0 0.01  0.0    0  4.8 14 320   M    M   9        19 300
 3  73  50  62  -2   3   0 0.00  0.0    0  5.8 14 320   M    M   6        20 280
 4  79  56  68   4   0   3 0.00  0.0    0  5.8 15 280   M    M   6        21 290
 5  89  52  71   7   0   6 0.00  0.0    0  3.8 17 330   M    M   1        22 340
 6  95  57  76  12   0  11 0.00  0.0    0  4.5 17 350   M    M   0        21 350
 7 101  60  81  16   0  16 0.00  0.0    0  2.5 14 330   M    M   0        20 340
 8 105  65  85  20   0  20 0.00  0.0    0  3.6 14 340   M    M   1        16 340
 9  98  67  83  18   0  18 0.05  0.0    0  4.3 17 350   M    M   0 3      20 350
10  91  60  76  11   0  11 0.00  0.0    0  5.7 17 330   M    M   1        22 330
11  92  52  72   6   0   7 0.00  0.0    0  4.0 15 330   M    M   0        19 340
12  91  57  74   8   0   9 0.00  0.0    0  5.2 16 330   M    M   0        22 270
13  89  53  71   5   0   6 0.00  0.0    0  5.0 17 350   M    M   0        21 320
14  91  50  71   5   0   6 0.00  0.0    0  4.6 16 350   M    M   0 8      20 340
15  91  55  73   6   0   8 0.00  0.0    0  5.8 18 350   M    M   0        23 320
16  91  52  72   5   0   7 0.00  0.0    0  5.8 15 350   M    M   0        18 300
17  93  54  74   7   0   9 0.00  0.0    0  4.0 14 350   M    M   0        20 330
18  91  58  75   8   0  10 0.00  0.0    0  6.0 20 290   M    M   1        27 280
19  86  54  70   2   0   5 0.00  0.0    0  5.6 16 360   M    M   1        20 360
20  91  55  73   5   0   8 0.00  0.0    0  4.7 15 350   M    M   1        17 290
21  88  59  74   6   0   9 0.00  0.0    0  6.1 18 320   M    M   2        24 260
22  88  56  72   4   0   7 0.00  0.0    0  6.3 18 350   M    M   0        23 290
23  91  54  73   4   0   8 0.00  0.0    0  4.2 18 360   M    M   0        21 360
24  92  56  74   5   0   9 0.00  0.0    0  4.3 15 340   M    M   0        22 340
25  99  59  79  10   0  14 0.00  0.0    0  3.9 15 360   M    M   0        19 360
26 107  65  86  16   0  21 0.00  0.0    0  4.5 16 300   M    M   1        21 290
27 104  74  89  19   0  24 0.00  0.0    0  4.4 17 350   M    M   1        20 340
28  95  76  86  16   0  21    T  0.0    0  5.1 17 300   M    M   4        24 290
29  99  66  83  13   0  18 0.00  0.0    0  5.3 17 350   M    M   0        22 340
30 103  67  85  14   0  20 0.00  0.0    0  3.5 17 350   M    M   0        23 350
================================================================================
SM 2740 1748        10 311  0.31     0.0 142.4          M       43
================================================================================
AV 91.3 58.3                               4.7 FASTST   M    M   1    MAX(MPH)
                                 MISC ---->  # 20 290               # 27  280
================================================================================
NOTES:
# LAST OF SEVERAL OCCURRENCES

COLUMN 17 PEAK WIND IN M.P.H.

PRELIMINARY LOCAL CLIMATOLOGICAL DATA (WS FORM: F-6) , PAGE 2

                                          STATION:  MEDFORD OR
                                          MONTH:    JUNE
                                          YEAR:     2015
                                          LATITUDE:   42 22 N
                                          LONGITUDE: 122 52 W

[TEMPERATURE DATA]      [PRECIPITATION DATA]       SYMBOLS USED IN COLUMN 16

AVERAGE MONTHLY: 74.8   TOTAL FOR MONTH:   0.31    1 = FOG OR MIST
DPTR FM NORMAL:   8.0   DPTR FM NORMAL:   -0.31    2 = FOG REDUCING VISIBILITY
HIGHEST:   107 ON 26    GRTST 24HR  0.27 ON 31- 1      TO 1/4 MILE OR LESS
LOWEST:     50 ON 14, 3                            3 = THUNDER
                        SNOW, ICE PELLETS, HAIL    4 = ICE PELLETS
                        TOTAL MONTH:   0.0 INCH    5 = HAIL
                        GRTST 24HR     0.0         6 = FREEZING RAIN OR DRIZZLE
                        GRTST DEPTH:   0           7 = DUSTSTORM OR SANDSTORM:
                                                       VSBY 1/2 MILE OR LESS
                                                   8 = SMOKE OR HAZE
[NO. OF DAYS WITH]      [WEATHER - DAYS WITH]      9 = BLOWING SNOW
                                                   X = TORNADO
MAX 32 OR BELOW:   0    0.01 INCH OR MORE:   3
MAX 90 OR ABOVE:  21    0.10 INCH OR MORE:   1
MIN 32 OR BELOW:   0    0.50 INCH OR MORE:   0
MIN  0 OR BELOW:   0    1.00 INCH OR MORE:   0

[HDD (BASE 65) ]
TOTAL THIS MO.    10    CLEAR  (SCALE 0-3)  25
DPTR FM NORMAL   -44    PTCLDY (SCALE 4-7)   3
TOTAL FM JUL 1  3246    CLOUDY (SCALE 8-10)  2
DPTR FM NORMAL -1005

[CDD (BASE 65) ]
TOTAL THIS MO.   311
DPTR FM NORMAL   203    [PRESSURE DATA]
TOTAL FM JAN 1   356    HIGHEST SLP 30.11 ON 23
DPTR FM NORMAL   210    LOWEST  SLP 29.72 ON 14

[REMARKS]
