000
CXUS51 KPBZ 240804
CF6MGW
PRELIMINARY LOCAL CLIMATOLOGICAL DATA (WS FORM: F-6)

                                          STATION:   MORGANTOWN WV
                                          MONTH:     AUGUST
                                          YEAR:      2017
                                          LATITUDE:   39 39 N
                                          LONGITUDE:  79 55 W

  TEMPERATURE IN F:       :PCPN:    SNOW:  WIND      :SUNSHINE: SKY     :PK WND
================================================================================
1   2   3   4   5  6A  6B    7    8   9   10  11  12  13   14  15   16   17  18
                                     12Z  AVG MX 2MIN
DY MAX MIN AVG DEP HDD CDD  WTR  SNW DPTH SPD SPD DIR MIN PSBL S-S WX    SPD DR
================================================================================

 1  85  59  72  -1   0   7 0.00    M    M  1.4  8  10   M    M   1        11 360
 2  85  63  74   1   0   9 0.00    M    M  1.9  9 220   M    M   1 18     13 210
 3  85  65  75   2   0  10 0.08  0.0    0  3.4 14 160   M    M   3 1      17 160
 4  85  64  75   2   0  10 0.17  0.0    0  4.1 16 290   M    M   3 138    25 230
 5  73  59  66  -7   0   1 0.00    M    M  5.3 12 230   M    M   7        17 260
 6  74  59  67  -6   0   2 0.00    M    M  1.9  7  30   M    M   4        10 180
 7  75  63  69  -4   0   4 0.35  0.0    0  3.2 10 350   M    M  10 1      13 350
 8  76  56  66  -7   0   1 0.01  0.0    0  3.8 13 360   M    M   5 1      18 360
 9  81  52  67  -6   0   2 0.00  0.0    0  2.0  9 160   M    M   0        12 110
10  77  58  68  -5   0   3    T  0.0    0  1.8  9 150   M    M   5        11 170
11  82  63  73   1   0   8 0.00  0.0    0  2.7 10 260   M    M   5 1      15 240
12  82  60  71  -1   0   6 0.00    M    0  3.8 10 330   M    M   3 1      16 320
13  79  56  68  -4   0   3 0.00  0.0    0  2.0  9  10   M    M   2        12  20
14  77  62  70  -2   0   5    T  0.0    0  2.7 10 190   M    M   5 8      16 190
15  87  68  78   6   0  13 0.00  0.0    0  1.4  8 350   M    M   6 1      12 230
16  86  65  76   4   0  11 0.00  0.0    0  1.5  8 160   M    M   5 128    11 360
17  89  66  78   6   0  13 0.02    M    0  3.5 13 160   M    M   2 3      16 160
18  86  67  77   5   0  12 1.57    M    M  4.4 12 300   M    M   6 13     18 200
19  84  63  74   2   0   9 0.00    M    M  3.2 14 230   M    M   1 3      24 350
20  86  60  73   1   0   8 0.00  0.0    0  0.9  7 140   M    M   1 1      10 330
21  86  64  75   3   0  10 0.00  0.0    0  3.2 12 210   M    M   1 1      16 230
22  88  67  78   6   0  13 0.33    M    M  5.9 16 210   M    M   4 138    26 240
23  78  57  68  -4   0   3 0.00    M    M  3.4 14  10   M    M   5        19 360
================================================================================
SM 1886 1416         0 163  2.53     0.0  67.4          M       85
================================================================================
AV 82.0 61.6                               2.9 FASTST   M    M   4    MAX(MPH)
                                 MISC ---->  # 16 290               # 26  240
================================================================================
NOTES:
# LAST OF SEVERAL OCCURRENCES

COLUMN 17 PEAK WIND IN M.P.H.

PRELIMINARY LOCAL CLIMATOLOGICAL DATA (WS FORM: F-6) , PAGE 2

                                          STATION:  MORGANTOWN WV
                                          MONTH:    AUGUST
                                          YEAR:     2017
                                          LATITUDE:   39 39 N
                                          LONGITUDE:  79 55 W

[TEMPERATURE DATA]      [PRECIPITATION DATA]       SYMBOLS USED IN COLUMN 16

AVERAGE MONTHLY: 71.8   TOTAL FOR MONTH:   2.53    1 = FOG OR MIST
DPTR FM NORMAL:  -0.7   DPTR FM NORMAL:   -0.15    2 = FOG REDUCING VISIBILITY
HIGHEST:    89 ON 17    GRTST 24HR  1.57 ON 18-18      TO 1/4 MILE OR LESS
LOWEST:     52 ON  9                               3 = THUNDER
                        SNOW, ICE PELLETS, HAIL    4 = ICE PELLETS
                        TOTAL MONTH:   0.0 INCH    5 = HAIL
                        GRTST 24HR     0.0         6 = FREEZING RAIN OR DRIZZLE
                        GRTST DEPTH:   0           7 = DUSTSTORM OR SANDSTORM:
                                                       VSBY 1/2 MILE OR LESS
                                                   8 = SMOKE OR HAZE
[NO. OF DAYS WITH]      [WEATHER - DAYS WITH]      9 = BLOWING SNOW
                                                   X = TORNADO
MAX 32 OR BELOW:   0    0.01 INCH OR MORE:   7
MAX 90 OR ABOVE:   0    0.10 INCH OR MORE:   4
MIN 32 OR BELOW:   0    0.50 INCH OR MORE:   1
MIN  0 OR BELOW:   0    1.00 INCH OR MORE:   1

[HDD (BASE 65) ]
TOTAL THIS MO.     0    CLEAR  (SCALE 0-3)   9
DPTR FM NORMAL     0    PTCLDY (SCALE 4-7)  13
TOTAL FM JUL 1     1    CLOUDY (SCALE 8-10)  1
DPTR FM NORMAL    -2

[CDD (BASE 65) ]
TOTAL THIS MO.   163
DPTR FM NORMAL   -12    [PRESSURE DATA]
TOTAL FM JAN 1   736    HIGHEST SLP M ON M
DPTR FM NORMAL    77    LOWEST  SLP 29.81 ON M

[REMARKS]
