000
CXUS56 KMFR 221000
CF6MHS
PRELIMINARY LOCAL CLIMATOLOGICAL DATA (WS FORM: F-6)

                                          STATION:   MT SHASTA CITY CA
                                          MONTH:     FEBRUARY
                                          YEAR:      2017
                                          LATITUDE:   41 19 N
                                          LONGITUDE: 122 19 W

  TEMPERATURE IN F:       :PCPN:    SNOW:  WIND      :SUNSHINE: SKY     :PK WND
================================================================================
1   2   3   4   5  6A  6B    7    8   9   10  11  12  13   14  15   16   17  18
                                     12Z  AVG MX 2MIN
DY MAX MIN AVG DEP HDD CDD  WTR  SNW DPTH SPD SPD DIR MIN PSBL S-S WX    SPD DR
================================================================================

 1  48  27  38   1  27   0 0.02    M    M  0.2  5 100   M    M   2 18     11  90
 2  42  35  39   2  26   0 0.65    M    M  2.7 13  90   M    M  10 1      24  90
 3  47  40  44   7  21   0 0.56    M    M  3.8 14  90   M    M   9 1      22  90
 4  44  40  42   5  23   0 0.25    M    M  6.6 13  90   M    M  10 1      25  80
 5  41  37  39   2  26   0 0.80    M    M  5.0 12 100   M    M  10 1      20  80
 6  49  36  43   6  22   0 0.36    M    M  3.7 13  90   M    M   8 1      22  90
 7  54  38  46   9  19   0 1.10    M    M  3.4 15 100   M    M   5 12     24  80
 8  51  40  46   8  19   0 0.85    M    M  5.0 12  90   M    M   9 1      23  90
 9  52  42  47   9  18   0 2.13    M    M  4.8 12 140   M    M   8 1      29 140
10  47  32  40   2  25   0 0.06    M    M  3.2 10 350   M    M   5 1      21 330
11  46  28  37  -1  28   0 0.00    M    M  3.4 12  10   M    M   3 1      20  20
12  52  25  39   1  26   0 0.00    M    M  3.0 12 300   M    M   0 18     18 310
13  52  30  41   3  24   0 0.00    M    M  1.8  7 290   M    M   0 8      11 330
14  63  26  45   7  20   0 0.00    M    M  0.9  7 210   M    M   1 8      12 220
15  50  43  47   9  18   0 0.24    M    M  4.6 14  90   M    M  10 1      28  90
16  48  36  42   4  23   0 1.18    M    M  3.4 12  90   M    M   9 1      24 140
17  43  36  40   2  25   0 0.43    M    M  1.1  9 220   M    M   9 1      19 210
18  49  35  42   3  23   0 0.20    M    M  0.7  6 130   M    M   9 1      13 150
19  40  34  37  -2  28   0 0.40    M    M  6.0 12  90   M    M  10 1      18  80
20  48  38  43   4  22   0 1.39    M    M  5.4 13 100   M    M  10 1      21 100
21  49  31  40   1  25   0 0.20    M    M  2.3  8  80   M    M   6 1      14 130
================================================================================
SM 1015  729       488   0 10.82    M     71.0          M      143
================================================================================
AV 48.3 34.7                               3.4 FASTST   M    M   7    MAX(MPH)
                                 MISC ---->  # 15 100               # 29  140
================================================================================
NOTES:
# LAST OF SEVERAL OCCURRENCES

COLUMN 17 PEAK WIND IN M.P.H.

PRELIMINARY LOCAL CLIMATOLOGICAL DATA (WS FORM: F-6) , PAGE 2

                                          STATION:  MT SHASTA CITY CA
                                          MONTH:    FEBRUARY
                                          YEAR:     2017
                                          LATITUDE:   41 19 N
                                          LONGITUDE: 122 19 W

[TEMPERATURE DATA]      [PRECIPITATION DATA]       SYMBOLS USED IN COLUMN 16

AVERAGE MONTHLY: 41.5   TOTAL FOR MONTH:  10.82    1 = FOG OR MIST
DPTR FM NORMAL:   3.7   DPTR FM NORMAL:    5.49    2 = FOG REDUCING VISIBILITY
HIGHEST:    63 ON 14    GRTST 24HR  2.74 ON  8- 9      TO 1/4 MILE OR LESS
LOWEST:     25 ON 12                               3 = THUNDER
                        SNOW, ICE PELLETS, HAIL    4 = ICE PELLETS
                        TOTAL MONTH:    M          5 = HAIL
                        GRTST 24HR    M  ON   M    6 = FREEZING RAIN OR DRIZZLE
                        GRTST DEPTH:  M  ON   M    7 = DUSTSTORM OR SANDSTORM:
                                                       VSBY 1/2 MILE OR LESS
                                                   8 = SMOKE OR HAZE
[NO. OF DAYS WITH]      [WEATHER - DAYS WITH]      9 = BLOWING SNOW
                                                   X = TORNADO
MAX 32 OR BELOW:   0    0.01 INCH OR MORE:  17
MAX 90 OR ABOVE:   0    0.10 INCH OR MORE:  15
MIN 32 OR BELOW:   7    0.50 INCH OR MORE:   8
MIN  0 OR BELOW:   0    1.00 INCH OR MORE:   4

[HDD (BASE 65) ]
TOTAL THIS MO.   488    CLEAR  (SCALE 0-3)   5
DPTR FM NORMAL   -83    PTCLDY (SCALE 4-7)   4
TOTAL FM JUL 1  3663    CLOUDY (SCALE 8-10) 12
DPTR FM NORMAL  -134

[CDD (BASE 65) ]
TOTAL THIS MO.     0
DPTR FM NORMAL     0    [PRESSURE DATA]
TOTAL FM JAN 1     0    HIGHEST SLP M ON M
DPTR FM NORMAL     0    LOWEST  SLP  0.00 ON 17

[REMARKS]
