000
CXUS56 KMFR 221000
CF6MHS
PRELIMINARY LOCAL CLIMATOLOGICAL DATA (WS FORM: F-6)

                                          STATION:   MT SHASTA CITY CA
                                          MONTH:     AUGUST
                                          YEAR:      2017
                                          LATITUDE:   41 19 N
                                          LONGITUDE: 122 19 W

  TEMPERATURE IN F:       :PCPN:    SNOW:  WIND      :SUNSHINE: SKY     :PK WND
================================================================================
1   2   3   4   5  6A  6B    7    8   9   10  11  12  13   14  15   16   17  18
                                     12Z  AVG MX 2MIN
DY MAX MIN AVG DEP HDD CDD  WTR  SNW DPTH SPD SPD DIR MIN PSBL S-S WX    SPD DR
================================================================================

 1 100  63  82  13   0  17 0.00    M    M  1.8  7  60   M    M   0        11 310
 2 101  59  80  11   0  15 0.00    M    M  1.2  6  70   M    M   0 8      11 140
 3 100  59  80  11   0  15 0.00    M    M  0.5  6  70   M    M   0 8       8  50
 4  95  58  77   8   0  12 0.00    M    M  0.4  6  80   M    M   0         9 130
 5  88  56  72   4   0   7    T    M    M  0.5  6  60   M    M   2         8 130
 6  92  53  73   5   0   8    T    M    M  0.8  6  70   M    M   1        12 130
 7  86  57  72   4   0   7    T    M    M  1.8  7 310   M    M   2        13 330
 8  91  53  72   4   0   7 0.00    M    M  1.2  8 300   M    M   0        15  60
 9  92  53  73   5   0   8 0.00    M    M  0.6  5  60   M    M   1         9 220
10  92  53  73   5   0   8 0.00    M    M  1.2  6 320   M    M   0        12 300
11  88  53  71   3   0   6 0.00    M    M  0.6  6  60   M    M   2         7 220
12  90  55  73   6   0   8 0.00    M    M  1.8  7 310   M    M   1        13 330
13  88  52  70   3   0   5 0.00    M    M  2.7  7 350   M    M   2 8      15 330
14  86  54  70   3   0   5 0.00    M    M  1.6  8 290   M    M   2        14  10
15  87  47  67   0   0   2 0.00    M    M  0.8  7  80   M    M   0 8      11  60
16  87  52  70   3   0   5 0.00    M    M  2.8  9 300   M    M   0        18 330
17  91  58  75   8   0  10 0.00    M    M  3.6  8 310   M    M   0        16  60
18  89  54  72   6   0   7 0.00    M    M  3.9  9 350   M    M   0 8      17 330
19  83  56  70   4   0   5 0.00    M    M  4.4  9 340   M    M   4 8      20 330
20  88  56  72   6   0   7 0.00    M    M  2.8  9 300   M    M   0 8      16 300
21  95  52  74   8   0   9 0.00    M    M  1.5  6 100   M    M   0 8      15  90
================================================================================
SM 1909 1153         0 173    T     M     36.5          M       17
================================================================================
AV 90.9 54.9                               1.7 FASTST   M    M   1    MAX(MPH)
                                 MISC ---->  #  9 300               # 20  330
================================================================================
NOTES:
# LAST OF SEVERAL OCCURRENCES

COLUMN 17 PEAK WIND IN M.P.H.

PRELIMINARY LOCAL CLIMATOLOGICAL DATA (WS FORM: F-6) , PAGE 2

                                          STATION:  MT SHASTA CITY CA
                                          MONTH:    AUGUST
                                          YEAR:     2017
                                          LATITUDE:   41 19 N
                                          LONGITUDE: 122 19 W

[TEMPERATURE DATA]      [PRECIPITATION DATA]       SYMBOLS USED IN COLUMN 16

AVERAGE MONTHLY: 72.9   TOTAL FOR MONTH:      T    1 = FOG OR MIST
DPTR FM NORMAL:   5.4   DPTR FM NORMAL:   -0.21    2 = FOG REDUCING VISIBILITY
HIGHEST:   101 ON  2    GRTST 24HR    T  ON  7- 7      TO 1/4 MILE OR LESS
LOWEST:     47 ON 15                               3 = THUNDER
                        SNOW, ICE PELLETS, HAIL    4 = ICE PELLETS
                        TOTAL MONTH:    M          5 = HAIL
                        GRTST 24HR    M  ON   M    6 = FREEZING RAIN OR DRIZZLE
                        GRTST DEPTH:  M  ON   M    7 = DUSTSTORM OR SANDSTORM:
                                                       VSBY 1/2 MILE OR LESS
                                                   8 = SMOKE OR HAZE
[NO. OF DAYS WITH]      [WEATHER - DAYS WITH]      9 = BLOWING SNOW
                                                   X = TORNADO
MAX 32 OR BELOW:   0    0.01 INCH OR MORE:   0
MAX 90 OR ABOVE:  11    0.10 INCH OR MORE:   0
MIN 32 OR BELOW:   0    0.50 INCH OR MORE:   0
MIN  0 OR BELOW:   0    1.00 INCH OR MORE:   0

[HDD (BASE 65) ]
TOTAL THIS MO.     0    CLEAR  (SCALE 0-3)  20
DPTR FM NORMAL   -22    PTCLDY (SCALE 4-7)   1
TOTAL FM JUL 1     0    CLOUDY (SCALE 8-10)  0
DPTR FM NORMAL   -55

[CDD (BASE 65) ]
TOTAL THIS MO.   173
DPTR FM NORMAL   102    [PRESSURE DATA]
TOTAL FM JAN 1   530    HIGHEST SLP M ON M
DPTR FM NORMAL   291    LOWEST  SLP  0.00 ON 14

[REMARKS]
