000
CXUS53 KMPX 211000
CF6MIC
PRELIMINARY LOCAL CLIMATOLOGICAL DATA (WS FORM: F-6)

                                          STATION:   MINNEAPOLIS CRYSTAL MN
                                          MONTH:     JANUARY
                                          YEAR:      2018
                                          LATITUDE:   45  4 N
                                          LONGITUDE:  93 21 W

  TEMPERATURE IN F:       :PCPN:    SNOW:  WIND      :SUNSHINE: SKY     :PK WND
================================================================================
1   2   3   4   5  6A  6B    7    8   9   10  11  12  13   14  15   16   17  18
                                     12Z  AVG MX 2MIN
DY MAX MIN AVG DEP HDD CDD  WTR  SNW DPTH SPD SPD DIR MIN PSBL S-S WX    SPD DR
================================================================================

 1   1 -15  -7 -23  72   0    M    M    M  6.4 12 280   M    M   0        14 300
 2  14  -9   3 -13  62   0    M    M    M 11.2 24 320   M    M   3 9      33 210
 3  10  -6   2 -14  63   0    M    M    M 10.4 22 320   M    M   1 9      31 310
 4   4 -11  -3 -19  68   0    M    M    M  3.2  8 350   M    M   4        11 330
 5   2 -12  -5 -20  70   0    M    M    M  3.5  8 320   M    M   0        10 360
 6  13 -14   0 -15  65   0    M    M    M  8.9 21 170   M    M   4 8      30 180
 7  32  13  23   8  42   0    M    M    M  8.3 18 170   M    M   7        25 190
 8  36  21  29  14  36   0    M    M    M  6.1 15 280   M    M   1        19 280
 9  42  24  33  18  32   0    M    M    M 10.9 20 150   M    M   4        26 150
10  37  33  35  20  30   0    M    M    M 10.4 22 170   M    M   9 18     28 160
11  36  -1  18   3  47   0    M    M    M 15.3 23 330   M    M   8 18     32 320
12   3 -12  -4 -19  69   0    M    M    M  8.2 18 320   M    M   0        24 320
13   4 -12  -4 -19  69   0    M    M    M  3.2 14 320   M    M   0        16 320
14  16  -8   4 -11  61   0    M    M    M  8.2 17 330   M    M   8 18     24 320
15  13   0   7  -8  58   0    M    M    M 14.4 22 320   M    M   9 8      27 340
16   6  -3   2 -13  63   0    M    M    M  7.7 14 320   M    M   2        18 310
17  27  -1  13  -2  52   0    M    M    M  9.5 17 220   M    M   0        23 220
18  42  19  31  16  34   0    M    M    M  6.0 13 260   M    M   0        16 220
19  43  29  36  21  29   0    M    M    M  6.9 17 240   M    M   0        23 240
20  42  21  32  17  33   0    M    M    M  2.3  7 240   M    M   5 18      9 230
================================================================================
SM  423   56      1055   0    M     M    161.0          M       65
================================================================================
AV 21.2  2.8                               8.0 FASTST   M    M   3    MAX(MPH)
                                 MISC ---->  # 24 320               # 33  210
================================================================================
NOTES:
# LAST OF SEVERAL OCCURRENCES

COLUMN 17 PEAK WIND IN M.P.H.

PRELIMINARY LOCAL CLIMATOLOGICAL DATA (WS FORM: F-6) , PAGE 2

                                          STATION:  MINNEAPOLIS CRYSTAL MN
                                          MONTH:    JANUARY
                                          YEAR:     2018
                                          LATITUDE:   45  4 N
                                          LONGITUDE:  93 21 W

[TEMPERATURE DATA]      [PRECIPITATION DATA]       SYMBOLS USED IN COLUMN 16

AVERAGE MONTHLY: 12.0   TOTAL FOR MONTH:      M    1 = FOG OR MIST
DPTR FM NORMAL:  -3.2   DPTR FM NORMAL:       M    2 = FOG REDUCING VISIBILITY
HIGHEST:    43 ON 19    GRTST 24HR  0.00 ON 31- 1      TO 1/4 MILE OR LESS
LOWEST:    -15 ON  1                               3 = THUNDER
                        SNOW, ICE PELLETS, HAIL    4 = ICE PELLETS
                        TOTAL MONTH:    M          5 = HAIL
                        GRTST 24HR    M  ON   M    6 = FREEZING RAIN OR DRIZZLE
                        GRTST DEPTH:  M  ON   M    7 = DUSTSTORM OR SANDSTORM:
                                                       VSBY 1/2 MILE OR LESS
                                                   8 = SMOKE OR HAZE
[NO. OF DAYS WITH]      [WEATHER - DAYS WITH]      9 = BLOWING SNOW
                                                   X = TORNADO
MAX 32 OR BELOW:  13    0.01 INCH OR MORE:   0
MAX 90 OR ABOVE:   0    0.10 INCH OR MORE:   0
MIN 32 OR BELOW:  19    0.50 INCH OR MORE:   0
MIN  0 OR BELOW:  13    1.00 INCH OR MORE:   0

[HDD (BASE 65) ]
TOTAL THIS MO.  1055    CLEAR  (SCALE 0-3)  10
DPTR FM NORMAL    58    PTCLDY (SCALE 4-7)   8
TOTAL FM JUL 1  4062    CLOUDY (SCALE 8-10)  2
DPTR FM NORMAL    -9

[CDD (BASE 65) ]
TOTAL THIS MO.     0
DPTR FM NORMAL     0    [PRESSURE DATA]
TOTAL FM JAN 1     0    HIGHEST SLP M ON M
DPTR FM NORMAL     0    LOWEST  SLP 29.45 ON 10

[REMARKS]
