000
CXUS53 KMPX 221000
CF6MIC
PRELIMINARY LOCAL CLIMATOLOGICAL DATA (WS FORM: F-6)

                                          STATION:   MINNEAPOLIS CRYSTAL MN
                                          MONTH:     OCTOBER
                                          YEAR:      2017
                                          LATITUDE:   45  4 N
                                          LONGITUDE:  93 21 W

  TEMPERATURE IN F:       :PCPN:    SNOW:  WIND      :SUNSHINE: SKY     :PK WND
================================================================================
1   2   3   4   5  6A  6B    7    8   9   10  11  12  13   14  15   16   17  18
                                     12Z  AVG MX 2MIN
DY MAX MIN AVG DEP HDD CDD  WTR  SNW DPTH SPD SPD DIR MIN PSBL S-S WX    SPD DR
================================================================================

 1  63  54  59   5   6   0 0.31    M    M 12.6 23 150   M    M   9        34 160
 2  67  54  61   7   4   0 2.38    M    M  7.4 21 150   M    M   M 13     27 160
 3  70  47  59   5   6   0 0.51    M    M  6.9 28 300   M    M   M 1      43 290
 4  58  43  51  -2  14   0 0.00    M    M  6.2 14 250   M    M   M        18 260
 5  64  44  54   1  11   0 0.00    M    M  2.2 12 180   M    M  10        16 190
 6  59  44  52   0  13   0 0.40    M    M  4.0 13  80   M    M   8 123    17 100
 7  67  53  60   8   5   0 0.06    M    M  6.6 10 310   M    M   6 1       M  M
 8   M   M   M   M   M   M 0.00    M    M   M   M   M   M    M   M         M  M
 9  55  38  47  -4  18   0    T    M    M  7.3 17 320   M    M   4        22 320
10  54  29  42  -9  23   0 0.00    M    M  1.7 12  60   M    M   0        16  90
11  57  32  45  -5  20   0 0.00    M    M  5.8 15 150   M    M   5        19 150
12  64  53  59   9   6   0    T    M    M 10.6 22 170   M    M   6 1      27 170
13  60  39  50   0  15   0    T    M    M  5.5 14 320   M    M   1        19 210
14  60  37  49   0  16   0 0.50    M    M  8.1 23 310   M    M   5 13     30 310
15  52  39  46  -3  19   0 0.02    M    M  8.2 23 330   M    M   8 1      29 320
16  65  33  49   1  16   0 0.00    M    M  6.2 16 190   M    M   0 1      21 190
17  72  38  55   7  10   0 0.00    M    M  5.0 12 180   M    M   0        17 200
18  73  48  61  13   4   0 0.00    M    M 10.0 22 300   M    M   0 8      32 270
19  73  38  56   9   9   0 0.00    M    M  7.7 20 180   M    M   0 8      26 180
20  78  50  64  17   1   0    T    M    M 12.5 26 170   M    M   0        35 180
21  68  50  59  13   6   0 0.38    M    M 13.0 25 270   M    M   7 13     31 260
================================================================================
SM 1279  863       222   0  4.56    M    147.5          M       69
================================================================================
AV 64.0 43.2                               7.4 FASTST   M    M   4    MAX(MPH)
                                 MISC ---->  # 28 300               # 43  290
================================================================================
NOTES:
# LAST OF SEVERAL OCCURRENCES

COLUMN 17 PEAK WIND IN M.P.H.

PRELIMINARY LOCAL CLIMATOLOGICAL DATA (WS FORM: F-6) , PAGE 2

                                          STATION:  MINNEAPOLIS CRYSTAL MN
                                          MONTH:    OCTOBER
                                          YEAR:     2017
                                          LATITUDE:   45  4 N
                                          LONGITUDE:  93 21 W

[TEMPERATURE DATA]      [PRECIPITATION DATA]       SYMBOLS USED IN COLUMN 16

AVERAGE MONTHLY: 53.6   TOTAL FOR MONTH:   4.56    1 = FOG OR MIST
DPTR FM NORMAL:   3.2   DPTR FM NORMAL:    2.70    2 = FOG REDUCING VISIBILITY
HIGHEST:    78 ON 20    GRTST 24HR  2.38 ON  2- 2      TO 1/4 MILE OR LESS
LOWEST:     29 ON 10                               3 = THUNDER
                        SNOW, ICE PELLETS, HAIL    4 = ICE PELLETS
                        TOTAL MONTH:    M          5 = HAIL
                        GRTST 24HR    M  ON   M    6 = FREEZING RAIN OR DRIZZLE
                        GRTST DEPTH:  M  ON   M    7 = DUSTSTORM OR SANDSTORM:
                                                       VSBY 1/2 MILE OR LESS
                                                   8 = SMOKE OR HAZE
[NO. OF DAYS WITH]      [WEATHER - DAYS WITH]      9 = BLOWING SNOW
                                                   X = TORNADO
MAX 32 OR BELOW:   0    0.01 INCH OR MORE:   8
MAX 90 OR ABOVE:   0    0.10 INCH OR MORE:   6
MIN 32 OR BELOW:   2    0.50 INCH OR MORE:   3
MIN  0 OR BELOW:   0    1.00 INCH OR MORE:   1

[HDD (BASE 65) ]
TOTAL THIS MO.   222    CLEAR  (SCALE 0-3)   7
DPTR FM NORMAL   -92    PTCLDY (SCALE 4-7)   8
TOTAL FM JUL 1   333    CLOUDY (SCALE 8-10)  2
DPTR FM NORMAL  -169

[CDD (BASE 65) ]
TOTAL THIS MO.     0
DPTR FM NORMAL    -3    [PRESSURE DATA]
TOTAL FM JAN 1   597    HIGHEST SLP M ON M
DPTR FM NORMAL   -92    LOWEST  SLP 29.42 ON  7

[REMARKS]
