000
CXUS53 KDMX 290920
CF6MIW
PRELIMINARY LOCAL CLIMATOLOGICAL DATA (WS FORM: F-6)

                                          STATION:   MARSHALLTOWN IA
                                          MONTH:     AUGUST
                                          YEAR:      2014
                                          LATITUDE:   42  6 N
                                          LONGITUDE:  92 55 W

  TEMPERATURE IN F:       :PCPN:    SNOW:  WIND      :SUNSHINE: SKY     :PK WND
================================================================================
1   2   3   4   5  6A  6B    7    8   9   10  11  12  13   14  15   16   17  18
                                     12Z  AVG MX 2MIN
DY MAX MIN AVG DEP HDD CDD  WTR  SNW DPTH SPD SPD DIR MIN PSBL S-S WX    SPD DR
================================================================================

 1  83  54  69  -3   0   4 0.00  0.0    0  2.2  6 120   M    M   0 1      10  50
 2  83  57  70  -2   0   5 0.00  0.0    0  2.6  8 210   M    M   1 1       M  M
 3  83  62  73   1   0   8 0.09  0.0    0  5.0 12 170   M    M   2 13     15 170
 4  85  63  74   2   0   9 0.59  0.0    0  3.8 33  30   M    M   2 138    45  10
 5  78  61  70  -2   0   5 0.00  0.0    0  4.2 12  20   M    M   6 12     14 360
 6  71  65  68  -4   0   3 0.39  0.0    0  6.3 12 120   M    M   9 1      13 110
 7  74  64  69  -3   0   4 0.01  0.0    0 10.2 21 100   M    M  10 18     26 100
 8  79  64  72   0   0   7 0.00  0.0    0  8.2 15  80   M    M   2 1      18  80
 9  80  62  71  -1   0   6 0.00  0.0    0  6.8 12 100   M    M   5 1      14 100
10  79  61  70  -2   0   5 0.00  0.0    0  3.3 10 100   M    M   2 18     12 100
11  76  59  68  -4   0   3 0.00  0.0    0 10.6 23 350   M    M   5 1      30 340
12  77  53  65  -6   0   0 0.00  0.0    0  9.3 20 330   M    M   1        25 320
13  80  51  66  -5   0   1 0.00  0.0    0  4.6 12 290   M    M   0        15 280
14  79  57  68  -3   0   3 0.00  0.0    0  5.0 10  80   M    M   0        12 160
15  71  62  67  -4   0   2 0.05  0.0    0  6.6 13 160   M    M   6 1      14 160
16  80  64  72   1   0   7 0.00  0.0    0  5.7 12  90   M    M   6 12     15 120
17  83  61  72   1   0   7 0.00  0.0    0  4.0 10 160   M    M   5 12     13 140
18  85  65  75   4   0  10 0.00  0.0    0  8.8 17 200   M    M   1 1      21 200
19  84  64  74   4   0   9 0.00  0.0    0  6.5 15 330   M    M   1        19 320
20  75  61  68  -2   0   3 0.16  0.0    0  6.5 15  90   M    M   1 13     18  80
21  85  71  78   8   0  13 0.16  0.0    0  9.0 22 190   M    M   2 13     26 200
22  89  72  81  11   0  16 0.91  0.0    0  5.1 22 140   M    M   3 13     25 130
23  81  70  76   6   0  11 0.61  0.0    0  8.7 22  90   M    M   6 13     26 100
24  90  70  80  10   0  15 0.00  0.0    0 11.0 18 160   M    M   2 1      23 160
25  88  69  79  10   0  14 0.05  0.0    0  5.3 15 320   M    M   4 13     18 330
26  77  63  70   1   0   5 1.26  0.0    0  6.1 26  20   M    M   1 13     31  20
27  76  63  70   1   0   5    T  0.0    0  5.4 10 100   M    M   5 3      30 330
28  74  65  70   1   0   5 0.81  0.0    0  9.3 20 230   M    M   9 13     24 240
================================================================================
SM 2245 1753         0 185  5.09     0.0 180.1          M       97
================================================================================
AV 80.2 62.6                               6.4 FASTST   M    M   3    MAX(MPH)
                                 MISC ---->  # 33  30               # 45   10
================================================================================
NOTES:
# LAST OF SEVERAL OCCURRENCES

COLUMN 17 PEAK WIND IN M.P.H.

PRELIMINARY LOCAL CLIMATOLOGICAL DATA (WS FORM: F-6) , PAGE 2

                                          STATION:  MARSHALLTOWN IA
                                          MONTH:    AUGUST
                                          YEAR:     2014
                                          LATITUDE:   42  6 N
                                          LONGITUDE:  92 55 W

[TEMPERATURE DATA]      [PRECIPITATION DATA]       SYMBOLS USED IN COLUMN 16

AVERAGE MONTHLY: 71.4   TOTAL FOR MONTH:   5.09    1 = FOG OR MIST
DPTR FM NORMAL:   0.5   DPTR FM NORMAL:    1.27    2 = FOG REDUCING VISIBILITY
HIGHEST:    90 ON 24    GRTST 24HR  1.52 ON 22-23      TO 1/4 MILE OR LESS
LOWEST:     51 ON 13                               3 = THUNDER
                        SNOW, ICE PELLETS, HAIL    4 = ICE PELLETS
                        TOTAL MONTH:   0.0 INCH    5 = HAIL
                        GRTST 24HR     0.0         6 = FREEZING RAIN OR DRIZZLE
                        GRTST DEPTH:   0           7 = DUSTSTORM OR SANDSTORM:
                                                       VSBY 1/2 MILE OR LESS
                                                   8 = SMOKE OR HAZE
[NO. OF DAYS WITH]      [WEATHER - DAYS WITH]      9 = BLOWING SNOW
                                                   X = TORNADO
MAX 32 OR BELOW:   0    0.01 INCH OR MORE:  12
MAX 90 OR ABOVE:   1    0.10 INCH OR MORE:   8
MIN 32 OR BELOW:   0    0.50 INCH OR MORE:   5
MIN  0 OR BELOW:   0    1.00 INCH OR MORE:   1

[HDD (BASE 65) ]
TOTAL THIS MO.     0    CLEAR  (SCALE 0-3)  16
DPTR FM NORMAL    -8    PTCLDY (SCALE 4-7)   9
TOTAL FM JUL 1    18    CLOUDY (SCALE 8-10)  3
DPTR FM NORMAL     4

[CDD (BASE 65) ]
TOTAL THIS MO.   185
DPTR FM NORMAL     8    [PRESSURE DATA]
TOTAL FM JAN 1   578    HIGHEST SLP M ON M
DPTR FM NORMAL   -65    LOWEST  SLP 29.70 ON 19

[REMARKS]
